{"version":"1.0","provider_name":"Buskerud","provider_url":"https:\/\/naturvernforbundet.no\/buskerud","author_name":"Ines Br\u00e5ten","author_url":"https:\/\/naturvernforbundet.no\/buskerud\/author\/inesbraten\/","title":"Kratt og villniss er natur! Ekte natur","type":"rich","width":600,"height":338,"html":"<blockquote class=\"wp-embedded-content\" data-secret=\"dmLiBGakRL\"><a href=\"https:\/\/naturvernforbundet.no\/buskerud\/kratt-og-villniss-er-natur-ekte-natur\/\">Kratt og villniss er natur! Ekte natur<\/a><\/blockquote><iframe sandbox=\"allow-scripts\" security=\"restricted\" src=\"https:\/\/naturvernforbundet.no\/buskerud\/kratt-og-villniss-er-natur-ekte-natur\/embed\/#?secret=dmLiBGakRL\" width=\"600\" height=\"338\" title=\"&laquo;Kratt og villniss er natur! Ekte natur&raquo; &#8212; Buskerud\" data-secret=\"dmLiBGakRL\" frameborder=\"0\" marginwidth=\"0\" marginheight=\"0\" scrolling=\"no\" class=\"wp-embedded-content\"><\/iframe><script>\n\/*! This file is auto-generated *\/\n!function(d,l){\"use strict\";l.querySelector&&d.addEventListener&&\"undefined\"!=typeof URL&&(d.wp=d.wp||{},d.wp.receiveEmbedMessage||(d.wp.receiveEmbedMessage=function(e){var t=e.data;if((t||t.secret||t.message||t.value)&&!\/[^a-zA-Z0-9]\/.test(t.secret)){for(var s,r,n,a=l.querySelectorAll('iframe[data-secret=\"'+t.secret+'\"]'),o=l.querySelectorAll('blockquote[data-secret=\"'+t.secret+'\"]'),c=new RegExp(\"^https?:$\",\"i\"),i=0;i<o.length;i++)o[i].style.display=\"none\";for(i=0;i<a.length;i++)s=a[i],e.source===s.contentWindow&&(s.removeAttribute(\"style\"),\"height\"===t.message?(1e3<(r=parseInt(t.value,10))?r=1e3:~~r<200&&(r=200),s.height=r):\"link\"===t.message&&(r=new URL(s.getAttribute(\"src\")),n=new URL(t.value),c.test(n.protocol))&&n.host===r.host&&l.activeElement===s&&(d.top.location.href=t.value))}},d.addEventListener(\"message\",d.wp.receiveEmbedMessage,!1),l.addEventListener(\"DOMContentLoaded\",function(){for(var e,t,s=l.querySelectorAll(\"iframe.wp-embedded-content\"),r=0;r<s.length;r++)(t=(e=s[r]).getAttribute(\"data-secret\"))||(t=Math.random().toString(36).substring(2,12),e.src+=\"#?secret=\"+t,e.setAttribute(\"data-secret\",t)),e.contentWindow.postMessage({message:\"ready\",secret:t},\"*\")},!1)))}(window,document);\n<\/script>\n","thumbnail_url":"https:\/\/naturvernforbundet.no\/content\/uploads\/sites\/11\/2022\/03\/Kilen20-20Steinberg20VC3A5tmark20JTJ.jpg2028articlelist29.jpg","thumbnail_width":250,"thumbnail_height":172,"description":"Det blir ny Kiwi-butikk p\u00e5 Steinberg, plassert p\u00e5 Kilen, ved avkj\u00f8ringa til Steinberg fra E134. Til tross for at alle faginstanser og r\u00e5dmannen frar\u00e5dde bygging, pressa Ap, H\u00f8yre, Frp og Senterpartiet gjennom et vedtak om bygging."}

Ines Bråten

Det blir ny Kiwi-butikk på Steinberg, plassert på Kilen, ved avkjøringa til Steinberg fra E134. Til tross for at alle faginstanser og rådmannen frarådde bygging, pressa Ap, Høyre, Frp og Senterpartiet gjennom et vedtak om bygging.
