{"id":3059,"date":"2026-09-02T14:40:55","date_gmt":"2026-09-02T12:40:55","guid":{"rendered":"https:\/\/naturvernforbundet.no\/buskerud\/?post_type=event&#038;p=3059"},"modified":"2026-09-02T14:40:55","modified_gmt":"2026-09-02T12:40:55","slug":"kunnskapsvandring-laer-a-kjenne-naerskogen-din","status":"publish","type":"event","link":"https:\/\/naturvernforbundet.no\/buskerud\/event\/kunnskapsvandring-laer-a-kjenne-naerskogen-din\/","title":{"rendered":"Kunnskapsvandring &#8211; l\u00e6r \u00e5 kjenne n\u00e6rskogen din!"},"content":{"rendered":"\t<div class=\"template-event alignnone wp-block-naturvern-hero\">\n\t\t<div class=\"hero__inner\">\n\t\t\t<div class=\"hero__inner_blocks\">\n\t\t\t\t\n\t\t<div class=\"naturvern-event-meta\">\n\t\t<div class=\"naturvern-event-meta-inner\">\n\t\t\t<div class=\"event-date\">\n\t\t\t\t<div>\n\t\t\t\t\t<span class=\"day\">17.sep<\/span>\n\t\t\t\t\t<span class=\"year\">2026<\/span>\n\t\t\t\t<\/div>\n\t\t\t<\/div>\n\t\t<\/div>\n\t\t<\/div>\t\t\t\t\n<h1 class=\"wp-block-post-title\">Kunnskapsvandring &#8211; l\u00e6r \u00e5 kjenne n\u00e6rskogen din!<\/h1>\n\n\n\t\t\t<div class=\"naturvern-event-meta-full\">\n\t\t\t<div class=\"naturvern-event-meta-inner\">\n\t\t\t\t<div>\n\t\t\t\t\t<span>Hva:<\/span>\n\t\t\t\t\t<span>Tur i n\u00e6rskogen<\/span>\n\t\t\t\t<\/div>\n\t\t\t\t<div>\n\t\t\t\t\t<span>N\u00e5r:<\/span>\n\t\t\t\t\t<span>17.sep, kl. 17:00 &#8211; 19:00<\/span>\n\t\t\t\t<\/div>\n\t\t\t\t<div>\n\t\t\t\t\t<span>Hvor:<\/span>\n\t\t\t\t\t<span>Landfalltjern<\/span>\n\t\t\t\t<\/div>\n\t\t\t<\/div>\n\t\t\t<\/div>\n\n\n<p>I samarbeid med Drammen kommune, Drammensbibliotekene og Bergesenstiftelsen<\/p>\n\n\t\t\t<\/div>\n\t\t\t\t\t<\/div>\n\t\t\t<\/div>\n\t\n\n\n<p>Bli med p\u00e5 kunnskapsvandring og bli kjent med&nbsp;n\u00e6rskogen&nbsp;din!&nbsp;Fra Landfalltjern til Kastanjesletta vil vi oppleve b\u00e5de gran, l\u00f8vtr\u00e6r og furu, samt ulik berggrunn. Dette gir et grunnlag til \u00e5 forst\u00e5 skogen bedre.&nbsp;<\/p>\n\n\n\n<p>Martin Lindal fra Naturvernforbundet Buskerud forteller om skogens tr\u00e6r.&nbsp;&nbsp;<\/p>\n\n\n\n<p>Hva er naturskog og hva er planta skog?&nbsp;&nbsp;<\/p>\n\n\n\n<p>Det blir busstransport&nbsp;til&nbsp;Landfalltjern med oppm\u00f8te p\u00e5 parkeringsplassen fra det gamle sykehuset. Klokka 17:00.&nbsp;<\/p>\n\n\n\n<p>Hvis man \u00f8nsker \u00e5 m\u00f8te opp p\u00e5 Landfalltjern p\u00e5 egenh\u00e5nd kan man m\u00f8te opp der klokka 17:20.&nbsp;<\/p>\n\n\n\n<p>Vandringen starter 17:30, og turledere vil v\u00e6re godt synlige med vester.&nbsp;<\/p>\n\n\n\n<p>P\u00e5melding til turen via skjema her:&nbsp;<a href=\"https:\/\/forms.office.com\/Pages\/ResponsePage.aspx?id=CqIC9mw9hEWgFHKjk59X_o72ohfryUdCrTKmywc_VCdUQlFYNU9aNURFRFZEVE5WSzNDTjNHRjFaMS4u\" target=\"_blank\" rel=\"noreferrer noopener\">P\u00e5melding \/\/ Kunnskapsvandring &#8211; l\u00e6r \u00e5 kjenne&nbsp;n\u00e6rskogen&nbsp;din!&nbsp; \u2013 Fyll ut skjema<\/a>&nbsp;<\/p>\n\n\n\n<p>Vi avslutter rundt kl. 19:00 ved Kastanjesletta, der det er mulig \u00e5 ta rutebuss tilbake til byen.&nbsp;<\/p>\n\n\n\n<p>Kle deg etter v\u00e6ret!&nbsp;<\/p>\n\n\n\n<p><\/p>\n","protected":false},"excerpt":{"rendered":"","protected":false},"featured_media":0,"template":"","meta":{"_relevanssi_hide_post":"","_relevanssi_hide_content":"","_relevanssi_pin_for_all":"","_relevanssi_pin_keywords":"","_relevanssi_unpin_keywords":"","_relevanssi_related_keywords":"","_relevanssi_related_include_ids":"","_relevanssi_related_exclude_ids":"","_relevanssi_related_no_append":"","_relevanssi_related_not_related":"","_relevanssi_related_posts":"","_relevanssi_noindex_reason":"","hide_logo":false,"_start_date":"2026-09-17T17:00:00","_end_date":"2026-09-17T19:00:00","_event_type":"Tur i n\u00e6rskogen","_event_location":"Landfalltjern","footnotes":"","_members_access_role":[],"_members_access_error":""},"local":[],"class_list":["post-3059","event","type-event","status-publish","hentry"],"acf":[],"yoast_head":"<!-- This site is optimized with the Yoast SEO Premium plugin v24.9 (Yoast SEO v24.9) - https:\/\/yoast.com\/wordpress\/plugins\/seo\/ -->\n<title>Kunnskapsvandring - l\u00e6r \u00e5 kjenne n\u00e6rskogen din! - Buskerud<\/title>\n<meta name=\"robots\" content=\"index, follow, max-snippet:-1, max-image-preview:large, max-video-preview:-1\" \/>\n<link rel=\"canonical\" href=\"https:\/\/naturvernforbundet.no\/buskerud\/event\/kunnskapsvandring-laer-a-kjenne-naerskogen-din\/\" \/>\n<meta property=\"og:locale\" content=\"nb_NO\" \/>\n<meta property=\"og:type\" content=\"article\" \/>\n<meta property=\"og:title\" content=\"Kunnskapsvandring - l\u00e6r \u00e5 kjenne n\u00e6rskogen din!\" \/>\n<meta property=\"og:url\" content=\"https:\/\/naturvernforbundet.no\/buskerud\/event\/kunnskapsvandring-laer-a-kjenne-naerskogen-din\/\" \/>\n<meta property=\"og:site_name\" content=\"Buskerud\" \/>\n<meta name=\"twitter:card\" content=\"summary_large_image\" \/>\n<meta name=\"twitter:label1\" content=\"Ansl. lesetid\" \/>\n\t<meta name=\"twitter:data1\" content=\"1 minutt\" \/>\n<script type=\"application\/ld+json\" class=\"yoast-schema-graph\">{\"@context\":\"https:\/\/schema.org\",\"@graph\":[{\"@type\":\"WebPage\",\"@id\":\"https:\/\/naturvernforbundet.no\/buskerud\/event\/kunnskapsvandring-laer-a-kjenne-naerskogen-din\/\",\"url\":\"https:\/\/naturvernforbundet.no\/buskerud\/event\/kunnskapsvandring-laer-a-kjenne-naerskogen-din\/\",\"name\":\"Kunnskapsvandring - l\u00e6r \u00e5 kjenne n\u00e6rskogen din! - Buskerud\",\"isPartOf\":{\"@id\":\"https:\/\/naturvernforbundet.no\/buskerud\/#website\"},\"datePublished\":\"2026-09-02T12:40:55+00:00\",\"breadcrumb\":{\"@id\":\"https:\/\/naturvernforbundet.no\/buskerud\/event\/kunnskapsvandring-laer-a-kjenne-naerskogen-din\/#breadcrumb\"},\"inLanguage\":\"nb-NO\",\"potentialAction\":[{\"@type\":\"ReadAction\",\"target\":[\"https:\/\/naturvernforbundet.no\/buskerud\/event\/kunnskapsvandring-laer-a-kjenne-naerskogen-din\/\"]}]},{\"@type\":\"BreadcrumbList\",\"@id\":\"https:\/\/naturvernforbundet.no\/buskerud\/event\/kunnskapsvandring-laer-a-kjenne-naerskogen-din\/#breadcrumb\",\"itemListElement\":[{\"@type\":\"ListItem\",\"position\":1,\"name\":\"Till naturvernforbundet.no\",\"item\":\"https:\/\/naturvernforbundet.no\/\"},{\"@type\":\"ListItem\",\"position\":2,\"name\":\"Buskerud\",\"item\":\"https:\/\/naturvernforbundet.no\/buskerud\/\"},{\"@type\":\"ListItem\",\"position\":3,\"name\":\"Event\",\"item\":\"https:\/\/naturvernforbundet.no\/buskerud\/event\/\"},{\"@type\":\"ListItem\",\"position\":4,\"name\":\"Kunnskapsvandring &#8211; l\u00e6r \u00e5 kjenne n\u00e6rskogen din!\"}]},{\"@type\":\"WebSite\",\"@id\":\"https:\/\/naturvernforbundet.no\/buskerud\/#website\",\"url\":\"https:\/\/naturvernforbundet.no\/buskerud\/\",\"name\":\"Buskerud\",\"description\":\"Bare enda et Naturvernforbundet Sites-nettsted\",\"potentialAction\":[{\"@type\":\"SearchAction\",\"target\":{\"@type\":\"EntryPoint\",\"urlTemplate\":\"https:\/\/naturvernforbundet.no\/buskerud\/?s={search_term_string}\"},\"query-input\":{\"@type\":\"PropertyValueSpecification\",\"valueRequired\":true,\"valueName\":\"search_term_string\"}}],\"inLanguage\":\"nb-NO\"}]}<\/script>\n<!-- \/ Yoast SEO Premium plugin. -->","yoast_head_json":{"title":"Kunnskapsvandring - l\u00e6r \u00e5 kjenne n\u00e6rskogen din! - Buskerud","robots":{"index":"index","follow":"follow","max-snippet":"max-snippet:-1","max-image-preview":"max-image-preview:large","max-video-preview":"max-video-preview:-1"},"canonical":"https:\/\/naturvernforbundet.no\/buskerud\/event\/kunnskapsvandring-laer-a-kjenne-naerskogen-din\/","og_locale":"nb_NO","og_type":"article","og_title":"Kunnskapsvandring - l\u00e6r \u00e5 kjenne n\u00e6rskogen din!","og_url":"https:\/\/naturvernforbundet.no\/buskerud\/event\/kunnskapsvandring-laer-a-kjenne-naerskogen-din\/","og_site_name":"Buskerud","twitter_card":"summary_large_image","twitter_misc":{"Ansl. lesetid":"1 minutt"},"schema":{"@context":"https:\/\/schema.org","@graph":[{"@type":"WebPage","@id":"https:\/\/naturvernforbundet.no\/buskerud\/event\/kunnskapsvandring-laer-a-kjenne-naerskogen-din\/","url":"https:\/\/naturvernforbundet.no\/buskerud\/event\/kunnskapsvandring-laer-a-kjenne-naerskogen-din\/","name":"Kunnskapsvandring - l\u00e6r \u00e5 kjenne n\u00e6rskogen din! - Buskerud","isPartOf":{"@id":"https:\/\/naturvernforbundet.no\/buskerud\/#website"},"datePublished":"2026-09-02T12:40:55+00:00","breadcrumb":{"@id":"https:\/\/naturvernforbundet.no\/buskerud\/event\/kunnskapsvandring-laer-a-kjenne-naerskogen-din\/#breadcrumb"},"inLanguage":"nb-NO","potentialAction":[{"@type":"ReadAction","target":["https:\/\/naturvernforbundet.no\/buskerud\/event\/kunnskapsvandring-laer-a-kjenne-naerskogen-din\/"]}]},{"@type":"BreadcrumbList","@id":"https:\/\/naturvernforbundet.no\/buskerud\/event\/kunnskapsvandring-laer-a-kjenne-naerskogen-din\/#breadcrumb","itemListElement":[{"@type":"ListItem","position":1,"name":"Till naturvernforbundet.no","item":"https:\/\/naturvernforbundet.no\/"},{"@type":"ListItem","position":2,"name":"Buskerud","item":"https:\/\/naturvernforbundet.no\/buskerud\/"},{"@type":"ListItem","position":3,"name":"Event","item":"https:\/\/naturvernforbundet.no\/buskerud\/event\/"},{"@type":"ListItem","position":4,"name":"Kunnskapsvandring &#8211; l\u00e6r \u00e5 kjenne n\u00e6rskogen din!"}]},{"@type":"WebSite","@id":"https:\/\/naturvernforbundet.no\/buskerud\/#website","url":"https:\/\/naturvernforbundet.no\/buskerud\/","name":"Buskerud","description":"Bare enda et Naturvernforbundet Sites-nettsted","potentialAction":[{"@type":"SearchAction","target":{"@type":"EntryPoint","urlTemplate":"https:\/\/naturvernforbundet.no\/buskerud\/?s={search_term_string}"},"query-input":{"@type":"PropertyValueSpecification","valueRequired":true,"valueName":"search_term_string"}}],"inLanguage":"nb-NO"}]}},"_links":{"self":[{"href":"https:\/\/naturvernforbundet.no\/buskerud\/wp-json\/wp\/v2\/event\/3059","targetHints":{"allow":["GET"]}}],"collection":[{"href":"https:\/\/naturvernforbundet.no\/buskerud\/wp-json\/wp\/v2\/event"}],"about":[{"href":"https:\/\/naturvernforbundet.no\/buskerud\/wp-json\/wp\/v2\/types\/event"}],"version-history":[{"count":1,"href":"https:\/\/naturvernforbundet.no\/buskerud\/wp-json\/wp\/v2\/event\/3059\/revisions"}],"predecessor-version":[{"id":3060,"href":"https:\/\/naturvernforbundet.no\/buskerud\/wp-json\/wp\/v2\/event\/3059\/revisions\/3060"}],"wp:attachment":[{"href":"https:\/\/naturvernforbundet.no\/buskerud\/wp-json\/wp\/v2\/media?parent=3059"}],"wp:term":[{"taxonomy":"local","embeddable":true,"href":"https:\/\/naturvernforbundet.no\/buskerud\/wp-json\/wp\/v2\/local?post=3059"}],"curies":[{"name":"wp","href":"https:\/\/api.w.org\/{rel}","templated":true}]}}

Kunnskapsvandring &#8211; lær å kjenne nærskogen din!

<div class="template-event alignnone wp-block-naturvern-hero">
		<div class="hero__inner">
			<div class="hero__inner_blocks">
				
		<div class="naturvern-event-meta">
		<div class="naturvern-event-meta-inner">
			<div class="event-date">
				<div>
					<span class="day">17.sep</span>
					<span class="year">2026</span>
				</div>
			</div>
		</div>
		</div>				
<h1 class="wp-block-post-title">Kunnskapsvandring &#8211; lær å kjenne nærskogen din!</h1>


			<div class="naturvern-event-meta-full">
			<div class="naturvern-event-meta-inner">
				<div>
					<span>Hva:</span>
					<span>Tur i nærskogen</span>
				</div>
				<div>
					<span>Når:</span>
					<span>17.sep, kl. 17:00 &#8211; 19:00</span>
				</div>
				<div>
					<span>Hvor:</span>
					<span>Landfalltjern</span>
				</div>
			</div>
			</div>


<p>I samarbeid med Drammen kommune, Drammensbibliotekene og Bergesenstiftelsen</p>

			</div>
					</div>
			</div>
	


<p>Bli med på kunnskapsvandring og bli kjent med&nbsp;nærskogen&nbsp;din!&nbsp;Fra Landfalltjern til Kastanjesletta vil vi oppleve både gran, løvtrær og furu, samt ulik berggrunn. Dette gir et grunnlag til å forstå skogen bedre.&nbsp;</p>



<p>Martin Lindal fra Naturvernforbundet Buskerud forteller om skogens trær.&nbsp;&nbsp;</p>



<p>Hva er naturskog og hva er planta skog?&nbsp;&nbsp;</p>



<p>Det blir busstransport&nbsp;til&nbsp;Landfalltjern med oppmøte på parkeringsplassen fra det gamle sykehuset. Klokka 17:00.&nbsp;</p>



<p>Hvis man ønsker å møte opp på Landfalltjern på egenhånd kan man møte opp der klokka 17:20.&nbsp;</p>



<p>Vandringen starter 17:30, og turledere vil være godt synlige med vester.&nbsp;</p>



<p>Påmelding til turen via skjema her:&nbsp;<a href="https://forms.office.com/Pages/ResponsePage.aspx?id=CqIC9mw9hEWgFHKjk59X_o72ohfryUdCrTKmywc_VCdUQlFYNU9aNURFRFZEVE5WSzNDTjNHRjFaMS4u" target="_blank" rel="noreferrer noopener">Påmelding // Kunnskapsvandring &#8211; lær å kjenne&nbsp;nærskogen&nbsp;din!&nbsp; – Fyll ut skjema</a>&nbsp;</p>



<p>Vi avslutter rundt kl. 19:00 ved Kastanjesletta, der det er mulig å ta rutebuss tilbake til byen.&nbsp;</p>



<p>Kle deg etter været!&nbsp;</p>



<p></p>

Tur i nærskogen

<!-- This site is optimized with the Yoast SEO Premium plugin v24.9 (Yoast SEO v24.9) - https://yoast.com/wordpress/plugins/seo/ -->
<title>Kunnskapsvandring - lær å kjenne nærskogen din! - Buskerud</title>
<meta name="robots" content="index, follow, max-snippet:-1, max-image-preview:large, max-video-preview:-1" />
<link rel="canonical" href="https://naturvernforbundet.no/buskerud/event/kunnskapsvandring-laer-a-kjenne-naerskogen-din/" />
<meta property="og:locale" content="nb_NO" />
<meta property="og:type" content="article" />
<meta property="og:title" content="Kunnskapsvandring - lær å kjenne nærskogen din!" />
<meta property="og:url" content="https://naturvernforbundet.no/buskerud/event/kunnskapsvandring-laer-a-kjenne-naerskogen-din/" />
<meta property="og:site_name" content="Buskerud" />
<meta name="twitter:card" content="summary_large_image" />
<meta name="twitter:label1" content="Ansl. lesetid" />
	<meta name="twitter:data1" content="1 minutt" />
<script type="application/ld+json" class="yoast-schema-graph">{"@context":"https://schema.org","@graph":[{"@type":"WebPage","@id":"https://naturvernforbundet.no/buskerud/event/kunnskapsvandring-laer-a-kjenne-naerskogen-din/","url":"https://naturvernforbundet.no/buskerud/event/kunnskapsvandring-laer-a-kjenne-naerskogen-din/","name":"Kunnskapsvandring - lær å kjenne nærskogen din! - Buskerud","isPartOf":{"@id":"https://naturvernforbundet.no/buskerud/#website"},"datePublished":"2026-09-02T12:40:55+00:00","breadcrumb":{"@id":"https://naturvernforbundet.no/buskerud/event/kunnskapsvandring-laer-a-kjenne-naerskogen-din/#breadcrumb"},"inLanguage":"nb-NO","potentialAction":[{"@type":"ReadAction","target":["https://naturvernforbundet.no/buskerud/event/kunnskapsvandring-laer-a-kjenne-naerskogen-din/"]}]},{"@type":"BreadcrumbList","@id":"https://naturvernforbundet.no/buskerud/event/kunnskapsvandring-laer-a-kjenne-naerskogen-din/#breadcrumb","itemListElement":[{"@type":"ListItem","position":1,"name":"Till naturvernforbundet.no","item":"https://naturvernforbundet.no/"},{"@type":"ListItem","position":2,"name":"Buskerud","item":"https://naturvernforbundet.no/buskerud/"},{"@type":"ListItem","position":3,"name":"Event","item":"https://naturvernforbundet.no/buskerud/event/"},{"@type":"ListItem","position":4,"name":"Kunnskapsvandring &#8211; lær å kjenne nærskogen din!"}]},{"@type":"WebSite","@id":"https://naturvernforbundet.no/buskerud/#website","url":"https://naturvernforbundet.no/buskerud/","name":"Buskerud","description":"Bare enda et Naturvernforbundet Sites-nettsted","potentialAction":[{"@type":"SearchAction","target":{"@type":"EntryPoint","urlTemplate":"https://naturvernforbundet.no/buskerud/?s={search_term_string}"},"query-input":{"@type":"PropertyValueSpecification","valueRequired":true,"valueName":"search_term_string"}}],"inLanguage":"nb-NO"}]}</script>
<!-- / Yoast SEO Premium plugin. -->

Kunnskapsvandring - lær å kjenne nærskogen din! - Buskerud

Kunnskapsvandring - lær å kjenne nærskogen din!
