{"version":"1.0","provider_name":"Finnmark","provider_url":"https:\/\/naturvernforbundet.no\/finnmark","author_name":"Svanhild Andersen","author_url":"https:\/\/naturvernforbundet.no\/finnmark\/author\/svanhildandersen\/","title":"H\u00f8ringsuttalelse: elektrifisering av Melk\u00f8ya og 420 kV kraftledning Skaidi\u2013Hammerfest - Finnmark","type":"rich","width":600,"height":338,"html":"<blockquote class=\"wp-embedded-content\" data-secret=\"GI2sTx43aE\"><a href=\"https:\/\/naturvernforbundet.no\/finnmark\/horingsuttalelse-420-kv-kraftledning-skaidi-hammerfest\/\">H\u00f8ringsuttalelse: elektrifisering av Melk\u00f8ya og 420 kV kraftledning Skaidi\u2013Hammerfest<\/a><\/blockquote><iframe sandbox=\"allow-scripts\" security=\"restricted\" src=\"https:\/\/naturvernforbundet.no\/finnmark\/horingsuttalelse-420-kv-kraftledning-skaidi-hammerfest\/embed\/#?secret=GI2sTx43aE\" width=\"600\" height=\"338\" title=\"&laquo;H\u00f8ringsuttalelse: elektrifisering av Melk\u00f8ya og 420 kV kraftledning Skaidi\u2013Hammerfest&raquo; &#8212; Finnmark\" data-secret=\"GI2sTx43aE\" frameborder=\"0\" marginwidth=\"0\" marginheight=\"0\" scrolling=\"no\" class=\"wp-embedded-content\"><\/iframe><script>\n\/*! This file is auto-generated *\/\n!function(d,l){\"use strict\";l.querySelector&&d.addEventListener&&\"undefined\"!=typeof URL&&(d.wp=d.wp||{},d.wp.receiveEmbedMessage||(d.wp.receiveEmbedMessage=function(e){var t=e.data;if((t||t.secret||t.message||t.value)&&!\/[^a-zA-Z0-9]\/.test(t.secret)){for(var s,r,n,a=l.querySelectorAll('iframe[data-secret=\"'+t.secret+'\"]'),o=l.querySelectorAll('blockquote[data-secret=\"'+t.secret+'\"]'),c=new RegExp(\"^https?:$\",\"i\"),i=0;i<o.length;i++)o[i].style.display=\"none\";for(i=0;i<a.length;i++)s=a[i],e.source===s.contentWindow&&(s.removeAttribute(\"style\"),\"height\"===t.message?(1e3<(r=parseInt(t.value,10))?r=1e3:~~r<200&&(r=200),s.height=r):\"link\"===t.message&&(r=new URL(s.getAttribute(\"src\")),n=new URL(t.value),c.test(n.protocol))&&n.host===r.host&&l.activeElement===s&&(d.top.location.href=t.value))}},d.addEventListener(\"message\",d.wp.receiveEmbedMessage,!1),l.addEventListener(\"DOMContentLoaded\",function(){for(var e,t,s=l.querySelectorAll(\"iframe.wp-embedded-content\"),r=0;r<s.length;r++)(t=(e=s[r]).getAttribute(\"data-secret\"))||(t=Math.random().toString(36).substring(2,12),e.src+=\"#?secret=\"+t,e.setAttribute(\"data-secret\",t)),e.contentWindow.postMessage({message:\"ready\",secret:t},\"*\")},!1)))}(window,document);\n<\/script>\n","thumbnail_url":"https:\/\/naturvernforbundet.no\/content\/uploads\/sites\/12\/2022\/12\/1980_kraftlinjer_dahl_rein-1024x808.png","thumbnail_width":1024,"thumbnail_height":808,"description":"Naturvernforbundet og Norske Samers Riksforbund har levert felles h\u00f8ringsuttalelse til NVE om tilknytning og elektrifisering av Hammerfest LNG, og vil med dette ogs\u00e5 levere felles h\u00f8ringsuttalelse til OED om kraftlinja som er tenkt som kraftforsyning til Hammerfest LNG."}

Høringsuttalelse: elektrifisering av Melkøya og 420 kV kraftledning Skaidi–Hammerfest - Finnmark

<blockquote class="wp-embedded-content" data-secret="GI2sTx43aE"><a href="https://naturvernforbundet.no/finnmark/horingsuttalelse-420-kv-kraftledning-skaidi-hammerfest/">Høringsuttalelse: elektrifisering av Melkøya og 420 kV kraftledning Skaidi–Hammerfest</a></blockquote><iframe sandbox="allow-scripts" security="restricted" src="https://naturvernforbundet.no/finnmark/horingsuttalelse-420-kv-kraftledning-skaidi-hammerfest/embed/#?secret=GI2sTx43aE" width="600" height="338" title="&laquo;Høringsuttalelse: elektrifisering av Melkøya og 420 kV kraftledning Skaidi–Hammerfest&raquo; &#8212; Finnmark" data-secret="GI2sTx43aE" frameborder="0" marginwidth="0" marginheight="0" scrolling="no" class="wp-embedded-content"></iframe><script>
/*! This file is auto-generated */
!function(d,l){"use strict";l.querySelector&&d.addEventListener&&"undefined"!=typeof URL&&(d.wp=d.wp||{},d.wp.receiveEmbedMessage||(d.wp.receiveEmbedMessage=function(e){var t=e.data;if((t||t.secret||t.message||t.value)&&!/[^a-zA-Z0-9]/.test(t.secret)){for(var s,r,n,a=l.querySelectorAll('iframe[data-secret="'+t.secret+'"]'),o=l.querySelectorAll('blockquote[data-secret="'+t.secret+'"]'),c=new RegExp("^https?:$","i"),i=0;i<o.length;i++)o[i].style.display="none";for(i=0;i<a.length;i++)s=a[i],e.source===s.contentWindow&&(s.removeAttribute("style"),"height"===t.message?(1e3<(r=parseInt(t.value,10))?r=1e3:~~r<200&&(r=200),s.height=r):"link"===t.message&&(r=new URL(s.getAttribute("src")),n=new URL(t.value),c.test(n.protocol))&&n.host===r.host&&l.activeElement===s&&(d.top.location.href=t.value))}},d.addEventListener("message",d.wp.receiveEmbedMessage,!1),l.addEventListener("DOMContentLoaded",function(){for(var e,t,s=l.querySelectorAll("iframe.wp-embedded-content"),r=0;r<s.length;r++)(t=(e=s[r]).getAttribute("data-secret"))||(t=Math.random().toString(36).substring(2,12),e.src+="#?secret="+t,e.setAttribute("data-secret",t)),e.contentWindow.postMessage({message:"ready",secret:t},"*")},!1)))}(window,document);
</script>

Naturvernforbundet og Norske Samers Riksforbund har levert felles høringsuttalelse til NVE om tilknytning og elektrifisering av Hammerfest LNG, og vil med dette også levere felles høringsuttalelse til OED om kraftlinja som er tenkt som kraftforsyning til Hammerfest LNG.
