{"id":354,"date":"2022-10-01T20:59:43","date_gmt":"2022-10-01T18:59:43","guid":{"rendered":"https:\/\/naturvernforbundet.no\/finnmark\/?page_id=354"},"modified":"2025-09-23T22:56:02","modified_gmt":"2025-09-23T20:56:02","slug":"motorferdsel","status":"publish","type":"page","link":"https:\/\/naturvernforbundet.no\/finnmark\/motorferdsel\/","title":{"rendered":"Motorferdsel"},"content":{"rendered":"\t<div class=\"template-page has-media alignfull wp-block-naturvern-hero\">\n\t\t<div class=\"hero__inner\">\n\t\t\t<div class=\"hero__inner_blocks\">\n\t\t\t\t\t\t\t\t\n<h1 class=\"wp-block-post-title\">Motorferdsel<\/h1>\n\n\n<p>Ingen andre fylker har tiln\u00e6rma s\u00e5 mye motorferdsel i utmark som Finnmark, b\u00e5de sommer og vinter.<\/p>\n\n\n\n<div class=\"wp-block-buttons is-layout-flex wp-block-buttons-is-layout-flex\"><\/div>\n\n\t\t\t<\/div>\n\t\t\t\t\t<\/div>\n\t\t\t\t\t<div class=\"hero__image\">\n\t\t\t\t\t\t\t\t\t\t<img fetchpriority=\"high\" decoding=\"async\" width=\"950\" height=\"713\" src=\"https:\/\/naturvernforbundet.no\/content\/uploads\/sites\/12\/2022\/10\/atvspor.jpg-fullscreen.jpg\" class=\"attachment-ultra size-ultra\" alt=\"ATV-spor i natur\" style=\"object-position: 50% 50%;\" loading=\"eager\" srcset=\"https:\/\/naturvernforbundet.no\/content\/uploads\/sites\/12\/2022\/10\/atvspor.jpg-fullscreen.jpg 950w, https:\/\/naturvernforbundet.no\/content\/uploads\/sites\/12\/2022\/10\/atvspor.jpg-fullscreen-300x225.jpg 300w, https:\/\/naturvernforbundet.no\/content\/uploads\/sites\/12\/2022\/10\/atvspor.jpg-fullscreen-768x576.jpg 768w\" sizes=\"(max-width: 950px) 100vw, 950px\" \/>\t\t\t\t\t\t<\/div>\n\t\t\t<\/div>\n\t\n\n\n<p>Sn\u00f8skuter og 2-, 4- og 6-hjulskj\u00f8ret\u00f8y brukes b\u00e5de til reindrift og annen n\u00e6ringsvirksomhet, til oppsyn- og redningsvirksomhet, til elgjakt og annen h\u00f8sting av naturressurser og til turer for rekreasjon.<\/p>\n\n\n\n<p>Kj\u00f8ringa er regulert av Lov om motorferdsel i utmark, og foreg\u00e5r delvis etter fast tillatelse for reindrifta, etter \u00e5pne l\u00f8yper eller dispensasjoner for andre.<br>Naturvernforbundet ser at den stadig \u00f8kende kj\u00f8ringa betyr en stor p\u00e5kjenning p\u00e5 naturen og dyrelivet, og arbeider for \u00e5 redusere motorferdsel i utmark b\u00e5de sommer og vinter.&nbsp;&nbsp;<\/p>\n\n\n\n<h2 class=\"wp-block-heading\">Innlegg om motorferdsel<\/h2>\n\n\n\n<div class=\"wp-block-group alignwide is-style-green-light is-layout-constrained wp-block-group-is-layout-constrained\"><div class=\"t2-featured-content-layout alignwide alignwide wp-block-t2-featured-content-layout\">\n<div class=\"t2-featured-query-post t2-featured-content is-post-type-post category-aktuelt category-biologisk-mangfold category-innspill category-motorferdsel category-reindrift category-stilla-laget-vest-finnmark tag-altenes tag-altenesfjellet tag-hansadalen tag-russeluft tag-skuterloype local-stilla-laget-vest-finnmark wp-block-t2-featured-query-post\"><a class=\"t2-post-link wp-block-t2-post-link\" href=\"https:\/\/naturvernforbundet.no\/finnmark\/horing-om-skuterloype-pa-altenesfjellet\/\">\n<figure style=\"--t2-focal-point: 50% 50%;\" class=\"t2-post-featured-image has-image-ratio-4-3 wp-block-t2-post-featured-image\"><img loading=\"lazy\" decoding=\"async\" width=\"2560\" height=\"1707\" src=\"https:\/\/naturvernforbundet.no\/content\/uploads\/sites\/12\/2025\/11\/Kviby_sno_fjell_GG7A0408_Lone_bjorkmann_begrenset-gjenbruk-scaled.jpg\" class=\"attachment-post-thumbnail size-post-thumbnail wp-post-image\" alt=\"\" srcset=\"https:\/\/naturvernforbundet.no\/content\/uploads\/sites\/12\/2025\/11\/Kviby_sno_fjell_GG7A0408_Lone_bjorkmann_begrenset-gjenbruk-scaled.jpg 2560w, https:\/\/naturvernforbundet.no\/content\/uploads\/sites\/12\/2025\/11\/Kviby_sno_fjell_GG7A0408_Lone_bjorkmann_begrenset-gjenbruk-300x200.jpg 300w, https:\/\/naturvernforbundet.no\/content\/uploads\/sites\/12\/2025\/11\/Kviby_sno_fjell_GG7A0408_Lone_bjorkmann_begrenset-gjenbruk-1024x683.jpg 1024w, https:\/\/naturvernforbundet.no\/content\/uploads\/sites\/12\/2025\/11\/Kviby_sno_fjell_GG7A0408_Lone_bjorkmann_begrenset-gjenbruk-768x512.jpg 768w, https:\/\/naturvernforbundet.no\/content\/uploads\/sites\/12\/2025\/11\/Kviby_sno_fjell_GG7A0408_Lone_bjorkmann_begrenset-gjenbruk-1536x1024.jpg 1536w, https:\/\/naturvernforbundet.no\/content\/uploads\/sites\/12\/2025\/11\/Kviby_sno_fjell_GG7A0408_Lone_bjorkmann_begrenset-gjenbruk-2048x1365.jpg 2048w, https:\/\/naturvernforbundet.no\/content\/uploads\/sites\/12\/2025\/11\/Kviby_sno_fjell_GG7A0408_Lone_bjorkmann_begrenset-gjenbruk-1920x1280.jpg 1920w\" sizes=\"auto, (max-width: 2560px) 100vw, 2560px\" \/><\/figure>\n\n<div class=\"wp-block-group alignfull is-layout-flow wp-block-group-is-layout-flow\">\n\t<h2 class=\"t2-post-title wp-block-t2-post-title\">H\u00f8ring om skuterl\u00f8ype p\u00e5 Altenesfjellet<\/h2>\n\t<p class=\"wp-block-naturvern-post-excerpt\">20. november leverte Naturvernforbundet i Stilla og Vest-Finnmark og Naturvernforbundet i Finnmark felles h\u00f8ringsuttalelse til Alta Kommune ifb. h\u00f8ring av skuterl\u00f8ype p\u00e5 Altenesfjellet.<\/p>\n\t\t<div class=\"wp-block-naturvern-post-meta\">\n\t\t\t\t\t<span class=\"cat\">\n\t\t\t\t\t\t\t\t\t<span><span class=\"tag-link\" data-href=\"https:\/\/naturvernforbundet.no\/finnmark\/category\/aktuelt\/\">Aktuelt<\/span><\/span>\n\t\t\t\t\t\t\t\t\t<span><span class=\"tag-link\" data-href=\"https:\/\/naturvernforbundet.no\/finnmark\/category\/biologisk-mangfold\/\">Biologisk mangfold<\/span><\/span>\n\t\t\t\t\t\t\t\t\t<span><span class=\"tag-link\" data-href=\"https:\/\/naturvernforbundet.no\/finnmark\/category\/innspill\/\">Innspill<\/span><\/span>\n\t\t\t\t\t\t\t\t\t<span><span class=\"tag-link\" data-href=\"https:\/\/naturvernforbundet.no\/finnmark\/category\/motorferdsel\/\">Motorferdsel<\/span><\/span>\n\t\t\t\t\t\t\t\t\t<span><span class=\"tag-link\" data-href=\"https:\/\/naturvernforbundet.no\/finnmark\/category\/reindrift\/\">Reindrift<\/span><\/span>\n\t\t\t\t\t\t\t\t\t<span><span class=\"tag-link\" data-href=\"https:\/\/naturvernforbundet.no\/finnmark\/category\/stilla-laget-vest-finnmark\/\">Stilla-laget \/ Vest-Finnmark<\/span><\/span>\n\t\t\t\t\t\t\t<\/span>\n\t\t\t\t\t\t\t<span class=\"date\">24.11.2025<\/span>\n\t\t\t<\/div>\n\t\n<\/div>\n\n<\/a>\n<\/div>\n\n<div class=\"t2-featured-query-post t2-featured-content is-post-type-post category-avjovarri category-gruvedrift category-innspill category-motorferdsel category-porsangerfjorden category-reindrift local-avjovarri local-porsangerfjorden wp-block-t2-featured-query-post\"><a class=\"t2-post-link wp-block-t2-post-link\" href=\"https:\/\/naturvernforbundet.no\/finnmark\/dialog-er-ikke-samtykke\/\">\n<figure style=\"--t2-focal-point: 50% 50%;\" class=\"t2-post-featured-image has-image-ratio-4-3 wp-block-t2-post-featured-image\"><img loading=\"lazy\" decoding=\"async\" width=\"1040\" height=\"780\" src=\"https:\/\/naturvernforbundet.no\/content\/uploads\/sites\/12\/2024\/05\/Foto_leserinnlegg_Dialog_er_ikke_samtykke.jpg\" class=\"attachment-post-thumbnail size-post-thumbnail wp-post-image\" alt=\"\" srcset=\"https:\/\/naturvernforbundet.no\/content\/uploads\/sites\/12\/2024\/05\/Foto_leserinnlegg_Dialog_er_ikke_samtykke.jpg 1040w, https:\/\/naturvernforbundet.no\/content\/uploads\/sites\/12\/2024\/05\/Foto_leserinnlegg_Dialog_er_ikke_samtykke-300x225.jpg 300w, https:\/\/naturvernforbundet.no\/content\/uploads\/sites\/12\/2024\/05\/Foto_leserinnlegg_Dialog_er_ikke_samtykke-1024x768.jpg 1024w, https:\/\/naturvernforbundet.no\/content\/uploads\/sites\/12\/2024\/05\/Foto_leserinnlegg_Dialog_er_ikke_samtykke-768x576.jpg 768w\" sizes=\"auto, (max-width: 1040px) 100vw, 1040px\" \/><\/figure>\n\n<div class=\"wp-block-group alignfull is-layout-flow wp-block-group-is-layout-flow\">\n\t<h2 class=\"t2-post-title wp-block-t2-post-title\">Dialog er ikke samtykke!<\/h2>\n\t<p class=\"wp-block-naturvern-post-excerpt\">Et leserinnlegg fra Naturvernforbundets lokallag i Porsangerfjorden, \u00c1vjov\u00e1rri og Narvik. Utgangspunktet er Aina Borch sin uttalelse om dialog og samtykke. Borch er direkt\u00f8r i gruveselskapet Kingsrose Ltd, og var tidligere ordf\u00f8rer i Porsanger kommune. <\/p>\n\t\t<div class=\"wp-block-naturvern-post-meta\">\n\t\t\t\t\t<span class=\"cat\">\n\t\t\t\t\t\t\t\t\t<span><span class=\"tag-link\" data-href=\"https:\/\/naturvernforbundet.no\/finnmark\/category\/avjovarri\/\">\u00c1vjov\u00e1rri<\/span><\/span>\n\t\t\t\t\t\t\t\t\t<span><span class=\"tag-link\" data-href=\"https:\/\/naturvernforbundet.no\/finnmark\/category\/gruvedrift\/\">Gruvedrift<\/span><\/span>\n\t\t\t\t\t\t\t\t\t<span><span class=\"tag-link\" data-href=\"https:\/\/naturvernforbundet.no\/finnmark\/category\/innspill\/\">Innspill<\/span><\/span>\n\t\t\t\t\t\t\t\t\t<span><span class=\"tag-link\" data-href=\"https:\/\/naturvernforbundet.no\/finnmark\/category\/motorferdsel\/\">Motorferdsel<\/span><\/span>\n\t\t\t\t\t\t\t\t\t<span><span class=\"tag-link\" data-href=\"https:\/\/naturvernforbundet.no\/finnmark\/category\/porsangerfjorden\/\">Porsangerfjorden<\/span><\/span>\n\t\t\t\t\t\t\t\t\t<span><span class=\"tag-link\" data-href=\"https:\/\/naturvernforbundet.no\/finnmark\/category\/reindrift\/\">Reindrift<\/span><\/span>\n\t\t\t\t\t\t\t<\/span>\n\t\t\t\t\t\t\t<span class=\"date\">16.05.2024<\/span>\n\t\t\t<\/div>\n\t\n<\/div>\n\n<\/a>\n<\/div>\n\n<div class=\"t2-featured-query-post t2-featured-content is-post-type-post category-avjovarri category-innspill category-motorferdsel category-tana-og-varanger wp-block-t2-featured-query-post\"><a class=\"t2-post-link wp-block-t2-post-link\" href=\"https:\/\/naturvernforbundet.no\/finnmark\/motorisert-lek-og-fart-i-tanavassdraget-nei-takk\/\">\n<figure style=\"--t2-focal-point: 50% 50%;\" class=\"t2-post-featured-image has-image-ratio-4-3 wp-block-t2-post-featured-image\"><img loading=\"lazy\" decoding=\"async\" width=\"653\" height=\"417\" src=\"https:\/\/naturvernforbundet.no\/content\/uploads\/sites\/12\/2019\/01\/Police-Jetski.JPG2028articledisplay29.jpg\" class=\"attachment-post-thumbnail size-post-thumbnail wp-post-image\" alt=\"\" srcset=\"https:\/\/naturvernforbundet.no\/content\/uploads\/sites\/12\/2019\/01\/Police-Jetski.JPG2028articledisplay29.jpg 653w, https:\/\/naturvernforbundet.no\/content\/uploads\/sites\/12\/2019\/01\/Police-Jetski.JPG2028articledisplay29-300x192.jpg 300w\" sizes=\"auto, (max-width: 653px) 100vw, 653px\" \/><\/figure>\n\n<div class=\"wp-block-group alignfull is-layout-flow wp-block-group-is-layout-flow\">\n\t<h2 class=\"t2-post-title wp-block-t2-post-title\">Motorisert lek og fart i Tanavassdraget &#8211; Nei takk!<\/h2>\n\t<p class=\"wp-block-naturvern-post-excerpt\">Innlegg av Naturvernforbundet i \u00c1vjov\u00e1rri v\/ Roy-Arne Varsi<\/p>\n\t\t<div class=\"wp-block-naturvern-post-meta\">\n\t\t\t\t\t<span class=\"cat\">\n\t\t\t\t\t\t\t\t\t<span><span class=\"tag-link\" data-href=\"https:\/\/naturvernforbundet.no\/finnmark\/category\/avjovarri\/\">\u00c1vjov\u00e1rri<\/span><\/span>\n\t\t\t\t\t\t\t\t\t<span><span class=\"tag-link\" data-href=\"https:\/\/naturvernforbundet.no\/finnmark\/category\/innspill\/\">Innspill<\/span><\/span>\n\t\t\t\t\t\t\t\t\t<span><span class=\"tag-link\" data-href=\"https:\/\/naturvernforbundet.no\/finnmark\/category\/motorferdsel\/\">Motorferdsel<\/span><\/span>\n\t\t\t\t\t\t\t\t\t<span><span class=\"tag-link\" data-href=\"https:\/\/naturvernforbundet.no\/finnmark\/category\/tana-og-varanger\/\">Tana og Varanger<\/span><\/span>\n\t\t\t\t\t\t\t<\/span>\n\t\t\t\t\t\t\t<span class=\"date\">30.01.2019<\/span>\n\t\t\t<\/div>\n\t\n<\/div>\n\n<\/a>\n<\/div>\n<\/div><\/div>\n\n\n\n<div class=\"wp-block-buttons is-content-justification-center is-layout-flex wp-container-core-buttons-is-layout-2 wp-block-buttons-is-layout-flex\">\n<div class=\"wp-block-button is-style-outline is-style-outline--1\"><a class=\"wp-block-button__link wp-element-button\" href=\"https:\/\/naturvernforbundet.no\/finnmark\/category\/motorferdsel\/\"><strong>Alle innlegg om motorferdsel<\/strong><\/a><\/div>\n<\/div>\n","protected":false},"excerpt":{"rendered":"","protected":false},"author":3,"featured_media":0,"parent":0,"menu_order":0,"comment_status":"closed","ping_status":"closed","template":"","meta":{"_relevanssi_hide_post":"","_relevanssi_hide_content":"","_relevanssi_pin_for_all":"","_relevanssi_pin_keywords":"","_relevanssi_unpin_keywords":"","_relevanssi_related_keywords":"","_relevanssi_related_include_ids":"","_relevanssi_related_exclude_ids":"","_relevanssi_related_no_append":"","_relevanssi_related_not_related":"","_relevanssi_related_posts":"949,972,659,985,904,791","_relevanssi_noindex_reason":"","hide_logo":false,"footnotes":""},"categories":[],"class_list":["post-354","page","type-page","status-publish","hentry"],"acf":[],"yoast_head":"<!-- This site is optimized with the Yoast SEO plugin v24.9 - https:\/\/yoast.com\/wordpress\/plugins\/seo\/ -->\n<title>Motorferdsel - Finnmark<\/title>\n<meta name=\"robots\" content=\"index, follow, max-snippet:-1, max-image-preview:large, max-video-preview:-1\" \/>\n<link rel=\"canonical\" href=\"https:\/\/naturvernforbundet.no\/finnmark\/motorferdsel\/\" \/>\n<meta property=\"og:locale\" content=\"nb_NO\" \/>\n<meta property=\"og:type\" content=\"article\" \/>\n<meta property=\"og:title\" content=\"Motorferdsel - Finnmark\" \/>\n<meta property=\"og:url\" content=\"https:\/\/naturvernforbundet.no\/finnmark\/motorferdsel\/\" \/>\n<meta property=\"og:site_name\" content=\"Finnmark\" \/>\n<meta property=\"article:modified_time\" content=\"2025-09-23T20:56:02+00:00\" \/>\n<meta name=\"twitter:card\" content=\"summary_large_image\" \/>\n<meta name=\"twitter:label1\" content=\"Ansl. lesetid\" \/>\n\t<meta name=\"twitter:data1\" content=\"1 minutt\" \/>\n<script type=\"application\/ld+json\" class=\"yoast-schema-graph\">{\"@context\":\"https:\/\/schema.org\",\"@graph\":[{\"@type\":\"WebPage\",\"@id\":\"https:\/\/naturvernforbundet.no\/finnmark\/motorferdsel\/\",\"url\":\"https:\/\/naturvernforbundet.no\/finnmark\/motorferdsel\/\",\"name\":\"Motorferdsel - Finnmark\",\"isPartOf\":{\"@id\":\"https:\/\/naturvernforbundet.no\/finnmark\/#website\"},\"datePublished\":\"2022-10-01T18:59:43+00:00\",\"dateModified\":\"2025-09-23T20:56:02+00:00\",\"breadcrumb\":{\"@id\":\"https:\/\/naturvernforbundet.no\/finnmark\/motorferdsel\/#breadcrumb\"},\"inLanguage\":\"nb-NO\",\"potentialAction\":[{\"@type\":\"ReadAction\",\"target\":[\"https:\/\/naturvernforbundet.no\/finnmark\/motorferdsel\/\"]}]},{\"@type\":\"BreadcrumbList\",\"@id\":\"https:\/\/naturvernforbundet.no\/finnmark\/motorferdsel\/#breadcrumb\",\"itemListElement\":[{\"@type\":\"ListItem\",\"position\":1,\"name\":\"Till naturvernforbundet.no\",\"item\":\"https:\/\/naturvernforbundet.no\/\"},{\"@type\":\"ListItem\",\"position\":2,\"name\":\"Finnmark\",\"item\":\"https:\/\/naturvernforbundet.no\/finnmark\/\"},{\"@type\":\"ListItem\",\"position\":3,\"name\":\"Motorferdsel\"}]},{\"@type\":\"WebSite\",\"@id\":\"https:\/\/naturvernforbundet.no\/finnmark\/#website\",\"url\":\"https:\/\/naturvernforbundet.no\/finnmark\/\",\"name\":\"Finnmark\",\"description\":\"Bare enda et Naturvernforbundet Sites-nettsted\",\"potentialAction\":[{\"@type\":\"SearchAction\",\"target\":{\"@type\":\"EntryPoint\",\"urlTemplate\":\"https:\/\/naturvernforbundet.no\/finnmark\/?s={search_term_string}\"},\"query-input\":{\"@type\":\"PropertyValueSpecification\",\"valueRequired\":true,\"valueName\":\"search_term_string\"}}],\"inLanguage\":\"nb-NO\"}]}<\/script>\n<!-- \/ Yoast SEO plugin. -->","yoast_head_json":{"title":"Motorferdsel - Finnmark","robots":{"index":"index","follow":"follow","max-snippet":"max-snippet:-1","max-image-preview":"max-image-preview:large","max-video-preview":"max-video-preview:-1"},"canonical":"https:\/\/naturvernforbundet.no\/finnmark\/motorferdsel\/","og_locale":"nb_NO","og_type":"article","og_title":"Motorferdsel - Finnmark","og_url":"https:\/\/naturvernforbundet.no\/finnmark\/motorferdsel\/","og_site_name":"Finnmark","article_modified_time":"2025-09-23T20:56:02+00:00","twitter_card":"summary_large_image","twitter_misc":{"Ansl. lesetid":"1 minutt"},"schema":{"@context":"https:\/\/schema.org","@graph":[{"@type":"WebPage","@id":"https:\/\/naturvernforbundet.no\/finnmark\/motorferdsel\/","url":"https:\/\/naturvernforbundet.no\/finnmark\/motorferdsel\/","name":"Motorferdsel - Finnmark","isPartOf":{"@id":"https:\/\/naturvernforbundet.no\/finnmark\/#website"},"datePublished":"2022-10-01T18:59:43+00:00","dateModified":"2025-09-23T20:56:02+00:00","breadcrumb":{"@id":"https:\/\/naturvernforbundet.no\/finnmark\/motorferdsel\/#breadcrumb"},"inLanguage":"nb-NO","potentialAction":[{"@type":"ReadAction","target":["https:\/\/naturvernforbundet.no\/finnmark\/motorferdsel\/"]}]},{"@type":"BreadcrumbList","@id":"https:\/\/naturvernforbundet.no\/finnmark\/motorferdsel\/#breadcrumb","itemListElement":[{"@type":"ListItem","position":1,"name":"Till naturvernforbundet.no","item":"https:\/\/naturvernforbundet.no\/"},{"@type":"ListItem","position":2,"name":"Finnmark","item":"https:\/\/naturvernforbundet.no\/finnmark\/"},{"@type":"ListItem","position":3,"name":"Motorferdsel"}]},{"@type":"WebSite","@id":"https:\/\/naturvernforbundet.no\/finnmark\/#website","url":"https:\/\/naturvernforbundet.no\/finnmark\/","name":"Finnmark","description":"Bare enda et Naturvernforbundet Sites-nettsted","potentialAction":[{"@type":"SearchAction","target":{"@type":"EntryPoint","urlTemplate":"https:\/\/naturvernforbundet.no\/finnmark\/?s={search_term_string}"},"query-input":{"@type":"PropertyValueSpecification","valueRequired":true,"valueName":"search_term_string"}}],"inLanguage":"nb-NO"}]}},"_links":{"self":[{"href":"https:\/\/naturvernforbundet.no\/finnmark\/wp-json\/wp\/v2\/pages\/354","targetHints":{"allow":["GET"]}}],"collection":[{"href":"https:\/\/naturvernforbundet.no\/finnmark\/wp-json\/wp\/v2\/pages"}],"about":[{"href":"https:\/\/naturvernforbundet.no\/finnmark\/wp-json\/wp\/v2\/types\/page"}],"author":[{"embeddable":true,"href":"https:\/\/naturvernforbundet.no\/finnmark\/wp-json\/wp\/v2\/users\/3"}],"replies":[{"embeddable":true,"href":"https:\/\/naturvernforbundet.no\/finnmark\/wp-json\/wp\/v2\/comments?post=354"}],"version-history":[{"count":17,"href":"https:\/\/naturvernforbundet.no\/finnmark\/wp-json\/wp\/v2\/pages\/354\/revisions"}],"predecessor-version":[{"id":9280,"href":"https:\/\/naturvernforbundet.no\/finnmark\/wp-json\/wp\/v2\/pages\/354\/revisions\/9280"}],"wp:attachment":[{"href":"https:\/\/naturvernforbundet.no\/finnmark\/wp-json\/wp\/v2\/media?parent=354"}],"wp:term":[{"taxonomy":"category","embeddable":true,"href":"https:\/\/naturvernforbundet.no\/finnmark\/wp-json\/wp\/v2\/categories?post=354"}],"curies":[{"name":"wp","href":"https:\/\/api.w.org\/{rel}","templated":true}]}}