{"id":1103,"date":"2022-10-03T07:41:05","date_gmt":"2022-10-03T05:41:05","guid":{"rendered":"https:\/\/naturvernforbundet.no\/hordaland\/?page_id=1103"},"modified":"2023-11-08T15:56:34","modified_gmt":"2023-11-08T14:56:34","slug":"faggruppe","status":"publish","type":"page","link":"https:\/\/naturvernforbundet.no\/hordaland\/om-oss\/faggruppe\/","title":{"rendered":"Faggrupper"},"content":{"rendered":"\t<div class=\"template-page has-media alignfull wp-block-naturvern-hero\">\n\t\t<div class=\"hero__inner\">\n\t\t\t<div class=\"hero__inner_blocks\">\n\t\t\t\t\t\t\t\t\n<h1 class=\"wp-block-post-title\">Faggrupper<\/h1>\n\n\n<p>V\u00e5re faggrupper best\u00e5r av frivillige som skriver h\u00f8ringsuttalelser og gjennomf\u00f8rer m\u00f8ter og andre markeringer.<\/p>\n\n\n\n<div class=\"wp-block-buttons is-layout-flex wp-block-buttons-is-layout-flex\"><\/div>\n\n\t\t\t<\/div>\n\t\t\t\t\t<\/div>\n\t\t\t\t\t<div class=\"hero__image\">\n\t\t\t\t\t\t\t\t\t\t<img fetchpriority=\"high\" decoding=\"async\" width=\"1440\" height=\"1920\" src=\"https:\/\/naturvernforbundet.no\/content\/uploads\/sites\/13\/2022\/11\/bilde7-1440x1920.jpg\" class=\"attachment-ultra size-ultra\" alt=\"Aksjon mot Eidfjord resort, Naturmangfoldsgruppa, faggruppe\" style=\"object-position: 50% 50%;\" loading=\"eager\" srcset=\"https:\/\/naturvernforbundet.no\/content\/uploads\/sites\/13\/2022\/11\/bilde7-1440x1920.jpg 1440w, https:\/\/naturvernforbundet.no\/content\/uploads\/sites\/13\/2022\/11\/bilde7-225x300.jpg 225w, https:\/\/naturvernforbundet.no\/content\/uploads\/sites\/13\/2022\/11\/bilde7-768x1024.jpg 768w, https:\/\/naturvernforbundet.no\/content\/uploads\/sites\/13\/2022\/11\/bilde7-1152x1536.jpg 1152w, https:\/\/naturvernforbundet.no\/content\/uploads\/sites\/13\/2022\/11\/bilde7-1536x2048.jpg 1536w, https:\/\/naturvernforbundet.no\/content\/uploads\/sites\/13\/2022\/11\/bilde7-scaled.jpg 1920w\" sizes=\"(max-width: 1440px) 100vw, 1440px\" \/>\t\t\t\t\t\t<\/div>\n\t\t\t<\/div>\n\t\n\n\n<h2 class=\"wp-block-heading\" id=\"naturmangfaldsgruppa\"><strong>Naturmangfaldsgruppa<\/strong><\/h2>\n\n\n\n<p>Dette er ei lita faggruppe som&nbsp;m\u00f8test&nbsp;om lag&nbsp;ein&nbsp;gong i&nbsp;m\u00e5naden. Som regel i Bergen og Hordaland Turlag sine lokale&nbsp;i Tverrgaten 4-6, p\u00e5 ettermiddagstid. Gruppa har i&nbsp;fleire&nbsp;\u00e5r&nbsp;jobba med utbyggingssaker som kan f\u00e5&nbsp;negative&nbsp;konsekvensar&nbsp;for natur og&nbsp;biologisk&nbsp;mangfald. <\/p>\n\n\n\n<p>Gruppa bidrog til at&nbsp;me&nbsp;vann&nbsp;kampane&nbsp;for&nbsp;\u00e5 verna&nbsp;\u00d8ystesevassdraget,&nbsp;Opo&nbsp;i Odda,&nbsp;Kvanndalselva&nbsp;og&nbsp;<a href=\"https:\/\/raundalselva.com\/\" target=\"_blank\" rel=\"noreferrer noopener\">Raundalselva<\/a>&nbsp;mot kraftutbygging. No for tida jobbar gruppa mest med \u00e5 f\u00e5&nbsp;naturmangfald&nbsp;p\u00e5 dagsorden i Bergen kommune. Dei har \u00f2g st\u00f8tta opp om lokale naturvernsaker. <\/p>\n\n\n\n<p>For \u00e5 f\u00f8lga opp tiltaka&nbsp;me&nbsp;har&nbsp;f\u00f8resl\u00e5tt&nbsp;i&nbsp;framtidsvisjonen&nbsp;me&nbsp;lanserte i 2019:&nbsp;\u201cGode, gr\u00f8nne Bergen \u2013 en by for bier og bergensere\u201d.&nbsp;<\/p>\n\n\n\n<p>Ta kontakt med&nbsp;gruppeleiar&nbsp;Harald Simonsen om du kan&nbsp;tenka&nbsp;deg \u00e5&nbsp;engasjera&nbsp;deg i&nbsp;Naturmangfaldsgruppa:&nbsp;<a href=\"mailto:harald.simonsen2@gmail.com\">harald.simonsen2@gmail.com<\/a>&nbsp;\/ 995 30 727<\/p>\n\n\n\n<h2 class=\"wp-block-heading\" id=\"klima-og-transportgruppa\"><strong>Klima og transportgruppa<\/strong><\/h2>\n\n\n\n<p>Denne faggruppen jobbar&nbsp;mest med&nbsp;samferdselssaker som motorvegprosjekt og bybanen,&nbsp;cruiseskip-problematikk&nbsp;og&nbsp;klimasp\u00f8rsm\u00e5l. Dei&nbsp;m\u00f8test&nbsp;regelmessig&nbsp;og&nbsp;skriv&nbsp;mellom anna&nbsp;h\u00f8yringsuttalar,&nbsp;lesarbrev,&nbsp;planlegg og gjennomf\u00f8rer&nbsp;m\u00f8ter og&nbsp;markeringar. <\/p>\n\n\n\n<p>Mellom anna har&nbsp;dei&nbsp;bidrege&nbsp;til \u00e5 f\u00e5&nbsp;merksemd&nbsp;rundt&nbsp;dei&nbsp;negative&nbsp;konsekvensane&nbsp;av ny firefelts motorveg&nbsp;mellom Stord og Os med bru over Bj\u00f8rnafjorden&nbsp;(<a href=\"https:\/\/naturvernforbundet.no\/hordaland\/saker\/stans-hordfast\/\">Hordfast<\/a>). Dei har \u00f2g f\u00e5tt gjennomslag for&nbsp;<a href=\"https:\/\/naturvernforbundet.no\/hordaland\/en-ny-tid-for-cruisenaeringa\/\">krav om utsleppsfrie cruiseskip i Bergen<\/a>&nbsp;fr\u00e5&nbsp;2026, og&nbsp;<a href=\"https:\/\/www.bt.no\/btmeninger\/debatt\/i\/mBRRbO\/elektrifisering-av-sokkelen-er-groennvasking\">problematisert elektrifisering av sokkelen med kraft&nbsp;fr\u00e5&nbsp;land<\/a>. <\/p>\n\n\n\n<p>I 2015 skreiv&nbsp;dei&nbsp;den f\u00f8rste framtidsvisjonen v\u00e5r,&nbsp;<a href=\"https:\/\/naturvernforbundet.no\/hordaland\/gode-gronne-bergen\/\">\u201cGode, gr\u00f8nne Bergen\u201d<\/a>. Den fokuserte p\u00e5 korleis Bergen kan bli&nbsp;ein&nbsp;g\u00e5- og sykkelby&nbsp;innan&nbsp;2030.&nbsp;<\/p>\n\n\n\n<p>Ta kontakt med&nbsp;gruppeleiar&nbsp;William Helland-Hansen om du kan&nbsp;tenka&nbsp;deg \u00e5&nbsp;engasjera&nbsp;deg i Klima og transportgruppa:&nbsp;<a href=\"mailto:william.helland-hansen@uib.no\">william.helland-hansen@uib.no<\/a>&nbsp;\/ 926 63 806<\/p>\n\n\n\n<h2 class=\"wp-block-heading\" id=\"vindkraft-og-energigruppa\"><strong>Vindkraft og energigruppa<\/strong><\/h2>\n\n\n\n<p>Dette er\u00a0ei ganske\u00a0ny\u00a0faggruppe som\u00a0har\u00a0m\u00f8ter innimellom der\u00a0dei\u00a0diskuterer kva\u00a0saker gruppa skal\u00a0prioritera, og vil\u00a0etterkvart\u00a0byrja\u00a0\u00e5\u00a0arrangera\u00a0temam\u00f8ter.\u00a0<\/p>\n\n\n\n<p>Ta kontakt med\u00a0gruppeleiar\u00a0B\u00e5rd Larsen om du kan\u00a0tenka\u00a0deg \u00e5\u00a0engasjera\u00a0deg i Vindkraft og energigruppa:\u00a0<a href=\"mailto:bslarsen@gmail.com\">bslarsen@gmail.com<\/a>\u00a0\/ 986 33 018.<\/p>\n\n\n\n<p><\/p>\n\n\n\n<h2 class=\"wp-block-heading\" id=\"vindkraft-og-energigruppa\"><strong>Havbruksgruppa<\/strong><\/h2>\n\n\n\n<p>Denne faggruppa fokuserer p\u00e5 saker knytt til oppdrett og andre marine n\u00e6ringar. Medlemmene representerer eit stort spenn av fagkunnskap, fr\u00e5 nyengasjerte til sv\u00e6rt h\u00f8g fagkunnskap. Dermed er Havbruksgruppa ogs\u00e5 ein god stad \u00e5 l\u00e6re om oppdrett og havbruksn\u00e6ringane si p\u00e5virkning p\u00e5 marint liv.<\/p>\n\n\n\n<p>Kontakt gruppeleiar Anne-Lise Bj\u00f8rke Monsen (<a href=\"mailto:annelisebmonsen@gmail.com\">annelisebmonsen@gmail.com<\/a>) dersom du har lyst til \u00e5 engasjere deg i havbruksgruppa.<\/p>\n\n\n\n<div class=\"wp-block-group is-style-yellow is-layout-constrained wp-block-group-is-layout-constrained\">\n<h2 class=\"wp-block-heading\" id=\"alle-skal-trivast-i-naturvernforbundet\">Alle&nbsp;skal trivast&nbsp;i Naturvernforbundet!&nbsp;&nbsp;<\/h2>\n\n\n\n<p>Organisasjonen v\u00e5r skal&nbsp;vera&nbsp;ein&nbsp;trygg arena for alle, og&nbsp;me&nbsp;jobbar for god representasjon i kj\u00f8nn, alder og bakgrunn. Dei&nbsp;<a href=\"https:\/\/naturvernforbundet.no\/content\/uploads\/2022\/05\/MEDIA_FILE_ID_152719__Vedtatte-etiske-retningslinjer.pdf\">etiske retningslinjene<\/a>&nbsp;v\u00e5re&nbsp;gjeld&nbsp;for&nbsp;frivillige, tilsette og&nbsp;tillitsvalte&nbsp;i&nbsp;Naturvernforbundet.&nbsp;<\/p>\n<\/div>\n","protected":false},"excerpt":{"rendered":"","protected":false},"author":3,"featured_media":1115,"parent":2348,"menu_order":0,"comment_status":"closed","ping_status":"closed","template":"","meta":{"_relevanssi_hide_post":"","_relevanssi_hide_content":"","_relevanssi_pin_for_all":"","_relevanssi_pin_keywords":"","_relevanssi_unpin_keywords":"","_relevanssi_related_keywords":"","_relevanssi_related_include_ids":"","_relevanssi_related_exclude_ids":"","_relevanssi_related_no_append":"","_relevanssi_related_not_related":"","_relevanssi_related_posts":"417,8794,11441,4510,7502,7175","_relevanssi_noindex_reason":"","t2_featured_media_focal_point":{"x":0.5,"y":0.5},"hide_logo":false,"footnotes":""},"categories":[],"class_list":["post-1103","page","type-page","status-publish","has-post-thumbnail","hentry"],"acf":[],"yoast_head":"<!-- This site is optimized with the Yoast SEO plugin v24.9 - https:\/\/yoast.com\/wordpress\/plugins\/seo\/ -->\n<title>Faggrupper - Hordaland<\/title>\n<meta name=\"description\" content=\"V\u00e5re faggrupper best\u00e5r av frivillige som skriver h\u00f8ringsuttalelser og gjennomf\u00f8rer m\u00f8ter og andre markeringer.\" \/>\n<meta name=\"robots\" content=\"index, follow, max-snippet:-1, max-image-preview:large, max-video-preview:-1\" \/>\n<link rel=\"canonical\" href=\"https:\/\/naturvernforbundet.no\/hordaland\/om-oss\/faggruppe\/\" \/>\n<meta property=\"og:locale\" content=\"nb_NO\" \/>\n<meta property=\"og:type\" content=\"article\" \/>\n<meta property=\"og:title\" content=\"Faggrupper - Hordaland\" \/>\n<meta property=\"og:description\" content=\"V\u00e5re faggrupper best\u00e5r av frivillige som skriver h\u00f8ringsuttalelser og gjennomf\u00f8rer m\u00f8ter og andre markeringer.\" \/>\n<meta property=\"og:url\" content=\"https:\/\/naturvernforbundet.no\/hordaland\/om-oss\/faggruppe\/\" \/>\n<meta property=\"og:site_name\" content=\"Hordaland\" \/>\n<meta property=\"article:publisher\" content=\"https:\/\/www.facebook.com\/naturvernforbundet.hordaland\" \/>\n<meta property=\"article:modified_time\" content=\"2023-11-08T14:56:34+00:00\" \/>\n<meta property=\"og:image\" content=\"https:\/\/naturvernforbundet.no\/content\/uploads\/sites\/13\/2022\/10\/Skjotsel-Anuglo.jpg\" \/>\n\t<meta property=\"og:image:width\" content=\"1653\" \/>\n\t<meta property=\"og:image:height\" content=\"832\" \/>\n\t<meta property=\"og:image:type\" content=\"image\/jpeg\" \/>\n<meta name=\"twitter:card\" content=\"summary_large_image\" \/>\n<meta name=\"twitter:label1\" content=\"Ansl. lesetid\" \/>\n\t<meta name=\"twitter:data1\" content=\"3 minutter\" \/>\n<script type=\"application\/ld+json\" class=\"yoast-schema-graph\">{\"@context\":\"https:\/\/schema.org\",\"@graph\":[{\"@type\":\"WebPage\",\"@id\":\"https:\/\/naturvernforbundet.no\/hordaland\/om-oss\/faggruppe\/\",\"url\":\"https:\/\/naturvernforbundet.no\/hordaland\/om-oss\/faggruppe\/\",\"name\":\"Faggrupper - Hordaland\",\"isPartOf\":{\"@id\":\"https:\/\/naturvernforbundet.no\/hordaland\/#website\"},\"primaryImageOfPage\":{\"@id\":\"https:\/\/naturvernforbundet.no\/hordaland\/om-oss\/faggruppe\/#primaryimage\"},\"image\":{\"@id\":\"https:\/\/naturvernforbundet.no\/hordaland\/om-oss\/faggruppe\/#primaryimage\"},\"thumbnailUrl\":\"https:\/\/naturvernforbundet.no\/content\/uploads\/sites\/13\/2022\/10\/Skjotsel-Anuglo.jpg\",\"datePublished\":\"2022-10-03T05:41:05+00:00\",\"dateModified\":\"2023-11-08T14:56:34+00:00\",\"description\":\"V\u00e5re faggrupper best\u00e5r av frivillige som skriver h\u00f8ringsuttalelser og gjennomf\u00f8rer m\u00f8ter og andre markeringer.\",\"breadcrumb\":{\"@id\":\"https:\/\/naturvernforbundet.no\/hordaland\/om-oss\/faggruppe\/#breadcrumb\"},\"inLanguage\":\"nb-NO\",\"potentialAction\":[{\"@type\":\"ReadAction\",\"target\":[\"https:\/\/naturvernforbundet.no\/hordaland\/om-oss\/faggruppe\/\"]}]},{\"@type\":\"ImageObject\",\"inLanguage\":\"nb-NO\",\"@id\":\"https:\/\/naturvernforbundet.no\/hordaland\/om-oss\/faggruppe\/#primaryimage\",\"url\":\"https:\/\/naturvernforbundet.no\/content\/uploads\/sites\/13\/2022\/10\/Skjotsel-Anuglo.jpg\",\"contentUrl\":\"https:\/\/naturvernforbundet.no\/content\/uploads\/sites\/13\/2022\/10\/Skjotsel-Anuglo.jpg\",\"width\":1653,\"height\":832,\"caption\":\"Dugnadsgjengen p\u00e5 v\u00e5r f\u00f8ste dugnad sammen med Statsforvalteren i Vestland i 2017.\"},{\"@type\":\"BreadcrumbList\",\"@id\":\"https:\/\/naturvernforbundet.no\/hordaland\/om-oss\/faggruppe\/#breadcrumb\",\"itemListElement\":[{\"@type\":\"ListItem\",\"position\":1,\"name\":\"Till naturvernforbundet.no\",\"item\":\"https:\/\/naturvernforbundet.no\/\"},{\"@type\":\"ListItem\",\"position\":2,\"name\":\"Hordaland\",\"item\":\"https:\/\/naturvernforbundet.no\/hordaland\/\"},{\"@type\":\"ListItem\",\"position\":3,\"name\":\"Om oss\",\"item\":\"https:\/\/naturvernforbundet.no\/hordaland\/om-oss\/\"},{\"@type\":\"ListItem\",\"position\":4,\"name\":\"Faggrupper\"}]},{\"@type\":\"WebSite\",\"@id\":\"https:\/\/naturvernforbundet.no\/hordaland\/#website\",\"url\":\"https:\/\/naturvernforbundet.no\/hordaland\/\",\"name\":\"Hordaland\",\"description\":\"\",\"publisher\":{\"@id\":\"https:\/\/naturvernforbundet.no\/hordaland\/#organization\"},\"potentialAction\":[{\"@type\":\"SearchAction\",\"target\":{\"@type\":\"EntryPoint\",\"urlTemplate\":\"https:\/\/naturvernforbundet.no\/hordaland\/?s={search_term_string}\"},\"query-input\":{\"@type\":\"PropertyValueSpecification\",\"valueRequired\":true,\"valueName\":\"search_term_string\"}}],\"inLanguage\":\"nb-NO\"},{\"@type\":\"Organization\",\"@id\":\"https:\/\/naturvernforbundet.no\/hordaland\/#organization\",\"name\":\"Naturvernforbundet Hordaland\",\"url\":\"https:\/\/naturvernforbundet.no\/hordaland\/\",\"logo\":{\"@type\":\"ImageObject\",\"inLanguage\":\"nb-NO\",\"@id\":\"https:\/\/naturvernforbundet.no\/hordaland\/#\/schema\/logo\/image\/\",\"url\":\"https:\/\/naturvernforbundet.no\/content\/uploads\/sites\/13\/2022\/11\/Logo_Hordaland_transparent.png\",\"contentUrl\":\"https:\/\/naturvernforbundet.no\/content\/uploads\/sites\/13\/2022\/11\/Logo_Hordaland_transparent.png\",\"width\":1095,\"height\":203,\"caption\":\"Naturvernforbundet Hordaland\"},\"image\":{\"@id\":\"https:\/\/naturvernforbundet.no\/hordaland\/#\/schema\/logo\/image\/\"},\"sameAs\":[\"https:\/\/www.facebook.com\/naturvernforbundet.hordaland\",\"https:\/\/www.instagram.com\/naturvern_hordaland\/\",\"https:\/\/www.flickr.com\/photos\/naturvernforbundet_hordaland\/\"]}]}<\/script>\n<!-- \/ Yoast SEO plugin. -->","yoast_head_json":{"title":"Faggrupper - Hordaland","description":"V\u00e5re faggrupper best\u00e5r av frivillige som skriver h\u00f8ringsuttalelser og gjennomf\u00f8rer m\u00f8ter og andre markeringer.","robots":{"index":"index","follow":"follow","max-snippet":"max-snippet:-1","max-image-preview":"max-image-preview:large","max-video-preview":"max-video-preview:-1"},"canonical":"https:\/\/naturvernforbundet.no\/hordaland\/om-oss\/faggruppe\/","og_locale":"nb_NO","og_type":"article","og_title":"Faggrupper - Hordaland","og_description":"V\u00e5re faggrupper best\u00e5r av frivillige som skriver h\u00f8ringsuttalelser og gjennomf\u00f8rer m\u00f8ter og andre markeringer.","og_url":"https:\/\/naturvernforbundet.no\/hordaland\/om-oss\/faggruppe\/","og_site_name":"Hordaland","article_publisher":"https:\/\/www.facebook.com\/naturvernforbundet.hordaland","article_modified_time":"2023-11-08T14:56:34+00:00","og_image":[{"width":1653,"height":832,"url":"https:\/\/naturvernforbundet.no\/content\/uploads\/sites\/13\/2022\/10\/Skjotsel-Anuglo.jpg","type":"image\/jpeg"}],"twitter_card":"summary_large_image","twitter_misc":{"Ansl. lesetid":"3 minutter"},"schema":{"@context":"https:\/\/schema.org","@graph":[{"@type":"WebPage","@id":"https:\/\/naturvernforbundet.no\/hordaland\/om-oss\/faggruppe\/","url":"https:\/\/naturvernforbundet.no\/hordaland\/om-oss\/faggruppe\/","name":"Faggrupper - Hordaland","isPartOf":{"@id":"https:\/\/naturvernforbundet.no\/hordaland\/#website"},"primaryImageOfPage":{"@id":"https:\/\/naturvernforbundet.no\/hordaland\/om-oss\/faggruppe\/#primaryimage"},"image":{"@id":"https:\/\/naturvernforbundet.no\/hordaland\/om-oss\/faggruppe\/#primaryimage"},"thumbnailUrl":"https:\/\/naturvernforbundet.no\/content\/uploads\/sites\/13\/2022\/10\/Skjotsel-Anuglo.jpg","datePublished":"2022-10-03T05:41:05+00:00","dateModified":"2023-11-08T14:56:34+00:00","description":"V\u00e5re faggrupper best\u00e5r av frivillige som skriver h\u00f8ringsuttalelser og gjennomf\u00f8rer m\u00f8ter og andre markeringer.","breadcrumb":{"@id":"https:\/\/naturvernforbundet.no\/hordaland\/om-oss\/faggruppe\/#breadcrumb"},"inLanguage":"nb-NO","potentialAction":[{"@type":"ReadAction","target":["https:\/\/naturvernforbundet.no\/hordaland\/om-oss\/faggruppe\/"]}]},{"@type":"ImageObject","inLanguage":"nb-NO","@id":"https:\/\/naturvernforbundet.no\/hordaland\/om-oss\/faggruppe\/#primaryimage","url":"https:\/\/naturvernforbundet.no\/content\/uploads\/sites\/13\/2022\/10\/Skjotsel-Anuglo.jpg","contentUrl":"https:\/\/naturvernforbundet.no\/content\/uploads\/sites\/13\/2022\/10\/Skjotsel-Anuglo.jpg","width":1653,"height":832,"caption":"Dugnadsgjengen p\u00e5 v\u00e5r f\u00f8ste dugnad sammen med Statsforvalteren i Vestland i 2017."},{"@type":"BreadcrumbList","@id":"https:\/\/naturvernforbundet.no\/hordaland\/om-oss\/faggruppe\/#breadcrumb","itemListElement":[{"@type":"ListItem","position":1,"name":"Till naturvernforbundet.no","item":"https:\/\/naturvernforbundet.no\/"},{"@type":"ListItem","position":2,"name":"Hordaland","item":"https:\/\/naturvernforbundet.no\/hordaland\/"},{"@type":"ListItem","position":3,"name":"Om oss","item":"https:\/\/naturvernforbundet.no\/hordaland\/om-oss\/"},{"@type":"ListItem","position":4,"name":"Faggrupper"}]},{"@type":"WebSite","@id":"https:\/\/naturvernforbundet.no\/hordaland\/#website","url":"https:\/\/naturvernforbundet.no\/hordaland\/","name":"Hordaland","description":"","publisher":{"@id":"https:\/\/naturvernforbundet.no\/hordaland\/#organization"},"potentialAction":[{"@type":"SearchAction","target":{"@type":"EntryPoint","urlTemplate":"https:\/\/naturvernforbundet.no\/hordaland\/?s={search_term_string}"},"query-input":{"@type":"PropertyValueSpecification","valueRequired":true,"valueName":"search_term_string"}}],"inLanguage":"nb-NO"},{"@type":"Organization","@id":"https:\/\/naturvernforbundet.no\/hordaland\/#organization","name":"Naturvernforbundet Hordaland","url":"https:\/\/naturvernforbundet.no\/hordaland\/","logo":{"@type":"ImageObject","inLanguage":"nb-NO","@id":"https:\/\/naturvernforbundet.no\/hordaland\/#\/schema\/logo\/image\/","url":"https:\/\/naturvernforbundet.no\/content\/uploads\/sites\/13\/2022\/11\/Logo_Hordaland_transparent.png","contentUrl":"https:\/\/naturvernforbundet.no\/content\/uploads\/sites\/13\/2022\/11\/Logo_Hordaland_transparent.png","width":1095,"height":203,"caption":"Naturvernforbundet Hordaland"},"image":{"@id":"https:\/\/naturvernforbundet.no\/hordaland\/#\/schema\/logo\/image\/"},"sameAs":["https:\/\/www.facebook.com\/naturvernforbundet.hordaland","https:\/\/www.instagram.com\/naturvern_hordaland\/","https:\/\/www.flickr.com\/photos\/naturvernforbundet_hordaland\/"]}]}},"_links":{"self":[{"href":"https:\/\/naturvernforbundet.no\/hordaland\/wp-json\/wp\/v2\/pages\/1103","targetHints":{"allow":["GET"]}}],"collection":[{"href":"https:\/\/naturvernforbundet.no\/hordaland\/wp-json\/wp\/v2\/pages"}],"about":[{"href":"https:\/\/naturvernforbundet.no\/hordaland\/wp-json\/wp\/v2\/types\/page"}],"author":[{"embeddable":true,"href":"https:\/\/naturvernforbundet.no\/hordaland\/wp-json\/wp\/v2\/users\/3"}],"replies":[{"embeddable":true,"href":"https:\/\/naturvernforbundet.no\/hordaland\/wp-json\/wp\/v2\/comments?post=1103"}],"version-history":[{"count":16,"href":"https:\/\/naturvernforbundet.no\/hordaland\/wp-json\/wp\/v2\/pages\/1103\/revisions"}],"predecessor-version":[{"id":6661,"href":"https:\/\/naturvernforbundet.no\/hordaland\/wp-json\/wp\/v2\/pages\/1103\/revisions\/6661"}],"up":[{"embeddable":true,"href":"https:\/\/naturvernforbundet.no\/hordaland\/wp-json\/wp\/v2\/pages\/2348"}],"wp:featuredmedia":[{"embeddable":true,"href":"https:\/\/naturvernforbundet.no\/hordaland\/wp-json\/wp\/v2\/media\/1115"}],"wp:attachment":[{"href":"https:\/\/naturvernforbundet.no\/hordaland\/wp-json\/wp\/v2\/media?parent=1103"}],"wp:term":[{"taxonomy":"category","embeddable":true,"href":"https:\/\/naturvernforbundet.no\/hordaland\/wp-json\/wp\/v2\/categories?post=1103"}],"curies":[{"name":"wp","href":"https:\/\/api.w.org\/{rel}","templated":true}]}}