{"id":12786,"date":"2025-01-24T11:46:12","date_gmt":"2025-01-24T10:46:12","guid":{"rendered":"https:\/\/naturvernforbundet.no\/hordaland\/?page_id=12786"},"modified":"2025-01-24T13:36:13","modified_gmt":"2025-01-24T12:36:13","slug":"forsopling-og-forurensning","status":"publish","type":"page","link":"https:\/\/naturvernforbundet.no\/hordaland\/plast\/forsopling-og-forurensning\/","title":{"rendered":"Fors\u00f8pling og forurensning"},"content":{"rendered":"\t<div class=\"template-page alignfull wp-block-naturvern-hero\">\n\t\t<div class=\"hero__inner\">\n\t\t\t<div class=\"hero__inner_blocks\">\n\t\t\t\t\t\t\t\t\n<h1 class=\"wp-block-post-title\">Fors\u00f8pling og forurensning<\/h1>\n\n\n<p>Hvem har ansvaret?<\/p>\n\n\n\n<div class=\"wp-block-buttons is-layout-flex wp-block-buttons-is-layout-flex\"><\/div>\n\n\t\t\t<\/div>\n\t\t\t\t\t<\/div>\n\t\t\t<\/div>\n\t\n\n\n<div class=\"wp-block-group is-style-yellow is-layout-constrained wp-block-group-is-layout-constrained\">\n<h2 class=\"wp-block-heading\" id=\"vrakpant-pa-kasserte-fritidsbater\">Vrakpant p\u00e5 kasserte fritidsb\u00e5ter<\/h2>\n\n\n\n<p>Kasserte fritidsb\u00e5ter inneholder stoffer som kan skade milj\u00f8et. Mange er laget av plast, som f\u00f8rer til mikroplast i havet. Den gode nyheten er at du kan f\u00e5 <a href=\"https:\/\/www.statsforvalteren.no\/nn\/vestland\/miljo-og-klima\/avfall-og-gjenvinning\/vrakpant-pa-kasserte-fritidsbatar\/?utm_source=nyhetsbrev&amp;utm_medium=epost\" target=\"_blank\" rel=\"noreferrer noopener\">1000 kr i vrakpant n\u00e5r du leverer den til et lovlig avfallsmottak. <\/a><\/p>\n\n\n\n<p>Hvis du ikke har mulighet til \u00e5 levere det inn selv, kan du <a href=\"https:\/\/batvrak.no\/\" target=\"_blank\" rel=\"noreferrer noopener\">melde det inn til B\u00e5tvrak<\/a>, men da f\u00e5r du ikke vrakpanten. <\/p>\n<\/div>\n\n\n\n<div class=\"wp-block-media-text alignwide is-stacked-on-mobile is-image-fill\" style=\"grid-template-columns:35% auto\"><figure class=\"wp-block-media-text__media\" style=\"background-image:url(https:\/\/naturvernforbundet.no\/content\/uploads\/sites\/13\/2024\/09\/180613-Plastjakt-Saelevannet-Bergen.-Synnove-Kvamme-med-plastpose.-Foto-Mona-Maria-Loberg-683x1024.jpg);background-position:53% 33%\"><img loading=\"lazy\" decoding=\"async\" width=\"683\" height=\"1024\" src=\"https:\/\/naturvernforbundet.no\/content\/uploads\/sites\/13\/2024\/09\/180613-Plastjakt-Saelevannet-Bergen.-Synnove-Kvamme-med-plastpose.-Foto-Mona-Maria-Loberg-683x1024.jpg\" alt=\"meld i fra om avfall\" class=\"wp-image-10736 size-full\" srcset=\"https:\/\/naturvernforbundet.no\/content\/uploads\/sites\/13\/2024\/09\/180613-Plastjakt-Saelevannet-Bergen.-Synnove-Kvamme-med-plastpose.-Foto-Mona-Maria-Loberg-683x1024.jpg 683w, https:\/\/naturvernforbundet.no\/content\/uploads\/sites\/13\/2024\/09\/180613-Plastjakt-Saelevannet-Bergen.-Synnove-Kvamme-med-plastpose.-Foto-Mona-Maria-Loberg-200x300.jpg 200w, https:\/\/naturvernforbundet.no\/content\/uploads\/sites\/13\/2024\/09\/180613-Plastjakt-Saelevannet-Bergen.-Synnove-Kvamme-med-plastpose.-Foto-Mona-Maria-Loberg-768x1152.jpg 768w, https:\/\/naturvernforbundet.no\/content\/uploads\/sites\/13\/2024\/09\/180613-Plastjakt-Saelevannet-Bergen.-Synnove-Kvamme-med-plastpose.-Foto-Mona-Maria-Loberg-1024x1536.jpg 1024w, https:\/\/naturvernforbundet.no\/content\/uploads\/sites\/13\/2024\/09\/180613-Plastjakt-Saelevannet-Bergen.-Synnove-Kvamme-med-plastpose.-Foto-Mona-Maria-Loberg-1365x2048.jpg 1365w, https:\/\/naturvernforbundet.no\/content\/uploads\/sites\/13\/2024\/09\/180613-Plastjakt-Saelevannet-Bergen.-Synnove-Kvamme-med-plastpose.-Foto-Mona-Maria-Loberg-1280x1920.jpg 1280w, https:\/\/naturvernforbundet.no\/content\/uploads\/sites\/13\/2024\/09\/180613-Plastjakt-Saelevannet-Bergen.-Synnove-Kvamme-med-plastpose.-Foto-Mona-Maria-Loberg-scaled.jpg 1707w\" sizes=\"auto, (max-width: 683px) 100vw, 683px\" \/><span class=\"t2-image-credit-name\">Foto: Mona Maria L\u00f8berg<\/span><\/figure><div class=\"wp-block-media-text__content\">\n<h2 class=\"wp-block-heading\" id=\"meld-i-fra\">Meld i fra!<\/h2>\n\n\n\n<h3 class=\"wp-block-heading\" id=\"eierlost-avfall\">Eierl\u00f8st avfall<\/h3>\n\n\n\n<p>Du kan melde i fra om fors\u00f8plede omr\u00e5der p\u00e5 Ryddenorge.no eller i Ryddeappen. Da kan noen andre lettere finne dette fors\u00f8plede omr\u00e5det, og rydde det. <\/p>\n<\/div><\/div>\n\n\n\n<h3 class=\"wp-block-heading\" id=\"soppel-og-skrot\">S\u00f8ppel og skrot<\/h3>\n\n\n\n<p>Mange steder oppdages det ulovlige s\u00f8ppelplasser, ogs\u00e5 kalt \u201cvillfyllinger\u201d, hvor folk har dumpet skrot i naturen. Enkelte velger \u00e5 gj\u00f8re dette fordi de slipper \u00e5 dra p\u00e5 gjenvinningsstasjon og betale for \u00e5 f\u00e5 det h\u00e5ndtert riktig. Dette er ikke lovlig! Grunneier er ansvarlig for sin eiendom og eventuell fors\u00f8pling p\u00e5 den, inkludert fors\u00f8pling som noen andre kan ha dumpet der.<\/p>\n\n\n\n<p>Du kan starte med \u00e5 melde ifra til grunneier. Hvis du ikke vet hvem det er, kan du finne eieren hos&nbsp;<a href=\"https:\/\/seeiendom.kartverket.no\/\">Kartverket p\u00e5 denne siden<\/a>. I kommuner hvor BIR er renovasjonsselskapet, har BIR AS ansvar for fors\u00f8pling- og forurensningssaker. De f\u00e5r de ansvarlige til \u00e5 rydde opp. Det vil si den som har fors\u00f8plet \u2013 eller grunneier.&nbsp;<a href=\"https:\/\/bir.no\/om-bir\/tilsyn-med-forurensnings-og-forsoeplingssaker-i-bir\/\">Les om dette her.<\/a><\/p>\n\n\n\n<p>S\u00f8ppel p\u00e5 busstopp eller i parker kan meldes direkte til Bergen kommune&nbsp;<a href=\"http:\/\/feilmelding.bergen.kommune.no\/\" target=\"_blank\" rel=\"noreferrer noopener\">via feilmeldingstjenesten<\/a>. Og fors\u00f8pling rundt BIR sine returpunkt&nbsp;<a href=\"https:\/\/bir.no\/kundetjenester\/fullt-eller-forsoeplet-returpunkt\/fullt-eller-forsoeplet-returpunkt\/\" target=\"_blank\" rel=\"noreferrer noopener\">meldes ifra til dem.<\/a><\/p>\n\n\n\n<p>Dersom grunneier ikke rydder opp kan du kontakte kommunen, slik at de kan f\u00f8lge opp. Bruk kommunen sin innbyggerservice for \u00e5 melde fra om denne typen forurensing.<\/p>\n\n\n\n<div class=\"wp-block-media-text alignwide has-media-on-the-right is-stacked-on-mobile\" style=\"grid-template-columns:auto 36%\"><div class=\"wp-block-media-text__content\">\n<h3 class=\"wp-block-heading\" id=\"skogsbilvei-bygd-av-avfall\">Skogsbilvei bygd av avfall<\/h3>\n\n\n\n<p>Vi har avdekket en rekke skogsbilveier som har blitt bygget ulovlig. Det vil si at de kan v\u00e6re bygget uten at det er s\u00f8kt tillatelse, at det er brukt urene masser, eller at de ikke oppfyller kravene om at skal brukes til landbruksform\u00e5l. Dersom du har oppdaget eller mistenker at det er bygd en ulovlig skogsbilvei s\u00e5 vil vi gjerne f\u00e5 tips fra deg! Send oss en epost til&nbsp;<a href=\"mailto:hordaland@naturvernforbundet.no\">hordaland@naturvernforbundet.no<\/a>&nbsp;hvor du beskriver hvor veien er, omfanget og bilder av omr\u00e5det. Store bilder kan sendes via&nbsp;<a href=\"http:\/\/wetransfer.com\/\" target=\"_blank\" rel=\"noreferrer noopener\">wetransfer.com<\/a><\/p>\n\n\n\n<div class=\"wp-block-buttons is-layout-flex wp-block-buttons-is-layout-flex\">\n<div class=\"wp-block-button is-style-link\"><a class=\"wp-block-button__link wp-element-button\" href=\"https:\/\/naturvernforbundet.no\/hordaland\/saker\/skogbilveier-og-massedumping\/\" target=\"_blank\" rel=\"noreferrer noopener\">Les mer om saken <\/a><\/div>\n<\/div>\n<\/div><figure class=\"wp-block-media-text__media\"><img loading=\"lazy\" decoding=\"async\" width=\"768\" height=\"1024\" src=\"https:\/\/naturvernforbundet.no\/content\/uploads\/sites\/13\/2024\/09\/30.10.17.metall-bygningsavfall-768x1024.jpg\" alt=\"ulovlige skogsbilveier, plast, bygningsavfall\" class=\"wp-image-10732 size-full\" srcset=\"https:\/\/naturvernforbundet.no\/content\/uploads\/sites\/13\/2024\/09\/30.10.17.metall-bygningsavfall-768x1024.jpg 768w, https:\/\/naturvernforbundet.no\/content\/uploads\/sites\/13\/2024\/09\/30.10.17.metall-bygningsavfall-225x300.jpg 225w, https:\/\/naturvernforbundet.no\/content\/uploads\/sites\/13\/2024\/09\/30.10.17.metall-bygningsavfall-1152x1536.jpg 1152w, https:\/\/naturvernforbundet.no\/content\/uploads\/sites\/13\/2024\/09\/30.10.17.metall-bygningsavfall-1536x2048.jpg 1536w, https:\/\/naturvernforbundet.no\/content\/uploads\/sites\/13\/2024\/09\/30.10.17.metall-bygningsavfall-1440x1920.jpg 1440w, https:\/\/naturvernforbundet.no\/content\/uploads\/sites\/13\/2024\/09\/30.10.17.metall-bygningsavfall-scaled.jpg 1920w\" sizes=\"auto, (max-width: 768px) 100vw, 768px\" \/><\/figure><\/div>\n\n\n\n<h3 class=\"wp-block-heading\" id=\"miljokriminalitet\">Milj\u00f8kriminalitet<\/h3>\n\n\n\n<p>Hvis du oppdager et omr\u00e5de som du mistenker er milj\u00f8kriminalitet, kan det meldes inn til Statens naturoppsyn eller politiet. <\/p>\n\n\n\n<p>Du kan melde fra om milj\u00f8kriminalitet til&nbsp;<strong>politiet<\/strong>. Da g\u00e5r du inn p\u00e5 ditt politidistrikt sine nettsider og trykker p\u00e5<a href=\"https:\/\/www.politiet.no\/tjenester\/tips-politiet\/\" target=\"_blank\" rel=\"noreferrer noopener\">&nbsp;\u00abTips oss\u00bb<\/a>. Det er viktig at politiet f\u00e5r informasjon om hva det gjelder, hvor det gjelder, hvem det gjelder og hvorfor du tror politiet b\u00f8r se p\u00e5 saken. P\u00e5 sistnevnte punkt kan du skrive inn at det gjelder milj\u00f8kriminalitet, og evt. hvilken type milj\u00f8kriminalitet som beg\u00e5s, slik at sakene siles videre til&nbsp;<a href=\"https:\/\/www.okokrim.no\/miljoekriminalitet.415982.no.html\" target=\"_blank\" rel=\"noreferrer noopener\">\u00d8kokrim<\/a>. F\u00e5r politiet tips om flere saker hvor lovgivningen som skal beskytte natur brytes, er det mer sannsynlig at de f\u00e5r flere ressurser til \u00e5 jobbe med slike saker.<\/p>\n\n\n\n<p><strong>Statens naturoppsyn<\/strong>&nbsp;har ansvar for \u00e5 holde \u00f8ye med at f\u00f8lgende milj\u00f8lover blir fulgt b\u00e5de p\u00e5 offentlig og privat grunn.<\/p>\n\n\n\n<ul class=\"wp-block-list\">\n<li>Friluftsloven<\/li>\n\n\n\n<li>Naturmangfoldloven<\/li>\n\n\n\n<li>Motorferdsel<ins>l<\/ins>oven<\/li>\n\n\n\n<li>Kulturminneloven<\/li>\n\n\n\n<li>Viltloven<\/li>\n\n\n\n<li>Laks- og innlandsfiskloven<\/li>\n\n\n\n<li>Markaloven<\/li>\n\n\n\n<li>Sm\u00e5b\u00e5tloven<\/li>\n<\/ul>\n\n\n\n<p>Alle lover finner du p\u00e5<a href=\"http:\/\/lovdata.no\/\" target=\"_blank\" rel=\"noreferrer noopener\">&nbsp;lovdata.no.&nbsp;<\/a>Brudd p\u00e5 disse lovene kan du melde fra via Statens naturoppsyn i ditt fylke (i Vestland fylke er det lokalkontor i&nbsp;<a href=\"https:\/\/test.miljodirektoratet.no\/om-oss\/miljodirektoratets-organisasjon\/statens-naturoppsyn\/lokalkontor\/regioner\/hordaland\/bergen\/\" target=\"_blank\" rel=\"noreferrer noopener\">Bergen&nbsp;<\/a>eller&nbsp;<a href=\"https:\/\/test.miljodirektoratet.no\/om-oss\/miljodirektoratets-organisasjon\/statens-naturoppsyn\/lokalkontor\/regioner\/hordaland\/rosendal\/\" target=\"_blank\" rel=\"noreferrer noopener\">Rosendal<\/a>).<\/p>\n","protected":false},"excerpt":{"rendered":"","protected":false},"author":118,"featured_media":10736,"parent":1289,"menu_order":0,"comment_status":"closed","ping_status":"closed","template":"","meta":{"_relevanssi_hide_post":"","_relevanssi_hide_content":"","_relevanssi_pin_for_all":"","_relevanssi_pin_keywords":"","_relevanssi_unpin_keywords":"","_relevanssi_related_keywords":"","_relevanssi_related_include_ids":"","_relevanssi_related_exclude_ids":"","_relevanssi_related_no_append":"","_relevanssi_related_not_related":"","_relevanssi_related_posts":"8760,461,258,2249,2272,4474","_relevanssi_noindex_reason":"","t2_featured_media_focal_point":{"x":0.5,"y":0.5},"hide_logo":false,"footnotes":""},"categories":[26],"class_list":["post-12786","page","type-page","status-publish","has-post-thumbnail","hentry","category-plast"],"acf":[],"yoast_head":"<!-- This site is optimized with the Yoast SEO plugin v24.9 - https:\/\/yoast.com\/wordpress\/plugins\/seo\/ -->\n<title>Fors\u00f8pling og forurensning - Hordaland<\/title>\n<meta name=\"robots\" content=\"index, follow, max-snippet:-1, max-image-preview:large, max-video-preview:-1\" \/>\n<link rel=\"canonical\" href=\"https:\/\/naturvernforbundet.no\/hordaland\/plast\/forsopling-og-forurensning\/\" \/>\n<meta property=\"og:locale\" content=\"nb_NO\" \/>\n<meta property=\"og:type\" content=\"article\" \/>\n<meta property=\"og:title\" content=\"Fors\u00f8pling og forurensning - Hordaland\" \/>\n<meta property=\"og:url\" content=\"https:\/\/naturvernforbundet.no\/hordaland\/plast\/forsopling-og-forurensning\/\" \/>\n<meta property=\"og:site_name\" content=\"Hordaland\" \/>\n<meta property=\"article:publisher\" content=\"https:\/\/www.facebook.com\/naturvernforbundet.hordaland\" \/>\n<meta property=\"article:modified_time\" content=\"2025-01-24T12:36:13+00:00\" \/>\n<meta property=\"og:image\" content=\"https:\/\/naturvernforbundet.no\/content\/uploads\/sites\/13\/2024\/09\/180613-Plastjakt-Saelevannet-Bergen.-Synnove-Kvamme-med-plastpose.-Foto-Mona-Maria-Loberg-scaled.jpg\" \/>\n\t<meta property=\"og:image:width\" content=\"1707\" \/>\n\t<meta property=\"og:image:height\" content=\"2560\" \/>\n\t<meta property=\"og:image:type\" content=\"image\/jpeg\" \/>\n<meta name=\"twitter:card\" content=\"summary_large_image\" \/>\n<meta name=\"twitter:label1\" content=\"Ansl. lesetid\" \/>\n\t<meta name=\"twitter:data1\" content=\"4 minutter\" \/>\n<script type=\"application\/ld+json\" class=\"yoast-schema-graph\">{\"@context\":\"https:\/\/schema.org\",\"@graph\":[{\"@type\":\"WebPage\",\"@id\":\"https:\/\/naturvernforbundet.no\/hordaland\/plast\/forsopling-og-forurensning\/\",\"url\":\"https:\/\/naturvernforbundet.no\/hordaland\/plast\/forsopling-og-forurensning\/\",\"name\":\"Fors\u00f8pling og forurensning - Hordaland\",\"isPartOf\":{\"@id\":\"https:\/\/naturvernforbundet.no\/hordaland\/#website\"},\"primaryImageOfPage\":{\"@id\":\"https:\/\/naturvernforbundet.no\/hordaland\/plast\/forsopling-og-forurensning\/#primaryimage\"},\"image\":{\"@id\":\"https:\/\/naturvernforbundet.no\/hordaland\/plast\/forsopling-og-forurensning\/#primaryimage\"},\"thumbnailUrl\":\"https:\/\/naturvernforbundet.no\/content\/uploads\/sites\/13\/2024\/09\/180613-Plastjakt-Saelevannet-Bergen.-Synnove-Kvamme-med-plastpose.-Foto-Mona-Maria-Loberg-scaled.jpg\",\"datePublished\":\"2025-01-24T10:46:12+00:00\",\"dateModified\":\"2025-01-24T12:36:13+00:00\",\"breadcrumb\":{\"@id\":\"https:\/\/naturvernforbundet.no\/hordaland\/plast\/forsopling-og-forurensning\/#breadcrumb\"},\"inLanguage\":\"nb-NO\",\"potentialAction\":[{\"@type\":\"ReadAction\",\"target\":[\"https:\/\/naturvernforbundet.no\/hordaland\/plast\/forsopling-og-forurensning\/\"]}]},{\"@type\":\"ImageObject\",\"inLanguage\":\"nb-NO\",\"@id\":\"https:\/\/naturvernforbundet.no\/hordaland\/plast\/forsopling-og-forurensning\/#primaryimage\",\"url\":\"https:\/\/naturvernforbundet.no\/content\/uploads\/sites\/13\/2024\/09\/180613-Plastjakt-Saelevannet-Bergen.-Synnove-Kvamme-med-plastpose.-Foto-Mona-Maria-Loberg-scaled.jpg\",\"contentUrl\":\"https:\/\/naturvernforbundet.no\/content\/uploads\/sites\/13\/2024\/09\/180613-Plastjakt-Saelevannet-Bergen.-Synnove-Kvamme-med-plastpose.-Foto-Mona-Maria-Loberg-scaled.jpg\",\"width\":1707,\"height\":2560},{\"@type\":\"BreadcrumbList\",\"@id\":\"https:\/\/naturvernforbundet.no\/hordaland\/plast\/forsopling-og-forurensning\/#breadcrumb\",\"itemListElement\":[{\"@type\":\"ListItem\",\"position\":1,\"name\":\"Till naturvernforbundet.no\",\"item\":\"https:\/\/naturvernforbundet.no\/\"},{\"@type\":\"ListItem\",\"position\":2,\"name\":\"Hordaland\",\"item\":\"https:\/\/naturvernforbundet.no\/hordaland\/\"},{\"@type\":\"ListItem\",\"position\":3,\"name\":\"Plast og forurensning\",\"item\":\"https:\/\/naturvernforbundet.no\/hordaland\/plast\/\"},{\"@type\":\"ListItem\",\"position\":4,\"name\":\"Fors\u00f8pling og forurensning\"}]},{\"@type\":\"WebSite\",\"@id\":\"https:\/\/naturvernforbundet.no\/hordaland\/#website\",\"url\":\"https:\/\/naturvernforbundet.no\/hordaland\/\",\"name\":\"Hordaland\",\"description\":\"\",\"publisher\":{\"@id\":\"https:\/\/naturvernforbundet.no\/hordaland\/#organization\"},\"potentialAction\":[{\"@type\":\"SearchAction\",\"target\":{\"@type\":\"EntryPoint\",\"urlTemplate\":\"https:\/\/naturvernforbundet.no\/hordaland\/?s={search_term_string}\"},\"query-input\":{\"@type\":\"PropertyValueSpecification\",\"valueRequired\":true,\"valueName\":\"search_term_string\"}}],\"inLanguage\":\"nb-NO\"},{\"@type\":\"Organization\",\"@id\":\"https:\/\/naturvernforbundet.no\/hordaland\/#organization\",\"name\":\"Naturvernforbundet Hordaland\",\"url\":\"https:\/\/naturvernforbundet.no\/hordaland\/\",\"logo\":{\"@type\":\"ImageObject\",\"inLanguage\":\"nb-NO\",\"@id\":\"https:\/\/naturvernforbundet.no\/hordaland\/#\/schema\/logo\/image\/\",\"url\":\"https:\/\/naturvernforbundet.no\/content\/uploads\/sites\/13\/2022\/11\/Logo_Hordaland_transparent.png\",\"contentUrl\":\"https:\/\/naturvernforbundet.no\/content\/uploads\/sites\/13\/2022\/11\/Logo_Hordaland_transparent.png\",\"width\":1095,\"height\":203,\"caption\":\"Naturvernforbundet Hordaland\"},\"image\":{\"@id\":\"https:\/\/naturvernforbundet.no\/hordaland\/#\/schema\/logo\/image\/\"},\"sameAs\":[\"https:\/\/www.facebook.com\/naturvernforbundet.hordaland\",\"https:\/\/www.instagram.com\/naturvern_hordaland\/\",\"https:\/\/www.flickr.com\/photos\/naturvernforbundet_hordaland\/\"]}]}<\/script>\n<!-- \/ Yoast SEO plugin. -->","yoast_head_json":{"title":"Fors\u00f8pling og forurensning - Hordaland","robots":{"index":"index","follow":"follow","max-snippet":"max-snippet:-1","max-image-preview":"max-image-preview:large","max-video-preview":"max-video-preview:-1"},"canonical":"https:\/\/naturvernforbundet.no\/hordaland\/plast\/forsopling-og-forurensning\/","og_locale":"nb_NO","og_type":"article","og_title":"Fors\u00f8pling og forurensning - Hordaland","og_url":"https:\/\/naturvernforbundet.no\/hordaland\/plast\/forsopling-og-forurensning\/","og_site_name":"Hordaland","article_publisher":"https:\/\/www.facebook.com\/naturvernforbundet.hordaland","article_modified_time":"2025-01-24T12:36:13+00:00","og_image":[{"width":1707,"height":2560,"url":"https:\/\/naturvernforbundet.no\/content\/uploads\/sites\/13\/2024\/09\/180613-Plastjakt-Saelevannet-Bergen.-Synnove-Kvamme-med-plastpose.-Foto-Mona-Maria-Loberg-scaled.jpg","type":"image\/jpeg"}],"twitter_card":"summary_large_image","twitter_misc":{"Ansl. lesetid":"4 minutter"},"schema":{"@context":"https:\/\/schema.org","@graph":[{"@type":"WebPage","@id":"https:\/\/naturvernforbundet.no\/hordaland\/plast\/forsopling-og-forurensning\/","url":"https:\/\/naturvernforbundet.no\/hordaland\/plast\/forsopling-og-forurensning\/","name":"Fors\u00f8pling og forurensning - Hordaland","isPartOf":{"@id":"https:\/\/naturvernforbundet.no\/hordaland\/#website"},"primaryImageOfPage":{"@id":"https:\/\/naturvernforbundet.no\/hordaland\/plast\/forsopling-og-forurensning\/#primaryimage"},"image":{"@id":"https:\/\/naturvernforbundet.no\/hordaland\/plast\/forsopling-og-forurensning\/#primaryimage"},"thumbnailUrl":"https:\/\/naturvernforbundet.no\/content\/uploads\/sites\/13\/2024\/09\/180613-Plastjakt-Saelevannet-Bergen.-Synnove-Kvamme-med-plastpose.-Foto-Mona-Maria-Loberg-scaled.jpg","datePublished":"2025-01-24T10:46:12+00:00","dateModified":"2025-01-24T12:36:13+00:00","breadcrumb":{"@id":"https:\/\/naturvernforbundet.no\/hordaland\/plast\/forsopling-og-forurensning\/#breadcrumb"},"inLanguage":"nb-NO","potentialAction":[{"@type":"ReadAction","target":["https:\/\/naturvernforbundet.no\/hordaland\/plast\/forsopling-og-forurensning\/"]}]},{"@type":"ImageObject","inLanguage":"nb-NO","@id":"https:\/\/naturvernforbundet.no\/hordaland\/plast\/forsopling-og-forurensning\/#primaryimage","url":"https:\/\/naturvernforbundet.no\/content\/uploads\/sites\/13\/2024\/09\/180613-Plastjakt-Saelevannet-Bergen.-Synnove-Kvamme-med-plastpose.-Foto-Mona-Maria-Loberg-scaled.jpg","contentUrl":"https:\/\/naturvernforbundet.no\/content\/uploads\/sites\/13\/2024\/09\/180613-Plastjakt-Saelevannet-Bergen.-Synnove-Kvamme-med-plastpose.-Foto-Mona-Maria-Loberg-scaled.jpg","width":1707,"height":2560},{"@type":"BreadcrumbList","@id":"https:\/\/naturvernforbundet.no\/hordaland\/plast\/forsopling-og-forurensning\/#breadcrumb","itemListElement":[{"@type":"ListItem","position":1,"name":"Till naturvernforbundet.no","item":"https:\/\/naturvernforbundet.no\/"},{"@type":"ListItem","position":2,"name":"Hordaland","item":"https:\/\/naturvernforbundet.no\/hordaland\/"},{"@type":"ListItem","position":3,"name":"Plast og forurensning","item":"https:\/\/naturvernforbundet.no\/hordaland\/plast\/"},{"@type":"ListItem","position":4,"name":"Fors\u00f8pling og forurensning"}]},{"@type":"WebSite","@id":"https:\/\/naturvernforbundet.no\/hordaland\/#website","url":"https:\/\/naturvernforbundet.no\/hordaland\/","name":"Hordaland","description":"","publisher":{"@id":"https:\/\/naturvernforbundet.no\/hordaland\/#organization"},"potentialAction":[{"@type":"SearchAction","target":{"@type":"EntryPoint","urlTemplate":"https:\/\/naturvernforbundet.no\/hordaland\/?s={search_term_string}"},"query-input":{"@type":"PropertyValueSpecification","valueRequired":true,"valueName":"search_term_string"}}],"inLanguage":"nb-NO"},{"@type":"Organization","@id":"https:\/\/naturvernforbundet.no\/hordaland\/#organization","name":"Naturvernforbundet Hordaland","url":"https:\/\/naturvernforbundet.no\/hordaland\/","logo":{"@type":"ImageObject","inLanguage":"nb-NO","@id":"https:\/\/naturvernforbundet.no\/hordaland\/#\/schema\/logo\/image\/","url":"https:\/\/naturvernforbundet.no\/content\/uploads\/sites\/13\/2022\/11\/Logo_Hordaland_transparent.png","contentUrl":"https:\/\/naturvernforbundet.no\/content\/uploads\/sites\/13\/2022\/11\/Logo_Hordaland_transparent.png","width":1095,"height":203,"caption":"Naturvernforbundet Hordaland"},"image":{"@id":"https:\/\/naturvernforbundet.no\/hordaland\/#\/schema\/logo\/image\/"},"sameAs":["https:\/\/www.facebook.com\/naturvernforbundet.hordaland","https:\/\/www.instagram.com\/naturvern_hordaland\/","https:\/\/www.flickr.com\/photos\/naturvernforbundet_hordaland\/"]}]}},"_links":{"self":[{"href":"https:\/\/naturvernforbundet.no\/hordaland\/wp-json\/wp\/v2\/pages\/12786","targetHints":{"allow":["GET"]}}],"collection":[{"href":"https:\/\/naturvernforbundet.no\/hordaland\/wp-json\/wp\/v2\/pages"}],"about":[{"href":"https:\/\/naturvernforbundet.no\/hordaland\/wp-json\/wp\/v2\/types\/page"}],"author":[{"embeddable":true,"href":"https:\/\/naturvernforbundet.no\/hordaland\/wp-json\/wp\/v2\/users\/118"}],"replies":[{"embeddable":true,"href":"https:\/\/naturvernforbundet.no\/hordaland\/wp-json\/wp\/v2\/comments?post=12786"}],"version-history":[{"count":5,"href":"https:\/\/naturvernforbundet.no\/hordaland\/wp-json\/wp\/v2\/pages\/12786\/revisions"}],"predecessor-version":[{"id":12797,"href":"https:\/\/naturvernforbundet.no\/hordaland\/wp-json\/wp\/v2\/pages\/12786\/revisions\/12797"}],"up":[{"embeddable":true,"href":"https:\/\/naturvernforbundet.no\/hordaland\/wp-json\/wp\/v2\/pages\/1289"}],"wp:featuredmedia":[{"embeddable":true,"href":"https:\/\/naturvernforbundet.no\/hordaland\/wp-json\/wp\/v2\/media\/10736"}],"wp:attachment":[{"href":"https:\/\/naturvernforbundet.no\/hordaland\/wp-json\/wp\/v2\/media?parent=12786"}],"wp:term":[{"taxonomy":"category","embeddable":true,"href":"https:\/\/naturvernforbundet.no\/hordaland\/wp-json\/wp\/v2\/categories?post=12786"}],"curies":[{"name":"wp","href":"https:\/\/api.w.org\/{rel}","templated":true}]}}