{"version":"1.0","provider_name":"Innlandet \/ Sisdajve","provider_url":"https:\/\/naturvernforbundet.no\/innlandet","author_name":"Ida-Sofie Solberg Stryken","author_url":"https:\/\/naturvernforbundet.no\/innlandet\/author\/idasofiesolbergstryken\/","title":"Klimautvalget - Innlandet \/ Sisdajve","type":"rich","width":600,"height":338,"html":"<blockquote class=\"wp-embedded-content\" data-secret=\"0Xx3pB2xyz\"><a href=\"https:\/\/naturvernforbundet.no\/innlandet\/klimautvalget\/\">Klimautvalget<\/a><\/blockquote><iframe sandbox=\"allow-scripts\" security=\"restricted\" src=\"https:\/\/naturvernforbundet.no\/innlandet\/klimautvalget\/embed\/#?secret=0Xx3pB2xyz\" width=\"600\" height=\"338\" title=\"&laquo;Klimautvalget&raquo; &#8212; Innlandet \/ Sisdajve\" data-secret=\"0Xx3pB2xyz\" frameborder=\"0\" marginwidth=\"0\" marginheight=\"0\" scrolling=\"no\" class=\"wp-embedded-content\"><\/iframe><script>\n\/*! This file is auto-generated *\/\n!function(d,l){\"use strict\";l.querySelector&&d.addEventListener&&\"undefined\"!=typeof URL&&(d.wp=d.wp||{},d.wp.receiveEmbedMessage||(d.wp.receiveEmbedMessage=function(e){var t=e.data;if((t||t.secret||t.message||t.value)&&!\/[^a-zA-Z0-9]\/.test(t.secret)){for(var s,r,n,a=l.querySelectorAll('iframe[data-secret=\"'+t.secret+'\"]'),o=l.querySelectorAll('blockquote[data-secret=\"'+t.secret+'\"]'),c=new RegExp(\"^https?:$\",\"i\"),i=0;i<o.length;i++)o[i].style.display=\"none\";for(i=0;i<a.length;i++)s=a[i],e.source===s.contentWindow&&(s.removeAttribute(\"style\"),\"height\"===t.message?(1e3<(r=parseInt(t.value,10))?r=1e3:~~r<200&&(r=200),s.height=r):\"link\"===t.message&&(r=new URL(s.getAttribute(\"src\")),n=new URL(t.value),c.test(n.protocol))&&n.host===r.host&&l.activeElement===s&&(d.top.location.href=t.value))}},d.addEventListener(\"message\",d.wp.receiveEmbedMessage,!1),l.addEventListener(\"DOMContentLoaded\",function(){for(var e,t,s=l.querySelectorAll(\"iframe.wp-embedded-content\"),r=0;r<s.length;r++)(t=(e=s[r]).getAttribute(\"data-secret\"))||(t=Math.random().toString(36).substring(2,12),e.src+=\"#?secret=\"+t,e.setAttribute(\"data-secret\",t)),e.contentWindow.postMessage({message:\"ready\",secret:t},\"*\")},!1)))}(window,document);\n<\/script>\n","thumbnail_url":"https:\/\/naturvernforbundet.no\/content\/uploads\/sites\/8\/2021\/08\/klimautvalget.jpg2028fullscreen29.jpg","thumbnail_width":950,"thumbnail_height":394,"description":"Hva kan vi i Innlandet gj\u00f8re for \u00e5 bremse klimaendringene \u2013 lokalt, regionalt, nasjonalt og globalt? V\u00e5rt nye klimautvalg trenger deg som har gode ideer, engasjement og kunnskap om klima og energi. Kontakt oss hvis du vil v\u00e6re med eller har lyst til \u00e5 vite mer!"}

Hva kan vi i Innlandet gjøre for å bremse klimaendringene – lokalt, regionalt, nasjonalt og globalt? Vårt nye klimautvalg trenger deg som har gode ideer, engasjement og kunnskap om klima og energi. Kontakt oss hvis du vil være med eller har lyst til å vite mer!
