{"id":522,"date":"2022-09-17T14:23:13","date_gmt":"2022-09-17T12:23:13","guid":{"rendered":"https:\/\/naturvernforbundet.no\/innlandet\/?page_id=522"},"modified":"2025-05-04T18:34:43","modified_gmt":"2025-05-04T16:34:43","slug":"om-fylkeslaget","status":"publish","type":"page","link":"https:\/\/naturvernforbundet.no\/innlandet\/om-fylkeslaget\/","title":{"rendered":"Kontakt oss"},"content":{"rendered":"\t<div class=\"template-page alignfull wp-block-naturvern-hero\">\n\t\t<div class=\"hero__inner\">\n\t\t\t<div class=\"hero__inner_blocks\">\n\t\t\t\t\t\t\t\t\n<h1 class=\"wp-block-post-title\">Kontakt oss<\/h1>\n\n<div class=\"wp-block-post-excerpt\"><p class=\"wp-block-post-excerpt__excerpt\">Vi har fokus p\u00e5 ditt n\u00e6romr\u00e5de <\/p><\/div>\n\n\n\t\t\t<\/div>\n\t\t\t\t\t<\/div>\n\t\t\t<\/div>\n\t\n\n\n<h2 class=\"wp-block-heading\">Om oss<\/h2>\n\n\n\n<p>Naturvernforbundet i Innlandet ble stiftet i juni 2021, og er en sammensl\u00e5ing av de tidligere fylkeslagene i Hedmark og Oppland. Styret og valgkomiteen skal ha like mange representanter fra hvert av de tidligere fylkene. \u00c5rsm\u00f8tet avholdes innen utgangen av mars hvert \u00e5r. Alle medlemmer (som har betalt medlemskontingent foreg\u00e5ende \u00e5r) har m\u00f8te-, tale-, forslags- og stemmerett p\u00e5 \u00e5rsm\u00f8tet. Fylkeslaget har fylkessekret\u00e6r i 50 % stilling. Ta gjerne kontakt med oss!<\/p>\n\n\n\n<p>Innlandet har 10 lokallag, godt fordelt utover fylket. En oversikt over lokallagene finner du i menyen. \u00d8nsker du \u00e5 starte lokallag der du bor? Snakk med oss!<\/p>\n\n\n\n<p><\/p>\n\n\n\n<h3 class=\"wp-block-heading\">Naturvernforbundet i Innlandet<\/h3>\n\n\n\n<p>c\/o Anders Marstrander<br>Stensengdalen 12<br>2384 Brumunddal<br>E-post&nbsp;<a href=\"mailto:hedmark@naturvernforbundet.no\">innlandet@naturver<\/a><a href=\"mailto:hedmark@naturvern.no\">nforbundet.no<\/a><\/p>\n\n\n\n<h3 class=\"wp-block-heading\"><strong>Fylkessekret\u00e6r<\/strong><\/h3>\n\n\n\n<p>Amund Hagen Kristiansen, Fylkessekret\u00e6r Naturvernforbundet Innlandet. Epost: ahk@naturvernforbundet.no<\/p>\n\n\n\n<p><\/p>\n\n\n\n<div class=\"wp-block-group is-style-yellow is-layout-flow wp-block-group-is-layout-flow\">\n<h2 class=\"wp-block-heading has-text-align-center\">Fylkesstyret i Naturvernforbundet Innlandet<\/h2>\n\n\n\n<p><strong>Styreleder<\/strong> <br>Anders Marstrander<br>Telefon: 404 90 621<br>E-post: marstrander.anders@gmail.com<\/p>\n\n\n\n<p><strong>Styremedlemmer <\/strong><br>Arne Johs. Mortensen<br>Jan-Rune Samuelsen<br>Thomas Cottis<br>Synn\u00f8ve Rognlien<br>Helge Kirkhus<br>Arne Steen Vesterlid<br>Petter Martin Lindstad<\/p>\n\n\n\n<p><strong>Varamedlemmer <\/strong><br>Trude Nytr\u00f8en Pedersen<br>Bj\u00f8rn Fjellmosveen<br>Petter Nilsen<br>Kim Arild Aastangen<\/p>\n<\/div>\n\n\n\n<h3 class=\"wp-block-heading\"><strong>Valgkomit\u00e9:<\/strong><\/h3>\n\n\n\n<p>Leder: Ole Midthun (ole.midthun@gmail.com)<\/p>\n\n\n\n<p><\/p>\n\n\n\n<p><strong>V\u00e5re hovedarbeidsomr\u00e5der:<\/strong>&nbsp; Skog, arealbruk, motorvei, fritidsboligbygging, villrein, rovdyr, energi, naturglede.<\/p>\n","protected":false},"excerpt":{"rendered":"<p>Vi har fokus p\u00e5 ditt n\u00e6romr\u00e5de<\/p>\n","protected":false},"author":257,"featured_media":0,"parent":0,"menu_order":0,"comment_status":"closed","ping_status":"closed","template":"","meta":{"_relevanssi_hide_post":"","_relevanssi_hide_content":"","_relevanssi_pin_for_all":"","_relevanssi_pin_keywords":"","_relevanssi_unpin_keywords":"","_relevanssi_related_keywords":"","_relevanssi_related_include_ids":"","_relevanssi_related_exclude_ids":"","_relevanssi_related_no_append":"","_relevanssi_related_not_related":"","_relevanssi_related_posts":"625,910,720,621,846,821","_relevanssi_noindex_reason":"","hide_logo":false,"footnotes":""},"categories":[],"class_list":["post-522","page","type-page","status-publish","hentry"],"acf":[],"yoast_head":"<!-- This site is optimized with the Yoast SEO plugin v24.9 - https:\/\/yoast.com\/wordpress\/plugins\/seo\/ -->\n<title>Kontakt oss - Innlandet \/ Sisdajve<\/title>\n<meta name=\"robots\" content=\"index, follow, max-snippet:-1, max-image-preview:large, max-video-preview:-1\" \/>\n<link rel=\"canonical\" href=\"https:\/\/naturvernforbundet.no\/innlandet\/om-fylkeslaget\/\" \/>\n<meta property=\"og:locale\" content=\"nb_NO\" \/>\n<meta property=\"og:type\" content=\"article\" \/>\n<meta property=\"og:title\" content=\"Kontakt oss - Innlandet \/ Sisdajve\" \/>\n<meta property=\"og:description\" content=\"Vi har fokus p\u00e5 ditt n\u00e6romr\u00e5de\" \/>\n<meta property=\"og:url\" content=\"https:\/\/naturvernforbundet.no\/innlandet\/om-fylkeslaget\/\" \/>\n<meta property=\"og:site_name\" content=\"Innlandet \/ Sisdajve\" \/>\n<meta property=\"article:modified_time\" content=\"2025-05-04T16:34:43+00:00\" \/>\n<meta name=\"twitter:card\" content=\"summary_large_image\" \/>\n<meta name=\"twitter:label1\" content=\"Ansl. lesetid\" \/>\n\t<meta name=\"twitter:data1\" content=\"1 minutt\" \/>\n<script type=\"application\/ld+json\" class=\"yoast-schema-graph\">{\"@context\":\"https:\/\/schema.org\",\"@graph\":[{\"@type\":\"WebPage\",\"@id\":\"https:\/\/naturvernforbundet.no\/innlandet\/om-fylkeslaget\/\",\"url\":\"https:\/\/naturvernforbundet.no\/innlandet\/om-fylkeslaget\/\",\"name\":\"Kontakt oss - Innlandet \/ Sisdajve\",\"isPartOf\":{\"@id\":\"https:\/\/naturvernforbundet.no\/innlandet\/#website\"},\"datePublished\":\"2022-09-17T12:23:13+00:00\",\"dateModified\":\"2025-05-04T16:34:43+00:00\",\"breadcrumb\":{\"@id\":\"https:\/\/naturvernforbundet.no\/innlandet\/om-fylkeslaget\/#breadcrumb\"},\"inLanguage\":\"nb-NO\",\"potentialAction\":[{\"@type\":\"ReadAction\",\"target\":[\"https:\/\/naturvernforbundet.no\/innlandet\/om-fylkeslaget\/\"]}]},{\"@type\":\"BreadcrumbList\",\"@id\":\"https:\/\/naturvernforbundet.no\/innlandet\/om-fylkeslaget\/#breadcrumb\",\"itemListElement\":[{\"@type\":\"ListItem\",\"position\":1,\"name\":\"Till naturvernforbundet.no\",\"item\":\"https:\/\/naturvernforbundet.no\/\"},{\"@type\":\"ListItem\",\"position\":2,\"name\":\"Innlandet \/ Sisdajve\",\"item\":\"https:\/\/naturvernforbundet.no\/innlandet\/\"},{\"@type\":\"ListItem\",\"position\":3,\"name\":\"Kontakt oss\"}]},{\"@type\":\"WebSite\",\"@id\":\"https:\/\/naturvernforbundet.no\/innlandet\/#website\",\"url\":\"https:\/\/naturvernforbundet.no\/innlandet\/\",\"name\":\"Innlandet \/ Sisdajve\",\"description\":\"Bare enda et Naturvernforbundet Sites-nettsted\",\"potentialAction\":[{\"@type\":\"SearchAction\",\"target\":{\"@type\":\"EntryPoint\",\"urlTemplate\":\"https:\/\/naturvernforbundet.no\/innlandet\/?s={search_term_string}\"},\"query-input\":{\"@type\":\"PropertyValueSpecification\",\"valueRequired\":true,\"valueName\":\"search_term_string\"}}],\"inLanguage\":\"nb-NO\"}]}<\/script>\n<!-- \/ Yoast SEO plugin. -->","yoast_head_json":{"title":"Kontakt oss - Innlandet \/ Sisdajve","robots":{"index":"index","follow":"follow","max-snippet":"max-snippet:-1","max-image-preview":"max-image-preview:large","max-video-preview":"max-video-preview:-1"},"canonical":"https:\/\/naturvernforbundet.no\/innlandet\/om-fylkeslaget\/","og_locale":"nb_NO","og_type":"article","og_title":"Kontakt oss - Innlandet \/ Sisdajve","og_description":"Vi har fokus p\u00e5 ditt n\u00e6romr\u00e5de","og_url":"https:\/\/naturvernforbundet.no\/innlandet\/om-fylkeslaget\/","og_site_name":"Innlandet \/ Sisdajve","article_modified_time":"2025-05-04T16:34:43+00:00","twitter_card":"summary_large_image","twitter_misc":{"Ansl. lesetid":"1 minutt"},"schema":{"@context":"https:\/\/schema.org","@graph":[{"@type":"WebPage","@id":"https:\/\/naturvernforbundet.no\/innlandet\/om-fylkeslaget\/","url":"https:\/\/naturvernforbundet.no\/innlandet\/om-fylkeslaget\/","name":"Kontakt oss - Innlandet \/ Sisdajve","isPartOf":{"@id":"https:\/\/naturvernforbundet.no\/innlandet\/#website"},"datePublished":"2022-09-17T12:23:13+00:00","dateModified":"2025-05-04T16:34:43+00:00","breadcrumb":{"@id":"https:\/\/naturvernforbundet.no\/innlandet\/om-fylkeslaget\/#breadcrumb"},"inLanguage":"nb-NO","potentialAction":[{"@type":"ReadAction","target":["https:\/\/naturvernforbundet.no\/innlandet\/om-fylkeslaget\/"]}]},{"@type":"BreadcrumbList","@id":"https:\/\/naturvernforbundet.no\/innlandet\/om-fylkeslaget\/#breadcrumb","itemListElement":[{"@type":"ListItem","position":1,"name":"Till naturvernforbundet.no","item":"https:\/\/naturvernforbundet.no\/"},{"@type":"ListItem","position":2,"name":"Innlandet \/ Sisdajve","item":"https:\/\/naturvernforbundet.no\/innlandet\/"},{"@type":"ListItem","position":3,"name":"Kontakt oss"}]},{"@type":"WebSite","@id":"https:\/\/naturvernforbundet.no\/innlandet\/#website","url":"https:\/\/naturvernforbundet.no\/innlandet\/","name":"Innlandet \/ Sisdajve","description":"Bare enda et Naturvernforbundet Sites-nettsted","potentialAction":[{"@type":"SearchAction","target":{"@type":"EntryPoint","urlTemplate":"https:\/\/naturvernforbundet.no\/innlandet\/?s={search_term_string}"},"query-input":{"@type":"PropertyValueSpecification","valueRequired":true,"valueName":"search_term_string"}}],"inLanguage":"nb-NO"}]}},"_links":{"self":[{"href":"https:\/\/naturvernforbundet.no\/innlandet\/wp-json\/wp\/v2\/pages\/522","targetHints":{"allow":["GET"]}}],"collection":[{"href":"https:\/\/naturvernforbundet.no\/innlandet\/wp-json\/wp\/v2\/pages"}],"about":[{"href":"https:\/\/naturvernforbundet.no\/innlandet\/wp-json\/wp\/v2\/types\/page"}],"author":[{"embeddable":true,"href":"https:\/\/naturvernforbundet.no\/innlandet\/wp-json\/wp\/v2\/users\/257"}],"replies":[{"embeddable":true,"href":"https:\/\/naturvernforbundet.no\/innlandet\/wp-json\/wp\/v2\/comments?post=522"}],"version-history":[{"count":31,"href":"https:\/\/naturvernforbundet.no\/innlandet\/wp-json\/wp\/v2\/pages\/522\/revisions"}],"predecessor-version":[{"id":3274,"href":"https:\/\/naturvernforbundet.no\/innlandet\/wp-json\/wp\/v2\/pages\/522\/revisions\/3274"}],"wp:attachment":[{"href":"https:\/\/naturvernforbundet.no\/innlandet\/wp-json\/wp\/v2\/media?parent=522"}],"wp:term":[{"taxonomy":"category","embeddable":true,"href":"https:\/\/naturvernforbundet.no\/innlandet\/wp-json\/wp\/v2\/categories?post=522"}],"curies":[{"name":"wp","href":"https:\/\/api.w.org\/{rel}","templated":true}]}}