{"version":"1.0","provider_name":"M\u00f8re og Romsdal","provider_url":"https:\/\/naturvernforbundet.no\/moreogromsdal","author_name":"Artikkelimport\u00f8r","author_url":"https:\/\/naturvernforbundet.no\/moreogromsdal\/author\/artikkelimportor\/","title":"Fakta: Minikraftverk - miniproblemer? - M\u00f8re og Romsdal","type":"rich","width":600,"height":338,"html":"<blockquote class=\"wp-embedded-content\" data-secret=\"TO1m2c6GSa\"><a href=\"https:\/\/naturvernforbundet.no\/moreogromsdal\/fakta-minikraftverk-miniproblemer\/\">Fakta: Minikraftverk &#8211; miniproblemer?<\/a><\/blockquote><iframe sandbox=\"allow-scripts\" security=\"restricted\" src=\"https:\/\/naturvernforbundet.no\/moreogromsdal\/fakta-minikraftverk-miniproblemer\/embed\/#?secret=TO1m2c6GSa\" width=\"600\" height=\"338\" title=\"&laquo;Fakta: Minikraftverk &#8211; miniproblemer?&raquo; &#8212; M\u00f8re og Romsdal\" data-secret=\"TO1m2c6GSa\" frameborder=\"0\" marginwidth=\"0\" marginheight=\"0\" scrolling=\"no\" class=\"wp-embedded-content\"><\/iframe><script>\n\/*! This file is auto-generated *\/\n!function(d,l){\"use strict\";l.querySelector&&d.addEventListener&&\"undefined\"!=typeof URL&&(d.wp=d.wp||{},d.wp.receiveEmbedMessage||(d.wp.receiveEmbedMessage=function(e){var t=e.data;if((t||t.secret||t.message||t.value)&&!\/[^a-zA-Z0-9]\/.test(t.secret)){for(var s,r,n,a=l.querySelectorAll('iframe[data-secret=\"'+t.secret+'\"]'),o=l.querySelectorAll('blockquote[data-secret=\"'+t.secret+'\"]'),c=new RegExp(\"^https?:$\",\"i\"),i=0;i<o.length;i++)o[i].style.display=\"none\";for(i=0;i<a.length;i++)s=a[i],e.source===s.contentWindow&&(s.removeAttribute(\"style\"),\"height\"===t.message?(1e3<(r=parseInt(t.value,10))?r=1e3:~~r<200&&(r=200),s.height=r):\"link\"===t.message&&(r=new URL(s.getAttribute(\"src\")),n=new URL(t.value),c.test(n.protocol))&&n.host===r.host&&l.activeElement===s&&(d.top.location.href=t.value))}},d.addEventListener(\"message\",d.wp.receiveEmbedMessage,!1),l.addEventListener(\"DOMContentLoaded\",function(){for(var e,t,s=l.querySelectorAll(\"iframe.wp-embedded-content\"),r=0;r<s.length;r++)(t=(e=s[r]).getAttribute(\"data-secret\"))||(t=Math.random().toString(36).substring(2,12),e.src+=\"#?secret=\"+t,e.setAttribute(\"data-secret\",t)),e.contentWindow.postMessage({message:\"ready\",secret:t},\"*\")},!1)))}(window,document);\n<\/script>\n","description":"Dette er ein gjennomgang av minikraftverksituasjonen no, sj\u00f8lvsagt farga av Naturvernforbundet sin st\u00e5stad, p\u00e5 f\u00f8respurnad fr\u00e5 B\u00e5rd Siem, Sunnm\u00f8rsposten. Om bruken av dette stoffet: Dette er meint som bakgrunn og m\u00e5 bearbeidast journalistisk. Ein del av formuleringane kan brukast, men avtal dette med \u00d8ystein Folden f\u00f8rst. Vi kjem til \u00e5 arbeide med denne saka ogs\u00e5 gjennom lesarbrev, s\u00e5 dei delane av stoffet som har mest preg av partsinnlegg kan det vere mest ryddig \u00e5 ta p\u00e5 den m\u00e5ten. Brevet som ligg ved, sendt ut i 2004 er offentleg og kan nyttast utan vidare."}

Møre og Romsdal

Artikkelimportør

Fakta: Minikraftverk - miniproblemer? - Møre og Romsdal

<blockquote class="wp-embedded-content" data-secret="TO1m2c6GSa"><a href="https://naturvernforbundet.no/moreogromsdal/fakta-minikraftverk-miniproblemer/">Fakta: Minikraftverk &#8211; miniproblemer?</a></blockquote><iframe sandbox="allow-scripts" security="restricted" src="https://naturvernforbundet.no/moreogromsdal/fakta-minikraftverk-miniproblemer/embed/#?secret=TO1m2c6GSa" width="600" height="338" title="&laquo;Fakta: Minikraftverk &#8211; miniproblemer?&raquo; &#8212; Møre og Romsdal" data-secret="TO1m2c6GSa" frameborder="0" marginwidth="0" marginheight="0" scrolling="no" class="wp-embedded-content"></iframe><script>
/*! This file is auto-generated */
!function(d,l){"use strict";l.querySelector&&d.addEventListener&&"undefined"!=typeof URL&&(d.wp=d.wp||{},d.wp.receiveEmbedMessage||(d.wp.receiveEmbedMessage=function(e){var t=e.data;if((t||t.secret||t.message||t.value)&&!/[^a-zA-Z0-9]/.test(t.secret)){for(var s,r,n,a=l.querySelectorAll('iframe[data-secret="'+t.secret+'"]'),o=l.querySelectorAll('blockquote[data-secret="'+t.secret+'"]'),c=new RegExp("^https?:$","i"),i=0;i<o.length;i++)o[i].style.display="none";for(i=0;i<a.length;i++)s=a[i],e.source===s.contentWindow&&(s.removeAttribute("style"),"height"===t.message?(1e3<(r=parseInt(t.value,10))?r=1e3:~~r<200&&(r=200),s.height=r):"link"===t.message&&(r=new URL(s.getAttribute("src")),n=new URL(t.value),c.test(n.protocol))&&n.host===r.host&&l.activeElement===s&&(d.top.location.href=t.value))}},d.addEventListener("message",d.wp.receiveEmbedMessage,!1),l.addEventListener("DOMContentLoaded",function(){for(var e,t,s=l.querySelectorAll("iframe.wp-embedded-content"),r=0;r<s.length;r++)(t=(e=s[r]).getAttribute("data-secret"))||(t=Math.random().toString(36).substring(2,12),e.src+="#?secret="+t,e.setAttribute("data-secret",t)),e.contentWindow.postMessage({message:"ready",secret:t},"*")},!1)))}(window,document);
</script>

Dette er ein gjennomgang av minikraftverksituasjonen no, sjølvsagt farga av Naturvernforbundet sin ståstad, på førespurnad frå Bård Siem, Sunnmørsposten. Om bruken av dette stoffet: Dette er meint som bakgrunn og må bearbeidast journalistisk. Ein del av formuleringane kan brukast, men avtal dette med Øystein Folden først. Vi kjem til å arbeide med denne saka også gjennom lesarbrev, så dei delane av stoffet som har mest preg av partsinnlegg kan det vere mest ryddig å ta på den måten. Brevet som ligg ved, sendt ut i 2004 er offentleg og kan nyttast utan vidare.
