{"version":"1.0","provider_name":"M\u00f8re og Romsdal","provider_url":"https:\/\/naturvernforbundet.no\/moreogromsdal","author_name":"Artikkelimport\u00f8r","author_url":"https:\/\/naturvernforbundet.no\/moreogromsdal\/author\/artikkelimportor\/","title":"Utbygging av Urkeelva i \u00d8rsta - M\u00f8re og Romsdal","type":"rich","width":600,"height":338,"html":"<blockquote class=\"wp-embedded-content\" data-secret=\"dszwPV7xnk\"><a href=\"https:\/\/naturvernforbundet.no\/moreogromsdal\/utbygging-av-urkeelva-i-orsta\/\">Utbygging av Urkeelva i \u00d8rsta<\/a><\/blockquote><iframe sandbox=\"allow-scripts\" security=\"restricted\" src=\"https:\/\/naturvernforbundet.no\/moreogromsdal\/utbygging-av-urkeelva-i-orsta\/embed\/#?secret=dszwPV7xnk\" width=\"600\" height=\"338\" title=\"&laquo;Utbygging av Urkeelva i \u00d8rsta&raquo; &#8212; M\u00f8re og Romsdal\" data-secret=\"dszwPV7xnk\" frameborder=\"0\" marginwidth=\"0\" marginheight=\"0\" scrolling=\"no\" class=\"wp-embedded-content\"><\/iframe><script>\n\/*! This file is auto-generated *\/\n!function(d,l){\"use strict\";l.querySelector&&d.addEventListener&&\"undefined\"!=typeof URL&&(d.wp=d.wp||{},d.wp.receiveEmbedMessage||(d.wp.receiveEmbedMessage=function(e){var t=e.data;if((t||t.secret||t.message||t.value)&&!\/[^a-zA-Z0-9]\/.test(t.secret)){for(var s,r,n,a=l.querySelectorAll('iframe[data-secret=\"'+t.secret+'\"]'),o=l.querySelectorAll('blockquote[data-secret=\"'+t.secret+'\"]'),c=new RegExp(\"^https?:$\",\"i\"),i=0;i<o.length;i++)o[i].style.display=\"none\";for(i=0;i<a.length;i++)s=a[i],e.source===s.contentWindow&&(s.removeAttribute(\"style\"),\"height\"===t.message?(1e3<(r=parseInt(t.value,10))?r=1e3:~~r<200&&(r=200),s.height=r):\"link\"===t.message&&(r=new URL(s.getAttribute(\"src\")),n=new URL(t.value),c.test(n.protocol))&&n.host===r.host&&l.activeElement===s&&(d.top.location.href=t.value))}},d.addEventListener(\"message\",d.wp.receiveEmbedMessage,!1),l.addEventListener(\"DOMContentLoaded\",function(){for(var e,t,s=l.querySelectorAll(\"iframe.wp-embedded-content\"),r=0;r<s.length;r++)(t=(e=s[r]).getAttribute(\"data-secret\"))||(t=Math.random().toString(36).substring(2,12),e.src+=\"#?secret=\"+t,e.setAttribute(\"data-secret\",t)),e.contentWindow.postMessage({message:\"ready\",secret:t},\"*\")},!1)))}(window,document);\n<\/script>\n","description":"Det som no skjer, er at typiske trekk ved sunnm\u00f8rsnaturen forsvinn. Dette er trekk som nasjonalt og globalt er einest\u00e5ande. Det er ikkje dei uvanlege naturelementa som er utsette for utrydding\/ forvandling, men dei typiske. Det er fr\u00e5 desse dei kulturelle r\u00f8tene v\u00e5re spring ut. Det er desse vi nyttar i kunst og litteratur for \u00e5 fortelje kven vi er, og det er desse vi nyttar for \u00e5 f\u00e5 turistar og nye busetjarar til Sunnm\u00f8re. Naturvernforbundet \u00f8nskjer ogs\u00e5 \u00e5 f\u00e5 \"sanert\" eksisterande veg."}

Møre og Romsdal

Artikkelimportør

Utbygging av Urkeelva i Ørsta - Møre og Romsdal

<blockquote class="wp-embedded-content" data-secret="dszwPV7xnk"><a href="https://naturvernforbundet.no/moreogromsdal/utbygging-av-urkeelva-i-orsta/">Utbygging av Urkeelva i Ørsta</a></blockquote><iframe sandbox="allow-scripts" security="restricted" src="https://naturvernforbundet.no/moreogromsdal/utbygging-av-urkeelva-i-orsta/embed/#?secret=dszwPV7xnk" width="600" height="338" title="&laquo;Utbygging av Urkeelva i Ørsta&raquo; &#8212; Møre og Romsdal" data-secret="dszwPV7xnk" frameborder="0" marginwidth="0" marginheight="0" scrolling="no" class="wp-embedded-content"></iframe><script>
/*! This file is auto-generated */
!function(d,l){"use strict";l.querySelector&&d.addEventListener&&"undefined"!=typeof URL&&(d.wp=d.wp||{},d.wp.receiveEmbedMessage||(d.wp.receiveEmbedMessage=function(e){var t=e.data;if((t||t.secret||t.message||t.value)&&!/[^a-zA-Z0-9]/.test(t.secret)){for(var s,r,n,a=l.querySelectorAll('iframe[data-secret="'+t.secret+'"]'),o=l.querySelectorAll('blockquote[data-secret="'+t.secret+'"]'),c=new RegExp("^https?:$","i"),i=0;i<o.length;i++)o[i].style.display="none";for(i=0;i<a.length;i++)s=a[i],e.source===s.contentWindow&&(s.removeAttribute("style"),"height"===t.message?(1e3<(r=parseInt(t.value,10))?r=1e3:~~r<200&&(r=200),s.height=r):"link"===t.message&&(r=new URL(s.getAttribute("src")),n=new URL(t.value),c.test(n.protocol))&&n.host===r.host&&l.activeElement===s&&(d.top.location.href=t.value))}},d.addEventListener("message",d.wp.receiveEmbedMessage,!1),l.addEventListener("DOMContentLoaded",function(){for(var e,t,s=l.querySelectorAll("iframe.wp-embedded-content"),r=0;r<s.length;r++)(t=(e=s[r]).getAttribute("data-secret"))||(t=Math.random().toString(36).substring(2,12),e.src+="#?secret="+t,e.setAttribute("data-secret",t)),e.contentWindow.postMessage({message:"ready",secret:t},"*")},!1)))}(window,document);
</script>

Det som no skjer, er at typiske trekk ved sunnmørsnaturen forsvinn. Dette er trekk som nasjonalt og globalt er eineståande. Det er ikkje dei uvanlege naturelementa som er utsette for utrydding/ forvandling, men dei typiske. Det er frå desse dei kulturelle røtene våre spring ut. Det er desse vi nyttar i kunst og litteratur for å fortelje kven vi er, og det er desse vi nyttar for å få turistar og nye busetjarar til Sunnmøre. Naturvernforbundet ønskjer også å få "sanert" eksisterande veg.
