{"version":"1.0","provider_name":"Nordland","provider_url":"https:\/\/naturvernforbundet.no\/nordland","author_name":"Terje Cruickshank","author_url":"https:\/\/naturvernforbundet.no\/nordland\/author\/terjecruickshank\/","title":"Naturvernforbundets jubileumsmarkering i Nordland - Nordland","type":"rich","width":600,"height":338,"html":"<blockquote class=\"wp-embedded-content\" data-secret=\"B7S2d2YXhi\"><a href=\"https:\/\/naturvernforbundet.no\/nordland\/naturvernforbundets-jubileumsmarkering-i-nordland\/\">Naturvernforbundets jubileumsmarkering i Nordland<\/a><\/blockquote><iframe sandbox=\"allow-scripts\" security=\"restricted\" src=\"https:\/\/naturvernforbundet.no\/nordland\/naturvernforbundets-jubileumsmarkering-i-nordland\/embed\/#?secret=B7S2d2YXhi\" width=\"600\" height=\"338\" title=\"&laquo;Naturvernforbundets jubileumsmarkering i Nordland&raquo; &#8212; Nordland\" data-secret=\"B7S2d2YXhi\" frameborder=\"0\" marginwidth=\"0\" marginheight=\"0\" scrolling=\"no\" class=\"wp-embedded-content\"><\/iframe><script>\n\/*! This file is auto-generated *\/\n!function(d,l){\"use strict\";l.querySelector&&d.addEventListener&&\"undefined\"!=typeof URL&&(d.wp=d.wp||{},d.wp.receiveEmbedMessage||(d.wp.receiveEmbedMessage=function(e){var t=e.data;if((t||t.secret||t.message||t.value)&&!\/[^a-zA-Z0-9]\/.test(t.secret)){for(var s,r,n,a=l.querySelectorAll('iframe[data-secret=\"'+t.secret+'\"]'),o=l.querySelectorAll('blockquote[data-secret=\"'+t.secret+'\"]'),c=new RegExp(\"^https?:$\",\"i\"),i=0;i<o.length;i++)o[i].style.display=\"none\";for(i=0;i<a.length;i++)s=a[i],e.source===s.contentWindow&&(s.removeAttribute(\"style\"),\"height\"===t.message?(1e3<(r=parseInt(t.value,10))?r=1e3:~~r<200&&(r=200),s.height=r):\"link\"===t.message&&(r=new URL(s.getAttribute(\"src\")),n=new URL(t.value),c.test(n.protocol))&&n.host===r.host&&l.activeElement===s&&(d.top.location.href=t.value))}},d.addEventListener(\"message\",d.wp.receiveEmbedMessage,!1),l.addEventListener(\"DOMContentLoaded\",function(){for(var e,t,s=l.querySelectorAll(\"iframe.wp-embedded-content\"),r=0;r<s.length;r++)(t=(e=s[r]).getAttribute(\"data-secret\"))||(t=Math.random().toString(36).substring(2,12),e.src+=\"#?secret=\"+t,e.setAttribute(\"data-secret\",t)),e.contentWindow.postMessage({message:\"ready\",secret:t},\"*\")},!1)))}(window,document);\n<\/script>\n","thumbnail_url":"https:\/\/naturvernforbundet.no\/content\/uploads\/sites\/15\/2014\/06\/100arslogo.png","thumbnail_width":236,"thumbnail_height":99,"description":"Helgen 8-10.august inviterer Naturvernforbundet i Nordland til en ekte naturgledehelg, der vi skal feire oss selv, v\u00e5re seire, f\u00e5 oppleve Nordlandsnatur p\u00e5 sitt beste og ha en god tid sammen. Opplegget er godt familieorientert og det vil v\u00e6re mye l\u00e6rerikt for de minste og st\u00f8rste \u00e5 f\u00e5 med seg fra denne helgen."}

Helgen 8-10.august inviterer Naturvernforbundet i Nordland til en ekte naturgledehelg, der vi skal feire oss selv, våre seire, få oppleve Nordlandsnatur på sitt beste og ha en god tid sammen. Opplegget er godt familieorientert og det vil være mye lærerikt for de minste og største å få med seg fra denne helgen.
