{"id":17208,"date":"2026-04-13T14:37:06","date_gmt":"2026-04-13T12:37:06","guid":{"rendered":"https:\/\/naturvernforbundet.no\/osloogakershus\/?post_type=event&#038;p=17208"},"modified":"2026-04-13T14:47:30","modified_gmt":"2026-04-13T12:47:30","slug":"naturpust-i-hvervenbukta-3","status":"publish","type":"event","link":"https:\/\/naturvernforbundet.no\/osloogakershus\/event\/naturpust-i-hvervenbukta-3\/","title":{"rendered":"Naturpust i Hvervenbukta"},"content":{"rendered":"\t<div class=\"template-event alignnone wp-block-naturvern-hero\">\n\t\t<div class=\"hero__inner\">\n\t\t\t<div class=\"hero__inner_blocks\">\n\t\t\t\t\n\t\t<div class=\"naturvern-event-meta\">\n\t\t<div class=\"naturvern-event-meta-inner\">\n\t\t\t<div class=\"event-date\">\n\t\t\t\t<div>\n\t\t\t\t\t<span class=\"day\">21.mai<\/span>\n\t\t\t\t\t<span class=\"year\">2026<\/span>\n\t\t\t\t<\/div>\n\t\t\t<\/div>\n\t\t<\/div>\n\t\t<\/div>\t\t\t\t\n<h1 class=\"wp-block-post-title\">Naturpust i Hvervenbukta<\/h1>\n\n\n\t\t\t<div class=\"naturvern-event-meta-full\">\n\t\t\t<div class=\"naturvern-event-meta-inner\">\n\t\t\t\t<div>\n\t\t\t\t\t<span>Hva:<\/span>\n\t\t\t\t\t<span>Naturpust <\/span>\n\t\t\t\t<\/div>\n\t\t\t\t<div>\n\t\t\t\t\t<span>N\u00e5r:<\/span>\n\t\t\t\t\t<span>21.mai, kl. 18:00<\/span>\n\t\t\t\t<\/div>\n\t\t\t\t<div>\n\t\t\t\t\t<span>Hvor:<\/span>\n\t\t\t\t\t<span>Hvervenbukta<\/span>\n\t\t\t\t<\/div>\n\t\t\t<\/div>\n\t\t\t<\/div>\n\n\n<p><\/p>\n\n\n\n\n<figure class=\"wp-block-post-featured-image\"><div class=\"t2-image-credit\"><div class=\"t2-image-credit\"><img loading=\"lazy\" decoding=\"async\" width=\"1512\" height=\"2016\" src=\"https:\/\/naturvernforbundet.no\/content\/uploads\/sites\/10\/2023\/06\/naturpust-sognsvann.jpg\" class=\"attachment-post-thumbnail size-post-thumbnail wp-post-image\" alt=\"Naturpusttur Sognsvann. V\u00e5r 2023.\" style=\"object-fit:cover;\" srcset=\"https:\/\/naturvernforbundet.no\/content\/uploads\/sites\/10\/2023\/06\/naturpust-sognsvann.jpg 1512w, https:\/\/naturvernforbundet.no\/content\/uploads\/sites\/10\/2023\/06\/naturpust-sognsvann-225x300.jpg 225w, https:\/\/naturvernforbundet.no\/content\/uploads\/sites\/10\/2023\/06\/naturpust-sognsvann-768x1024.jpg 768w, https:\/\/naturvernforbundet.no\/content\/uploads\/sites\/10\/2023\/06\/naturpust-sognsvann-1152x1536.jpg 1152w, https:\/\/naturvernforbundet.no\/content\/uploads\/sites\/10\/2023\/06\/naturpust-sognsvann-1440x1920.jpg 1440w\" sizes=\"auto, (max-width: 1512px) 100vw, 1512px\" \/><span class=\"t2-image-credit-name\">Maria Andersen<\/span><\/div><span class=\"t2-image-credit-name\">Maria Andersen<\/span><\/div><\/figure>\n\t\t\t<\/div>\n\t\t\t\t\t<\/div>\n\t\t\t<\/div>\n\t\n\n\n<p>Obs p\u00e5melding: <a href=\"https:\/\/forms.cloud.microsoft\/e\/WRvGxpxmXQ\">Naturpust\u00a0 \u2013 Fyll ut skjema<\/a><\/p>\n\n\n\n<p>Bli med inn i skogen: Bli med p\u00e5 naturpust \u2013 der naturkunnskap m\u00f8ter naturmeditasjon.<\/p>\n\n\n\n<p>Naturen er viktig ikke bare som et sted vi kan trene v\u00e5r fysiske helse, men den er vel s\u00e5 viktig som en arena for v\u00e5r mentale helse. Turen gir verkt\u00f8y du kan bruke n\u00e5r du g\u00e5r tur alene i naturen, for \u00e5 stresse ned, fatte beslutninger eller f\u00f8le p\u00e5 aksept og tilh\u00f8righet.<\/p>\n\n\n\n<p>Turen tar ca. 2 timer.<\/p>\n\n\n\n<p>Susanne Genneper fra GetOut Coaching og Maria Andersen fra Naturvernforbundet i Oslo og Akershus er turledere.<\/p>\n\n\n\n<p>Begrenset antall plasser. Meld deg p\u00e5 her: <a href=\"https:\/\/forms.cloud.microsoft\/e\/WRvGxpxmXQ\">Naturpust\u00a0 \u2013 Fyll ut skjema<\/a><\/p>\n","protected":false},"excerpt":{"rendered":"","protected":false},"featured_media":7333,"template":"","meta":{"_relevanssi_hide_post":"","_relevanssi_hide_content":"","_relevanssi_pin_for_all":"","_relevanssi_pin_keywords":"","_relevanssi_unpin_keywords":"","_relevanssi_related_keywords":"","_relevanssi_related_include_ids":"","_relevanssi_related_exclude_ids":"","_relevanssi_related_no_append":"","_relevanssi_related_not_related":"","_relevanssi_related_posts":"14511,16019,2594,2602,16251,585","_relevanssi_noindex_reason":"","hide_logo":false,"_start_date":"2026-05-21T18:00:00","_end_date":"","_event_type":"Naturpust ","_event_location":"Hvervenbukta","footnotes":""},"local":[],"class_list":["post-17208","event","type-event","status-publish","has-post-thumbnail","hentry"],"acf":[],"yoast_head":"<!-- This site is optimized with the Yoast SEO Premium plugin v24.9 (Yoast SEO v24.9) - https:\/\/yoast.com\/wordpress\/plugins\/seo\/ -->\n<title>Naturpust i Hvervenbukta - Oslo og Akershus<\/title>\n<meta name=\"robots\" content=\"index, follow, max-snippet:-1, max-image-preview:large, max-video-preview:-1\" \/>\n<link rel=\"canonical\" href=\"https:\/\/naturvernforbundet.no\/osloogakershus\/event\/naturpust-i-hvervenbukta-3\/\" \/>\n<meta property=\"og:locale\" content=\"nb_NO\" \/>\n<meta property=\"og:type\" content=\"article\" \/>\n<meta property=\"og:title\" content=\"Naturpust i Hvervenbukta\" \/>\n<meta property=\"og:url\" content=\"https:\/\/naturvernforbundet.no\/osloogakershus\/event\/naturpust-i-hvervenbukta-3\/\" \/>\n<meta property=\"og:site_name\" content=\"Oslo og Akershus\" \/>\n<meta property=\"article:modified_time\" content=\"2026-04-13T12:47:30+00:00\" \/>\n<meta property=\"og:image\" content=\"https:\/\/naturvernforbundet.no\/content\/uploads\/sites\/10\/2023\/06\/naturpust-sognsvann.jpg\" \/>\n\t<meta property=\"og:image:width\" content=\"1512\" \/>\n\t<meta property=\"og:image:height\" content=\"2016\" \/>\n\t<meta property=\"og:image:type\" content=\"image\/jpeg\" \/>\n<meta name=\"twitter:card\" content=\"summary_large_image\" \/>\n<meta name=\"twitter:label1\" content=\"Ansl. lesetid\" \/>\n\t<meta name=\"twitter:data1\" content=\"1 minutt\" \/>\n<script type=\"application\/ld+json\" class=\"yoast-schema-graph\">{\"@context\":\"https:\/\/schema.org\",\"@graph\":[{\"@type\":\"WebPage\",\"@id\":\"https:\/\/naturvernforbundet.no\/osloogakershus\/event\/naturpust-i-hvervenbukta-3\/\",\"url\":\"https:\/\/naturvernforbundet.no\/osloogakershus\/event\/naturpust-i-hvervenbukta-3\/\",\"name\":\"Naturpust i Hvervenbukta - Oslo og Akershus\",\"isPartOf\":{\"@id\":\"https:\/\/naturvernforbundet.no\/osloogakershus\/#website\"},\"primaryImageOfPage\":{\"@id\":\"https:\/\/naturvernforbundet.no\/osloogakershus\/event\/naturpust-i-hvervenbukta-3\/#primaryimage\"},\"image\":{\"@id\":\"https:\/\/naturvernforbundet.no\/osloogakershus\/event\/naturpust-i-hvervenbukta-3\/#primaryimage\"},\"thumbnailUrl\":\"https:\/\/naturvernforbundet.no\/content\/uploads\/sites\/10\/2023\/06\/naturpust-sognsvann.jpg\",\"datePublished\":\"2026-04-13T12:37:06+00:00\",\"dateModified\":\"2026-04-13T12:47:30+00:00\",\"breadcrumb\":{\"@id\":\"https:\/\/naturvernforbundet.no\/osloogakershus\/event\/naturpust-i-hvervenbukta-3\/#breadcrumb\"},\"inLanguage\":\"nb-NO\",\"potentialAction\":[{\"@type\":\"ReadAction\",\"target\":[\"https:\/\/naturvernforbundet.no\/osloogakershus\/event\/naturpust-i-hvervenbukta-3\/\"]}]},{\"@type\":\"ImageObject\",\"inLanguage\":\"nb-NO\",\"@id\":\"https:\/\/naturvernforbundet.no\/osloogakershus\/event\/naturpust-i-hvervenbukta-3\/#primaryimage\",\"url\":\"https:\/\/naturvernforbundet.no\/content\/uploads\/sites\/10\/2023\/06\/naturpust-sognsvann.jpg\",\"contentUrl\":\"https:\/\/naturvernforbundet.no\/content\/uploads\/sites\/10\/2023\/06\/naturpust-sognsvann.jpg\",\"width\":1512,\"height\":2016,\"caption\":\"Naturpusttur Sognsvann.\"},{\"@type\":\"BreadcrumbList\",\"@id\":\"https:\/\/naturvernforbundet.no\/osloogakershus\/event\/naturpust-i-hvervenbukta-3\/#breadcrumb\",\"itemListElement\":[{\"@type\":\"ListItem\",\"position\":1,\"name\":\"Till naturvernforbundet.no\",\"item\":\"https:\/\/naturvernforbundet.no\/\"},{\"@type\":\"ListItem\",\"position\":2,\"name\":\"Oslo og Akershus\",\"item\":\"https:\/\/naturvernforbundet.no\/osloogakershus\/\"},{\"@type\":\"ListItem\",\"position\":3,\"name\":\"Event\",\"item\":\"https:\/\/naturvernforbundet.no\/osloogakershus\/event\/\"},{\"@type\":\"ListItem\",\"position\":4,\"name\":\"Naturpust i Hvervenbukta\"}]},{\"@type\":\"WebSite\",\"@id\":\"https:\/\/naturvernforbundet.no\/osloogakershus\/#website\",\"url\":\"https:\/\/naturvernforbundet.no\/osloogakershus\/\",\"name\":\"Oslo og Akershus\",\"description\":\"Bare enda et Naturvernforbundet Sites-nettsted\",\"potentialAction\":[{\"@type\":\"SearchAction\",\"target\":{\"@type\":\"EntryPoint\",\"urlTemplate\":\"https:\/\/naturvernforbundet.no\/osloogakershus\/?s={search_term_string}\"},\"query-input\":{\"@type\":\"PropertyValueSpecification\",\"valueRequired\":true,\"valueName\":\"search_term_string\"}}],\"inLanguage\":\"nb-NO\"}]}<\/script>\n<!-- \/ Yoast SEO Premium plugin. -->","yoast_head_json":{"title":"Naturpust i Hvervenbukta - Oslo og Akershus","robots":{"index":"index","follow":"follow","max-snippet":"max-snippet:-1","max-image-preview":"max-image-preview:large","max-video-preview":"max-video-preview:-1"},"canonical":"https:\/\/naturvernforbundet.no\/osloogakershus\/event\/naturpust-i-hvervenbukta-3\/","og_locale":"nb_NO","og_type":"article","og_title":"Naturpust i Hvervenbukta","og_url":"https:\/\/naturvernforbundet.no\/osloogakershus\/event\/naturpust-i-hvervenbukta-3\/","og_site_name":"Oslo og Akershus","article_modified_time":"2026-04-13T12:47:30+00:00","og_image":[{"width":1512,"height":2016,"url":"https:\/\/naturvernforbundet.no\/content\/uploads\/sites\/10\/2023\/06\/naturpust-sognsvann.jpg","type":"image\/jpeg"}],"twitter_card":"summary_large_image","twitter_misc":{"Ansl. lesetid":"1 minutt"},"schema":{"@context":"https:\/\/schema.org","@graph":[{"@type":"WebPage","@id":"https:\/\/naturvernforbundet.no\/osloogakershus\/event\/naturpust-i-hvervenbukta-3\/","url":"https:\/\/naturvernforbundet.no\/osloogakershus\/event\/naturpust-i-hvervenbukta-3\/","name":"Naturpust i Hvervenbukta - Oslo og Akershus","isPartOf":{"@id":"https:\/\/naturvernforbundet.no\/osloogakershus\/#website"},"primaryImageOfPage":{"@id":"https:\/\/naturvernforbundet.no\/osloogakershus\/event\/naturpust-i-hvervenbukta-3\/#primaryimage"},"image":{"@id":"https:\/\/naturvernforbundet.no\/osloogakershus\/event\/naturpust-i-hvervenbukta-3\/#primaryimage"},"thumbnailUrl":"https:\/\/naturvernforbundet.no\/content\/uploads\/sites\/10\/2023\/06\/naturpust-sognsvann.jpg","datePublished":"2026-04-13T12:37:06+00:00","dateModified":"2026-04-13T12:47:30+00:00","breadcrumb":{"@id":"https:\/\/naturvernforbundet.no\/osloogakershus\/event\/naturpust-i-hvervenbukta-3\/#breadcrumb"},"inLanguage":"nb-NO","potentialAction":[{"@type":"ReadAction","target":["https:\/\/naturvernforbundet.no\/osloogakershus\/event\/naturpust-i-hvervenbukta-3\/"]}]},{"@type":"ImageObject","inLanguage":"nb-NO","@id":"https:\/\/naturvernforbundet.no\/osloogakershus\/event\/naturpust-i-hvervenbukta-3\/#primaryimage","url":"https:\/\/naturvernforbundet.no\/content\/uploads\/sites\/10\/2023\/06\/naturpust-sognsvann.jpg","contentUrl":"https:\/\/naturvernforbundet.no\/content\/uploads\/sites\/10\/2023\/06\/naturpust-sognsvann.jpg","width":1512,"height":2016,"caption":"Naturpusttur Sognsvann."},{"@type":"BreadcrumbList","@id":"https:\/\/naturvernforbundet.no\/osloogakershus\/event\/naturpust-i-hvervenbukta-3\/#breadcrumb","itemListElement":[{"@type":"ListItem","position":1,"name":"Till naturvernforbundet.no","item":"https:\/\/naturvernforbundet.no\/"},{"@type":"ListItem","position":2,"name":"Oslo og Akershus","item":"https:\/\/naturvernforbundet.no\/osloogakershus\/"},{"@type":"ListItem","position":3,"name":"Event","item":"https:\/\/naturvernforbundet.no\/osloogakershus\/event\/"},{"@type":"ListItem","position":4,"name":"Naturpust i Hvervenbukta"}]},{"@type":"WebSite","@id":"https:\/\/naturvernforbundet.no\/osloogakershus\/#website","url":"https:\/\/naturvernforbundet.no\/osloogakershus\/","name":"Oslo og Akershus","description":"Bare enda et Naturvernforbundet Sites-nettsted","potentialAction":[{"@type":"SearchAction","target":{"@type":"EntryPoint","urlTemplate":"https:\/\/naturvernforbundet.no\/osloogakershus\/?s={search_term_string}"},"query-input":{"@type":"PropertyValueSpecification","valueRequired":true,"valueName":"search_term_string"}}],"inLanguage":"nb-NO"}]}},"_links":{"self":[{"href":"https:\/\/naturvernforbundet.no\/osloogakershus\/wp-json\/wp\/v2\/event\/17208","targetHints":{"allow":["GET"]}}],"collection":[{"href":"https:\/\/naturvernforbundet.no\/osloogakershus\/wp-json\/wp\/v2\/event"}],"about":[{"href":"https:\/\/naturvernforbundet.no\/osloogakershus\/wp-json\/wp\/v2\/types\/event"}],"version-history":[{"count":2,"href":"https:\/\/naturvernforbundet.no\/osloogakershus\/wp-json\/wp\/v2\/event\/17208\/revisions"}],"predecessor-version":[{"id":17213,"href":"https:\/\/naturvernforbundet.no\/osloogakershus\/wp-json\/wp\/v2\/event\/17208\/revisions\/17213"}],"wp:featuredmedia":[{"embeddable":true,"href":"https:\/\/naturvernforbundet.no\/osloogakershus\/wp-json\/wp\/v2\/media\/7333"}],"wp:attachment":[{"href":"https:\/\/naturvernforbundet.no\/osloogakershus\/wp-json\/wp\/v2\/media?parent=17208"}],"wp:term":[{"taxonomy":"local","embeddable":true,"href":"https:\/\/naturvernforbundet.no\/osloogakershus\/wp-json\/wp\/v2\/local?post=17208"}],"curies":[{"name":"wp","href":"https:\/\/api.w.org\/{rel}","templated":true}]}}

<div class="template-event alignnone wp-block-naturvern-hero">
		<div class="hero__inner">
			<div class="hero__inner_blocks">
				
		<div class="naturvern-event-meta">
		<div class="naturvern-event-meta-inner">
			<div class="event-date">
				<div>
					<span class="day">21.mai</span>
					<span class="year">2026</span>
				</div>
			</div>
		</div>
		</div>				
<h1 class="wp-block-post-title">Naturpust i Hvervenbukta</h1>


			<div class="naturvern-event-meta-full">
			<div class="naturvern-event-meta-inner">
				<div>
					<span>Hva:</span>
					<span>Naturpust </span>
				</div>
				<div>
					<span>Når:</span>
					<span>21.mai, kl. 18:00</span>
				</div>
				<div>
					<span>Hvor:</span>
					<span>Hvervenbukta</span>
				</div>
			</div>
			</div>


<p></p>




<figure class="wp-block-post-featured-image"><div class="t2-image-credit"><div class="t2-image-credit"><img loading="lazy" decoding="async" width="1512" height="2016" src="https://naturvernforbundet.no/content/uploads/sites/10/2023/06/naturpust-sognsvann.jpg" class="attachment-post-thumbnail size-post-thumbnail wp-post-image" alt="Naturpusttur Sognsvann. Vår 2023." style="object-fit:cover;" srcset="https://naturvernforbundet.no/content/uploads/sites/10/2023/06/naturpust-sognsvann.jpg 1512w, https://naturvernforbundet.no/content/uploads/sites/10/2023/06/naturpust-sognsvann-225x300.jpg 225w, https://naturvernforbundet.no/content/uploads/sites/10/2023/06/naturpust-sognsvann-768x1024.jpg 768w, https://naturvernforbundet.no/content/uploads/sites/10/2023/06/naturpust-sognsvann-1152x1536.jpg 1152w, https://naturvernforbundet.no/content/uploads/sites/10/2023/06/naturpust-sognsvann-1440x1920.jpg 1440w" sizes="auto, (max-width: 1512px) 100vw, 1512px" /><span class="t2-image-credit-name">Maria Andersen</span></div><span class="t2-image-credit-name">Maria Andersen</span></div></figure>
			</div>
					</div>
			</div>
	


<p>Obs påmelding: <a href="https://forms.cloud.microsoft/e/WRvGxpxmXQ">Naturpust  – Fyll ut skjema</a></p>



<p>Bli med inn i skogen: Bli med på naturpust – der naturkunnskap møter naturmeditasjon.</p>



<p>Naturen er viktig ikke bare som et sted vi kan trene vår fysiske helse, men den er vel så viktig som en arena for vår mentale helse. Turen gir verktøy du kan bruke når du går tur alene i naturen, for å stresse ned, fatte beslutninger eller føle på aksept og tilhørighet.</p>



<p>Turen tar ca. 2 timer.</p>



<p>Susanne Genneper fra GetOut Coaching og Maria Andersen fra Naturvernforbundet i Oslo og Akershus er turledere.</p>



<p>Begrenset antall plasser. Meld deg på her: <a href="https://forms.cloud.microsoft/e/WRvGxpxmXQ">Naturpust  – Fyll ut skjema</a></p>
