{"id":18047,"date":"2026-08-30T21:02:57","date_gmt":"2026-08-30T19:02:57","guid":{"rendered":"https:\/\/naturvernforbundet.no\/osloogakershus\/?post_type=event&#038;p=18047"},"modified":"2026-08-30T21:02:58","modified_gmt":"2026-08-30T19:02:58","slug":"friluftlivets-dag-pa-liastua","status":"publish","type":"event","link":"https:\/\/naturvernforbundet.no\/osloogakershus\/event\/friluftlivets-dag-pa-liastua\/","title":{"rendered":"Friluftlivets dag p\u00e5 Liastua"},"content":{"rendered":"\t<div class=\"template-event alignnone wp-block-naturvern-hero\">\n\t\t<div class=\"hero__inner\">\n\t\t\t<div class=\"hero__inner_blocks\">\n\t\t\t\t\n\t\t<div class=\"naturvern-event-meta\">\n\t\t<div class=\"naturvern-event-meta-inner\">\n\t\t\t<div class=\"event-date\">\n\t\t\t\t<div>\n\t\t\t\t\t<span class=\"day\">06.sep<\/span>\n\t\t\t\t\t<span class=\"year\">2026<\/span>\n\t\t\t\t<\/div>\n\t\t\t<\/div>\n\t\t<\/div>\n\t\t<\/div>\t\t\t\t\n<h1 class=\"wp-block-post-title\">Friluftlivets dag p\u00e5 Liastua<\/h1>\n\n\n\t\t\t<div class=\"naturvern-event-meta-full\">\n\t\t\t<div class=\"naturvern-event-meta-inner\">\n\t\t\t\t<div>\n\t\t\t\t\t<span>Hva:<\/span>\n\t\t\t\t\t<span><\/span>\n\t\t\t\t<\/div>\n\t\t\t\t<div>\n\t\t\t\t\t<span>N\u00e5r:<\/span>\n\t\t\t\t\t<span>06.sep, kl. 13:00<\/span>\n\t\t\t\t<\/div>\n\t\t\t\t<div>\n\t\t\t\t\t<span>Hvor:<\/span>\n\t\t\t\t\t<span><\/span>\n\t\t\t\t<\/div>\n\t\t\t<\/div>\n\t\t\t<\/div>\n\n\n<p>Friluftslivets dag 2026 g\u00e5r av stabelen ved Liastua i Gjeller\u00e5smarka. Naturvernforbundet Groruddalen er medarrang\u00f8r og har med fuglekasser som skal bygges sammen. Alle er velkommen til \u00e5 bygge! Det blir ogs\u00e5 \u00e5pning av turbostien i Gjeller\u00e5smarka ved Barnas Turlag<\/p>\n\n\n\n\n<figure class=\"wp-block-post-featured-image\"><div class=\"t2-image-credit\"><div class=\"t2-image-credit\"><img loading=\"lazy\" decoding=\"async\" width=\"1920\" height=\"2560\" src=\"https:\/\/naturvernforbundet.no\/content\/uploads\/sites\/10\/2026\/08\/Trostereir-scaled.jpeg\" class=\"attachment-post-thumbnail size-post-thumbnail wp-post-image\" alt=\"\" style=\"object-fit:cover;\" srcset=\"https:\/\/naturvernforbundet.no\/content\/uploads\/sites\/10\/2026\/08\/Trostereir-scaled.jpeg 1920w, https:\/\/naturvernforbundet.no\/content\/uploads\/sites\/10\/2026\/08\/Trostereir-225x300.jpeg 225w, https:\/\/naturvernforbundet.no\/content\/uploads\/sites\/10\/2026\/08\/Trostereir-768x1024.jpeg 768w, https:\/\/naturvernforbundet.no\/content\/uploads\/sites\/10\/2026\/08\/Trostereir-1152x1536.jpeg 1152w, https:\/\/naturvernforbundet.no\/content\/uploads\/sites\/10\/2026\/08\/Trostereir-1536x2048.jpeg 1536w, https:\/\/naturvernforbundet.no\/content\/uploads\/sites\/10\/2026\/08\/Trostereir-1440x1920.jpeg 1440w\" sizes=\"auto, (max-width: 1920px) 100vw, 1920px\" \/><span class=\"t2-image-credit-name\">Finn Dyrkorn<\/span><\/div><span class=\"t2-image-credit-name\">Finn Dyrkorn<\/span><\/div><\/figure>\n\t\t\t<\/div>\n\t\t\t\t\t<\/div>\n\t\t\t<\/div>\n\t\n\n\n<p><\/p>\n","protected":false},"excerpt":{"rendered":"","protected":false},"featured_media":18048,"template":"","meta":{"_relevanssi_hide_post":"","_relevanssi_hide_content":"","_relevanssi_pin_for_all":"","_relevanssi_pin_keywords":"","_relevanssi_unpin_keywords":"","_relevanssi_related_keywords":"","_relevanssi_related_include_ids":"","_relevanssi_related_exclude_ids":"","_relevanssi_related_no_append":"","_relevanssi_related_not_related":"","_relevanssi_related_posts":"","_relevanssi_noindex_reason":"","hide_logo":false,"_start_date":"2026-09-06T13:00:00","_end_date":"","_event_type":"","_event_location":"","footnotes":"","_members_access_role":[],"_members_access_error":""},"local":[6],"class_list":["post-18047","event","type-event","status-publish","has-post-thumbnail","hentry","local-groruddalen"],"acf":[],"yoast_head":"<!-- This site is optimized with the Yoast SEO Premium plugin v24.9 (Yoast SEO v24.9) - https:\/\/yoast.com\/wordpress\/plugins\/seo\/ -->\n<title>Friluftlivets dag p\u00e5 Liastua - Oslo og Akershus<\/title>\n<meta name=\"robots\" content=\"index, follow, max-snippet:-1, max-image-preview:large, max-video-preview:-1\" \/>\n<link rel=\"canonical\" href=\"https:\/\/naturvernforbundet.no\/osloogakershus\/event\/friluftlivets-dag-pa-liastua\/\" \/>\n<meta property=\"og:locale\" content=\"nb_NO\" \/>\n<meta property=\"og:type\" content=\"article\" \/>\n<meta property=\"og:title\" content=\"Friluftlivets dag p\u00e5 Liastua\" \/>\n<meta property=\"og:url\" content=\"https:\/\/naturvernforbundet.no\/osloogakershus\/event\/friluftlivets-dag-pa-liastua\/\" \/>\n<meta property=\"og:site_name\" content=\"Oslo og Akershus\" \/>\n<meta property=\"article:modified_time\" content=\"2026-08-30T19:02:58+00:00\" \/>\n<meta property=\"og:image\" content=\"https:\/\/naturvernforbundet.no\/content\/uploads\/sites\/10\/2026\/08\/Trostereir-scaled.jpeg\" \/>\n\t<meta property=\"og:image:width\" content=\"1920\" \/>\n\t<meta property=\"og:image:height\" content=\"2560\" \/>\n\t<meta property=\"og:image:type\" content=\"image\/jpeg\" \/>\n<meta name=\"twitter:card\" content=\"summary_large_image\" \/>\n<meta name=\"twitter:label1\" content=\"Ansl. lesetid\" \/>\n\t<meta name=\"twitter:data1\" content=\"1 minutt\" \/>\n<script type=\"application\/ld+json\" class=\"yoast-schema-graph\">{\"@context\":\"https:\/\/schema.org\",\"@graph\":[{\"@type\":\"WebPage\",\"@id\":\"https:\/\/naturvernforbundet.no\/osloogakershus\/event\/friluftlivets-dag-pa-liastua\/\",\"url\":\"https:\/\/naturvernforbundet.no\/osloogakershus\/event\/friluftlivets-dag-pa-liastua\/\",\"name\":\"Friluftlivets dag p\u00e5 Liastua - Oslo og Akershus\",\"isPartOf\":{\"@id\":\"https:\/\/naturvernforbundet.no\/osloogakershus\/#website\"},\"primaryImageOfPage\":{\"@id\":\"https:\/\/naturvernforbundet.no\/osloogakershus\/event\/friluftlivets-dag-pa-liastua\/#primaryimage\"},\"image\":{\"@id\":\"https:\/\/naturvernforbundet.no\/osloogakershus\/event\/friluftlivets-dag-pa-liastua\/#primaryimage\"},\"thumbnailUrl\":\"https:\/\/naturvernforbundet.no\/content\/uploads\/sites\/10\/2026\/08\/Trostereir-scaled.jpeg\",\"datePublished\":\"2026-08-30T19:02:57+00:00\",\"dateModified\":\"2026-08-30T19:02:58+00:00\",\"breadcrumb\":{\"@id\":\"https:\/\/naturvernforbundet.no\/osloogakershus\/event\/friluftlivets-dag-pa-liastua\/#breadcrumb\"},\"inLanguage\":\"nb-NO\",\"potentialAction\":[{\"@type\":\"ReadAction\",\"target\":[\"https:\/\/naturvernforbundet.no\/osloogakershus\/event\/friluftlivets-dag-pa-liastua\/\"]}]},{\"@type\":\"ImageObject\",\"inLanguage\":\"nb-NO\",\"@id\":\"https:\/\/naturvernforbundet.no\/osloogakershus\/event\/friluftlivets-dag-pa-liastua\/#primaryimage\",\"url\":\"https:\/\/naturvernforbundet.no\/content\/uploads\/sites\/10\/2026\/08\/Trostereir-scaled.jpeg\",\"contentUrl\":\"https:\/\/naturvernforbundet.no\/content\/uploads\/sites\/10\/2026\/08\/Trostereir-scaled.jpeg\",\"width\":1920,\"height\":2560},{\"@type\":\"BreadcrumbList\",\"@id\":\"https:\/\/naturvernforbundet.no\/osloogakershus\/event\/friluftlivets-dag-pa-liastua\/#breadcrumb\",\"itemListElement\":[{\"@type\":\"ListItem\",\"position\":1,\"name\":\"Till naturvernforbundet.no\",\"item\":\"https:\/\/naturvernforbundet.no\/\"},{\"@type\":\"ListItem\",\"position\":2,\"name\":\"Oslo og Akershus\",\"item\":\"https:\/\/naturvernforbundet.no\/osloogakershus\/\"},{\"@type\":\"ListItem\",\"position\":3,\"name\":\"Event\",\"item\":\"https:\/\/naturvernforbundet.no\/osloogakershus\/event\/\"},{\"@type\":\"ListItem\",\"position\":4,\"name\":\"Friluftlivets dag p\u00e5 Liastua\"}]},{\"@type\":\"WebSite\",\"@id\":\"https:\/\/naturvernforbundet.no\/osloogakershus\/#website\",\"url\":\"https:\/\/naturvernforbundet.no\/osloogakershus\/\",\"name\":\"Oslo og Akershus\",\"description\":\"Bare enda et Naturvernforbundet Sites-nettsted\",\"potentialAction\":[{\"@type\":\"SearchAction\",\"target\":{\"@type\":\"EntryPoint\",\"urlTemplate\":\"https:\/\/naturvernforbundet.no\/osloogakershus\/?s={search_term_string}\"},\"query-input\":{\"@type\":\"PropertyValueSpecification\",\"valueRequired\":true,\"valueName\":\"search_term_string\"}}],\"inLanguage\":\"nb-NO\"}]}<\/script>\n<!-- \/ Yoast SEO Premium plugin. -->","yoast_head_json":{"title":"Friluftlivets dag p\u00e5 Liastua - Oslo og Akershus","robots":{"index":"index","follow":"follow","max-snippet":"max-snippet:-1","max-image-preview":"max-image-preview:large","max-video-preview":"max-video-preview:-1"},"canonical":"https:\/\/naturvernforbundet.no\/osloogakershus\/event\/friluftlivets-dag-pa-liastua\/","og_locale":"nb_NO","og_type":"article","og_title":"Friluftlivets dag p\u00e5 Liastua","og_url":"https:\/\/naturvernforbundet.no\/osloogakershus\/event\/friluftlivets-dag-pa-liastua\/","og_site_name":"Oslo og Akershus","article_modified_time":"2026-08-30T19:02:58+00:00","og_image":[{"width":1920,"height":2560,"url":"https:\/\/naturvernforbundet.no\/content\/uploads\/sites\/10\/2026\/08\/Trostereir-scaled.jpeg","type":"image\/jpeg"}],"twitter_card":"summary_large_image","twitter_misc":{"Ansl. lesetid":"1 minutt"},"schema":{"@context":"https:\/\/schema.org","@graph":[{"@type":"WebPage","@id":"https:\/\/naturvernforbundet.no\/osloogakershus\/event\/friluftlivets-dag-pa-liastua\/","url":"https:\/\/naturvernforbundet.no\/osloogakershus\/event\/friluftlivets-dag-pa-liastua\/","name":"Friluftlivets dag p\u00e5 Liastua - Oslo og Akershus","isPartOf":{"@id":"https:\/\/naturvernforbundet.no\/osloogakershus\/#website"},"primaryImageOfPage":{"@id":"https:\/\/naturvernforbundet.no\/osloogakershus\/event\/friluftlivets-dag-pa-liastua\/#primaryimage"},"image":{"@id":"https:\/\/naturvernforbundet.no\/osloogakershus\/event\/friluftlivets-dag-pa-liastua\/#primaryimage"},"thumbnailUrl":"https:\/\/naturvernforbundet.no\/content\/uploads\/sites\/10\/2026\/08\/Trostereir-scaled.jpeg","datePublished":"2026-08-30T19:02:57+00:00","dateModified":"2026-08-30T19:02:58+00:00","breadcrumb":{"@id":"https:\/\/naturvernforbundet.no\/osloogakershus\/event\/friluftlivets-dag-pa-liastua\/#breadcrumb"},"inLanguage":"nb-NO","potentialAction":[{"@type":"ReadAction","target":["https:\/\/naturvernforbundet.no\/osloogakershus\/event\/friluftlivets-dag-pa-liastua\/"]}]},{"@type":"ImageObject","inLanguage":"nb-NO","@id":"https:\/\/naturvernforbundet.no\/osloogakershus\/event\/friluftlivets-dag-pa-liastua\/#primaryimage","url":"https:\/\/naturvernforbundet.no\/content\/uploads\/sites\/10\/2026\/08\/Trostereir-scaled.jpeg","contentUrl":"https:\/\/naturvernforbundet.no\/content\/uploads\/sites\/10\/2026\/08\/Trostereir-scaled.jpeg","width":1920,"height":2560},{"@type":"BreadcrumbList","@id":"https:\/\/naturvernforbundet.no\/osloogakershus\/event\/friluftlivets-dag-pa-liastua\/#breadcrumb","itemListElement":[{"@type":"ListItem","position":1,"name":"Till naturvernforbundet.no","item":"https:\/\/naturvernforbundet.no\/"},{"@type":"ListItem","position":2,"name":"Oslo og Akershus","item":"https:\/\/naturvernforbundet.no\/osloogakershus\/"},{"@type":"ListItem","position":3,"name":"Event","item":"https:\/\/naturvernforbundet.no\/osloogakershus\/event\/"},{"@type":"ListItem","position":4,"name":"Friluftlivets dag p\u00e5 Liastua"}]},{"@type":"WebSite","@id":"https:\/\/naturvernforbundet.no\/osloogakershus\/#website","url":"https:\/\/naturvernforbundet.no\/osloogakershus\/","name":"Oslo og Akershus","description":"Bare enda et Naturvernforbundet Sites-nettsted","potentialAction":[{"@type":"SearchAction","target":{"@type":"EntryPoint","urlTemplate":"https:\/\/naturvernforbundet.no\/osloogakershus\/?s={search_term_string}"},"query-input":{"@type":"PropertyValueSpecification","valueRequired":true,"valueName":"search_term_string"}}],"inLanguage":"nb-NO"}]}},"_links":{"self":[{"href":"https:\/\/naturvernforbundet.no\/osloogakershus\/wp-json\/wp\/v2\/event\/18047","targetHints":{"allow":["GET"]}}],"collection":[{"href":"https:\/\/naturvernforbundet.no\/osloogakershus\/wp-json\/wp\/v2\/event"}],"about":[{"href":"https:\/\/naturvernforbundet.no\/osloogakershus\/wp-json\/wp\/v2\/types\/event"}],"version-history":[{"count":1,"href":"https:\/\/naturvernforbundet.no\/osloogakershus\/wp-json\/wp\/v2\/event\/18047\/revisions"}],"predecessor-version":[{"id":18049,"href":"https:\/\/naturvernforbundet.no\/osloogakershus\/wp-json\/wp\/v2\/event\/18047\/revisions\/18049"}],"wp:featuredmedia":[{"embeddable":true,"href":"https:\/\/naturvernforbundet.no\/osloogakershus\/wp-json\/wp\/v2\/media\/18048"}],"wp:attachment":[{"href":"https:\/\/naturvernforbundet.no\/osloogakershus\/wp-json\/wp\/v2\/media?parent=18047"}],"wp:term":[{"taxonomy":"local","embeddable":true,"href":"https:\/\/naturvernforbundet.no\/osloogakershus\/wp-json\/wp\/v2\/local?post=18047"}],"curies":[{"name":"wp","href":"https:\/\/api.w.org\/{rel}","templated":true}]}}

Friluftlivets dag på Liastua

<div class="template-event alignnone wp-block-naturvern-hero">
		<div class="hero__inner">
			<div class="hero__inner_blocks">
				
		<div class="naturvern-event-meta">
		<div class="naturvern-event-meta-inner">
			<div class="event-date">
				<div>
					<span class="day">06.sep</span>
					<span class="year">2026</span>
				</div>
			</div>
		</div>
		</div>				
<h1 class="wp-block-post-title">Friluftlivets dag på Liastua</h1>


			<div class="naturvern-event-meta-full">
			<div class="naturvern-event-meta-inner">
				<div>
					<span>Hva:</span>
					<span></span>
				</div>
				<div>
					<span>Når:</span>
					<span>06.sep, kl. 13:00</span>
				</div>
				<div>
					<span>Hvor:</span>
					<span></span>
				</div>
			</div>
			</div>


<p>Friluftslivets dag 2026 går av stabelen ved Liastua i Gjelleråsmarka. Naturvernforbundet Groruddalen er medarrangør og har med fuglekasser som skal bygges sammen. Alle er velkommen til å bygge! Det blir også åpning av turbostien i Gjelleråsmarka ved Barnas Turlag</p>




<figure class="wp-block-post-featured-image"><div class="t2-image-credit"><div class="t2-image-credit"><img loading="lazy" decoding="async" width="1920" height="2560" src="https://naturvernforbundet.no/content/uploads/sites/10/2026/08/Trostereir-scaled.jpeg" class="attachment-post-thumbnail size-post-thumbnail wp-post-image" alt="" style="object-fit:cover;" srcset="https://naturvernforbundet.no/content/uploads/sites/10/2026/08/Trostereir-scaled.jpeg 1920w, https://naturvernforbundet.no/content/uploads/sites/10/2026/08/Trostereir-225x300.jpeg 225w, https://naturvernforbundet.no/content/uploads/sites/10/2026/08/Trostereir-768x1024.jpeg 768w, https://naturvernforbundet.no/content/uploads/sites/10/2026/08/Trostereir-1152x1536.jpeg 1152w, https://naturvernforbundet.no/content/uploads/sites/10/2026/08/Trostereir-1536x2048.jpeg 1536w, https://naturvernforbundet.no/content/uploads/sites/10/2026/08/Trostereir-1440x1920.jpeg 1440w" sizes="auto, (max-width: 1920px) 100vw, 1920px" /><span class="t2-image-credit-name">Finn Dyrkorn</span></div><span class="t2-image-credit-name">Finn Dyrkorn</span></div></figure>
			</div>
					</div>
			</div>
	


<p></p>

<!-- This site is optimized with the Yoast SEO Premium plugin v24.9 (Yoast SEO v24.9) - https://yoast.com/wordpress/plugins/seo/ -->
<title>Friluftlivets dag på Liastua - Oslo og Akershus</title>
<meta name="robots" content="index, follow, max-snippet:-1, max-image-preview:large, max-video-preview:-1" />
<link rel="canonical" href="https://naturvernforbundet.no/osloogakershus/event/friluftlivets-dag-pa-liastua/" />
<meta property="og:locale" content="nb_NO" />
<meta property="og:type" content="article" />
<meta property="og:title" content="Friluftlivets dag på Liastua" />
<meta property="og:url" content="https://naturvernforbundet.no/osloogakershus/event/friluftlivets-dag-pa-liastua/" />
<meta property="og:site_name" content="Oslo og Akershus" />
<meta property="article:modified_time" content="2026-08-30T19:02:58+00:00" />
<meta property="og:image" content="https://naturvernforbundet.no/content/uploads/sites/10/2026/08/Trostereir-scaled.jpeg" />
	<meta property="og:image:width" content="1920" />
	<meta property="og:image:height" content="2560" />
	<meta property="og:image:type" content="image/jpeg" />
<meta name="twitter:card" content="summary_large_image" />
<meta name="twitter:label1" content="Ansl. lesetid" />
	<meta name="twitter:data1" content="1 minutt" />
<script type="application/ld+json" class="yoast-schema-graph">{"@context":"https://schema.org","@graph":[{"@type":"WebPage","@id":"https://naturvernforbundet.no/osloogakershus/event/friluftlivets-dag-pa-liastua/","url":"https://naturvernforbundet.no/osloogakershus/event/friluftlivets-dag-pa-liastua/","name":"Friluftlivets dag på Liastua - Oslo og Akershus","isPartOf":{"@id":"https://naturvernforbundet.no/osloogakershus/#website"},"primaryImageOfPage":{"@id":"https://naturvernforbundet.no/osloogakershus/event/friluftlivets-dag-pa-liastua/#primaryimage"},"image":{"@id":"https://naturvernforbundet.no/osloogakershus/event/friluftlivets-dag-pa-liastua/#primaryimage"},"thumbnailUrl":"https://naturvernforbundet.no/content/uploads/sites/10/2026/08/Trostereir-scaled.jpeg","datePublished":"2026-08-30T19:02:57+00:00","dateModified":"2026-08-30T19:02:58+00:00","breadcrumb":{"@id":"https://naturvernforbundet.no/osloogakershus/event/friluftlivets-dag-pa-liastua/#breadcrumb"},"inLanguage":"nb-NO","potentialAction":[{"@type":"ReadAction","target":["https://naturvernforbundet.no/osloogakershus/event/friluftlivets-dag-pa-liastua/"]}]},{"@type":"ImageObject","inLanguage":"nb-NO","@id":"https://naturvernforbundet.no/osloogakershus/event/friluftlivets-dag-pa-liastua/#primaryimage","url":"https://naturvernforbundet.no/content/uploads/sites/10/2026/08/Trostereir-scaled.jpeg","contentUrl":"https://naturvernforbundet.no/content/uploads/sites/10/2026/08/Trostereir-scaled.jpeg","width":1920,"height":2560},{"@type":"BreadcrumbList","@id":"https://naturvernforbundet.no/osloogakershus/event/friluftlivets-dag-pa-liastua/#breadcrumb","itemListElement":[{"@type":"ListItem","position":1,"name":"Till naturvernforbundet.no","item":"https://naturvernforbundet.no/"},{"@type":"ListItem","position":2,"name":"Oslo og Akershus","item":"https://naturvernforbundet.no/osloogakershus/"},{"@type":"ListItem","position":3,"name":"Event","item":"https://naturvernforbundet.no/osloogakershus/event/"},{"@type":"ListItem","position":4,"name":"Friluftlivets dag på Liastua"}]},{"@type":"WebSite","@id":"https://naturvernforbundet.no/osloogakershus/#website","url":"https://naturvernforbundet.no/osloogakershus/","name":"Oslo og Akershus","description":"Bare enda et Naturvernforbundet Sites-nettsted","potentialAction":[{"@type":"SearchAction","target":{"@type":"EntryPoint","urlTemplate":"https://naturvernforbundet.no/osloogakershus/?s={search_term_string}"},"query-input":{"@type":"PropertyValueSpecification","valueRequired":true,"valueName":"search_term_string"}}],"inLanguage":"nb-NO"}]}</script>
<!-- / Yoast SEO Premium plugin. -->

Friluftlivets dag på Liastua - Oslo og Akershus
