{"id":13869,"date":"2024-12-11T14:04:30","date_gmt":"2024-12-11T13:04:30","guid":{"rendered":"https:\/\/naturvernforbundet.no\/osloogakershus\/?page_id=13869"},"modified":"2025-06-17T12:46:58","modified_gmt":"2025-06-17T10:46:58","slug":"ominsekter","status":"publish","type":"page","link":"https:\/\/naturvernforbundet.no\/osloogakershus\/slaattesider\/ominsekter\/","title":{"rendered":"Om insekter p\u00e5 enga"},"content":{"rendered":"\t<div class=\"template-page alignfull wp-block-naturvern-hero\">\n\t\t<div class=\"hero__inner\">\n\t\t\t<div class=\"hero__inner_blocks\">\n\t\t\t\t\t\t\t\t\n<h1 class=\"wp-block-post-title\">Om insekter p\u00e5 enga<\/h1>\n\n\n<p>De viktige pollinerende insektene som vi \u00f8nsker \u00e5 gi gode levevilk\u00e5r, tilh\u00f8rer i stor grad de fire gruppene bier, blomsterfluer, sommerfugler og biller<\/p>\n\n\n\n<div class=\"wp-block-buttons is-layout-flex wp-block-buttons-is-layout-flex\"><\/div>\n\n\t\t\t<\/div>\n\t\t\t\t\t<\/div>\n\t\t\t<\/div>\n\t\n\n\n<div class=\"wp-block-columns is-layout-flex wp-container-core-columns-is-layout-1 wp-block-columns-is-layout-flex\">\n<div class=\"wp-block-column is-layout-flow wp-block-column-is-layout-flow\">\n<figure class=\"wp-block-image size-full\"><div class=\"t2-image-credit\"><img loading=\"lazy\" decoding=\"async\" width=\"292\" height=\"446\" src=\"https:\/\/naturvernforbundet.no\/content\/uploads\/sites\/10\/2024\/11\/Jordhumle.png\" alt=\"Jordhumle\" class=\"wp-image-13786\" srcset=\"https:\/\/naturvernforbundet.no\/content\/uploads\/sites\/10\/2024\/11\/Jordhumle.png 292w, https:\/\/naturvernforbundet.no\/content\/uploads\/sites\/10\/2024\/11\/Jordhumle-196x300.png 196w\" sizes=\"auto, (max-width: 292px) 100vw, 292px\" \/><span class=\"t2-image-credit-name\">Karin Olsen<\/span><\/div><figcaption class=\"wp-element-caption\">Jordhumle<\/figcaption><\/figure>\n<\/div>\n\n\n\n<div class=\"wp-block-column is-layout-flow wp-block-column-is-layout-flow\">\n<ul class=\"wp-block-list\">\n<li><a href=\"https:\/\/naturvernforbundet.no\/osloogakershus\/slaattesider\/\"><strong>Sl\u00e5tt og skj\u00f8tsel av blomsterenger<\/strong><\/a><\/li>\n\n\n\n<li><a href=\"https:\/\/naturvernforbundet.no\/osloogakershus\/slaattesider\/omslaatteng\/\">Om sl\u00e5tteeng<\/a><\/li>\n\n\n\n<li><a href=\"https:\/\/naturvernforbundet.no\/osloogakershus\/slaattesider\/etablereeng\/\">Etablere eng og samle fr\u00f8<\/a><\/li>\n\n\n\n<li><a href=\"https:\/\/naturvernforbundet.no\/osloogakershus\/slaattesider\/fotogalleri\/\">Fotogalleri med engplanter<\/a><\/li>\n\n\n\n<li><a href=\"https:\/\/naturvernforbundet.no\/osloogakershus\/slaattesider\/sjeldneengarter\/\">Sjeldne engarter<\/a><\/li>\n\n\n\n<li><a href=\"https:\/\/naturvernforbundet.no\/osloogakershus\/slaattesider\/slaattedugnader\/\">\u00c5rvisse sl\u00e5ttedugnader<\/a><\/li>\n<\/ul>\n<\/div>\n<\/div>\n\n\n\n<p><strong>BIER<\/strong><br>Gruppen bier inneholder v\u00e5r \u00abtamme\u00bb sosiale honningbie, villbiene og humlene.<\/p>\n\n\n\n<p><br><strong>Honningbien<\/strong> danner kolonier som kan bli sv\u00e6rt store og flere \u00e5r gamle. Arbeiderne samler nektar og pollen i stor omkrets rundt bolet, opptil 10km unna, og bes\u00f8ker veldig mange forskjellige plantearter. Dermed er de ikke avhengige av bestemte planter, og finner den maten de trenger fra tidlig v\u00e5r til sent p\u00e5 h\u00f8sten.<\/p>\n\n\n\n<p><br><strong>Villbiene<\/strong>, som det finnes 173 arter av i Norge, er s\u00e5kalte solit\u00e6re bier. Hver dronning bygger riktignok opp en liten koloni, men hun legger som regel bare 5 til 20 egg som hun har forsynt med mat, best\u00e5ende av nektar og pollen, p\u00e5 forh\u00e5nd. Avkommene utvikler seg i hver sin celle og klekkes f\u00f8rst \u00e5ret etter.<br>Hvis reirplassen er veldig godt egnet, kan flere dronninger danne sin egen koloni i n\u00e6rheten av hverandre.<br>Villbiene er mer spesialiserte enn honningbien n\u00e5r det gjelder matplanter. En del av dem samler pollen bare fra noen f\u00e5 arter, i ekstremfall fra bare en! For eksempel er r\u00f8dknappsandbie helt avhengig av r\u00f8dknapp, ildsandbie trenger enten r\u00f8dknapp eller bl\u00e5knapp.<br>For reirplassene velger de forskjellige artene ulike steder. Noen bygger reiret i bakken, andre i hulrom i tr\u00e6r, i hule plantestengler eller ogs\u00e5 i tomme sneglehus. Sandbakker er viktige, de blir brukt som reirplass av noks\u00e5 mange villbier.<\/p>\n\n\n\n<p><br><strong>Humlene<\/strong>, som vi har 35 arter av i Norge (5 r\u00f8dlistete!), danner i likhet med honningbien kolonier. Men disse koloniene er adskillig mindre, og alle individer utenom de befruktede dronningene d\u00f8r om vinteren.<br>Bolene bygger de ofte i hulrom i bakken (gjerne forlatte musebol), men ogs\u00e5 hulrom i tr\u00e6r kan bli brukt, og til og med gamle fuglekasser. Kroppsformen og den tykke pelsen gj\u00f8r, at humlene kan v\u00e6re aktive i temperaturer helt ned til 0\u00b0 Celsius.<br>De store humledronningene er noen av de f\u00f8rste insektene vi ser om v\u00e5ren. Humlene trenger nektar og pollen hele vekstsesongen, men spesielt om v\u00e5ren er tilgang viktig. Da samler dronningene maten til den f\u00f8rste nye generasjonen. Den ekstremt viktige seljen, og etter hvert planter med bl\u00e5, lilla eller rosa blomster, er typiske humleplanter.<\/p>\n\n\n\n<figure class=\"wp-block-image aligncenter size-full is-resized\"><div class=\"t2-image-credit\"><img loading=\"lazy\" decoding=\"async\" width=\"484\" height=\"447\" src=\"https:\/\/naturvernforbundet.no\/content\/uploads\/sites\/10\/2024\/11\/Blomsterfluer.png\" alt=\"Blomsterfluer\" class=\"wp-image-13748\" style=\"width:299px;height:auto\" srcset=\"https:\/\/naturvernforbundet.no\/content\/uploads\/sites\/10\/2024\/11\/Blomsterfluer.png 484w, https:\/\/naturvernforbundet.no\/content\/uploads\/sites\/10\/2024\/11\/Blomsterfluer-300x277.png 300w\" sizes=\"auto, (max-width: 484px) 100vw, 484px\" \/><span class=\"t2-image-credit-name\">Karin Olsen<\/span><\/div><figcaption class=\"wp-element-caption\">Blomsterfluer<\/figcaption><\/figure>\n\n\n\n<p><strong>BLOMSTERFLUER<\/strong><br>Blomsterfluer, med sine 345 p\u00e5viste arter i Norge, er sannsynligvis den nestst\u00f8rste gruppen pollinatorer. De ligner veps eller iblant humler, og<br>er lett \u00e5 kjenne igjen p\u00e5 at de ofte \u00abst\u00e5r stille i luften\u00bb. De er sm\u00e5, men tallrike.<br>Siden de voksne blomsterfluene trenger nektar og pollen, er de sv\u00e6rt ofte \u00e5 finne i blomsterengene.<br>Annerledes forholder det seg meg larvene. Veldig mange arter legger egg utenfor engene og trenger dermed egnede steder i n\u00e6rheten av engenes blomster.<br>Nesten halvparten av blomsterfluelarvene lever som rovdyr, ofte av bladlus.<br>Andre utvikler seg i plantevev i urter, i levende eller d\u00f8de tr\u00e6r, ved forskjellige typer vannmilj\u00f8, men ogs\u00e5 i dyrem\u00f8kk, i r\u00e5tnende plantedeler og i sopp.<br>Blomsterfluer er glade i hvite og gule blomster, slik som sl\u00f8ke og hundekjeks, soleier og mange arter i kurvplantefamilien, som l\u00f8vetann og svever. Men de trenger ingen spesielle plantearter, og er ogs\u00e5 \u00e5 finne p\u00e5 blant annet rosa og lilla blomster som tistler, knoppurtartene, r\u00f8d- og bl\u00e5knapp.<\/p>\n\n\n\n<p><strong>SOMMERFUGLER<\/strong><br>Nesten 20% av de litt over 2000 artene i Norge er r\u00f8dlistet. Og ca. 60% av v\u00e5re dagsommerfugler er knyttet til \u00e5pen eng! B\u00e5de voksne sommerfugler og mange av larvene lever i tilknytning til blomsterplanter. Derfor er tap av \u00e5pne blomsterenger den viktigste trusselen mot dem.<br>Ogs\u00e5 busker og tr\u00e6r er viktige, fordi en god del larver vokser opp p\u00e5 slike vekster. S\u00e5 vi finner flest sommerfugler i eng med busker eller tr\u00e6r like i n\u00e6rheten.<br>Mange larver kan vokse opp p\u00e5 et stort utvalg av vertsplanter, andre bruker bare noen f\u00e5 arter og en sjelden gang trenger de en bestemt planteart. For eksempel s\u00e5 lever larvene til sotm\u00e5leren, som er en viktig indikatorart for blomsterrik kulturmark, p\u00e5 hundekjeks.<br>En annen m\u00f8ll, dr\u00e5pem\u00f8llen, g\u00e5r bare p\u00e5 h\u00e5rsveve.<br><strong>Solblomengm\u00f8ll<\/strong> er helt avhengig av SOLBLOM, som gj\u00f8r m\u00f8llen til en sterkt truet art. Ja, fordi ogs\u00e5 solblomen er det. Det spesielle med solblomen er at ytterligere tre insektarter lever bare p\u00e5 den. Fire arter er avhengige av en planteart!<br>Sommerfugler trekkes ofte til erteblomster som kl\u00f8ver og tiriltunge, til storknebbarter, r\u00f8dknapp, nellik, bergmynte, bl\u00e5knapp og kurvplanter, men ogs\u00e5 orkideer.<\/p>\n\n\n\n<figure class=\"wp-block-image aligncenter size-full\"><div class=\"t2-image-credit\"><img loading=\"lazy\" decoding=\"async\" width=\"235\" height=\"180\" src=\"https:\/\/naturvernforbundet.no\/content\/uploads\/sites\/10\/2024\/11\/Oransjegullvinge.png\" alt=\"Oransjegullvinge\" class=\"wp-image-13800\"\/><span class=\"t2-image-credit-name\">Karin Olsen<\/span><\/div><figcaption class=\"wp-element-caption\">Oransjegullvinge<\/figcaption><\/figure>\n\n\n\n<p><strong>BILLER<\/strong><br>I forhold til de andre gruppene har nok billene liten betydning for pollineringen, enten fordi de er for sm\u00e5 eller fordi de er for glatte til at pollen henger fast p\u00e5 dem.<br>Vi finner dem som oftest p\u00e5 skjermplanter og rosa eller lilla kurvplanter. P\u00e5 skjermplantene f\u00e5r de store artene en god landingsplass, mens de sm\u00e5 ved behov kan gjemme seg mellom sm\u00e5blomstene.<br>Larvene utvikler seg som oftest i d\u00f8d eller levende ved. Et eksempel p\u00e5 det er den vakre humlebillen. Andre vokser opp i urter, gjerne i r\u00f8ttene. Maurgullbassens larver vokser opp i maurtuer.<br>For \u00e5 gi billene, spesielt trebukkartene, gode oppvekstsvilk\u00e5r, er et mangfold av ved i forskjellige nedbrytningsfaser viktig.<\/p>\n\n\n\n<figure class=\"wp-block-image aligncenter size-full\"><div class=\"t2-image-credit\"><img loading=\"lazy\" decoding=\"async\" width=\"283\" height=\"272\" src=\"https:\/\/naturvernforbundet.no\/content\/uploads\/sites\/10\/2024\/11\/Humlebille.png\" alt=\"Humlebille i en blomst\" class=\"wp-image-13780\"\/><span class=\"t2-image-credit-name\">Karin Olsen<\/span><\/div><figcaption class=\"wp-element-caption\">Humlebille<\/figcaption><\/figure>\n\n\n\n<p><strong>INSEKTENES KRAV<\/strong><br>Man tenker p\u00e5 sl\u00e5tteenger som viktige fordi de gir gode levevilk\u00e5r til verdifulle og til dels truede engplanter, og at man dermed automatisk hjelper insektene. Og det er jo riktig. Men \u2026 Insektene er nok glade for alle blomstene. De stiller allikevel mange flere krav for \u00e5 kunne overleve.<br>Det viktigste er at det finnes mange \u00abrufsete\u00bb omr\u00e5der i n\u00e6rheten av engene. Som tidligere nevnt, trenger mange insekter annet enn \u00abbare\u00bb blomsterplanter for \u00e5 legge eggene sine. Noen legger egg i plantestengler eller r\u00f8tter i engplanter. Andre trenger \u00abugress\u00bb som hundekjeks, brennesle eller bringeb\u00e6r. Andre igjen trenger levende tr\u00e6r eller d\u00f8d ved i forskjellige nedbrytningsfaser.<br>Fuktomr\u00e5der, steinr\u00f8yser, varierte jordoverflater (som sandbakker og leireomr\u00e5der) med sol og\/ eller skygge; det er en fordel hvis omr\u00e5der med mest mulig varierte forhold er tilgjengelige.<br><strong>St\u00f8rrelsen og tettheten av leveomr\u00e5dene<\/strong>, og mengden matplanter i dem, er uhyre viktige. Som et eksempel trenger ildsandbiene ca. 200 bl\u00e5knapplanter for \u00e5 holde liv i en liten koloni med 20 dronninger.<br>Oppstykkingen av landskapet og tapet av omr\u00e5der der insektene finner mat, f\u00f8rer til at de ikke lenger greier \u00e5 fly langt nok til \u00e5 finne artsfrender. P\u00e5 denne m\u00e5ten er det stor fare for at de lange avstandene f\u00f8rer til innavl. P\u00e5 mange steder lever n\u00e5 s\u00e5 f\u00e5 enkeltindivider av en art, at disse gruppene faktisk kommer til \u00e5 d\u00f8 ut om ikke s\u00e5 lenge.<br><strong>V\u00e5r oppstykking<\/strong> av arealene gj\u00f8r at insektene trenger det vi kaller spredningskorridorer. Det kan v\u00e6re sm\u00e5 blomsterflekker i passe avstand,<br>kalt \u201cstepping stones\u201d, men ogs\u00e5 veikanter. I dagens samfunn er veikantene sv\u00e6rt viktige for insektenes fremtid og b\u00f8r sl\u00e5s p\u00e5 rett tidspunkt. De fleste r\u00f8dlista humlene har forresten blitt funnet i blomsterrike veikanter!<br>Det er fint \u00e5 tilby insektshoteller, men de vil dessverre aldri v\u00e6re en fullgod erstatning for naturlige gode forhold.<\/p>\n\n\n\n<figure class=\"wp-block-image aligncenter size-full\"><div class=\"t2-image-credit\"><img loading=\"lazy\" decoding=\"async\" width=\"293\" height=\"661\" src=\"https:\/\/naturvernforbundet.no\/content\/uploads\/sites\/10\/2024\/11\/LarveAvMarihone.png\" alt=\"Larve av Marih\u00f8ne\" class=\"wp-image-13792\" srcset=\"https:\/\/naturvernforbundet.no\/content\/uploads\/sites\/10\/2024\/11\/LarveAvMarihone.png 293w, https:\/\/naturvernforbundet.no\/content\/uploads\/sites\/10\/2024\/11\/LarveAvMarihone-133x300.png 133w\" sizes=\"auto, (max-width: 293px) 100vw, 293px\" \/><span class=\"t2-image-credit-name\">Karin Olsen<\/span><\/div><figcaption class=\"wp-element-caption\">Larve av Marih\u00f8ne<\/figcaption><\/figure>\n","protected":false},"excerpt":{"rendered":"","protected":false},"author":42,"featured_media":0,"parent":13836,"menu_order":0,"comment_status":"closed","ping_status":"closed","template":"","meta":{"_relevanssi_hide_post":"","_relevanssi_hide_content":"","_relevanssi_pin_for_all":"","_relevanssi_pin_keywords":"","_relevanssi_unpin_keywords":"","_relevanssi_related_keywords":"","_relevanssi_related_include_ids":"","_relevanssi_related_exclude_ids":"","_relevanssi_related_no_append":"","_relevanssi_related_not_related":"","_relevanssi_related_posts":"235,2292,9936,2936,246,870","_relevanssi_noindex_reason":"","hide_logo":false,"footnotes":""},"categories":[],"class_list":["post-13869","page","type-page","status-publish","hentry"],"acf":[],"yoast_head":"<!-- This site is optimized with the Yoast SEO plugin v24.9 - https:\/\/yoast.com\/wordpress\/plugins\/seo\/ -->\n<title>Om insekter p\u00e5 enga - Oslo og Akershus<\/title>\n<meta name=\"robots\" content=\"index, follow, max-snippet:-1, max-image-preview:large, max-video-preview:-1\" \/>\n<link rel=\"canonical\" href=\"https:\/\/naturvernforbundet.no\/osloogakershus\/slaattesider\/ominsekter\/\" \/>\n<meta property=\"og:locale\" content=\"nb_NO\" \/>\n<meta property=\"og:type\" content=\"article\" \/>\n<meta property=\"og:title\" content=\"Om insekter p\u00e5 enga - Oslo og Akershus\" \/>\n<meta property=\"og:url\" content=\"https:\/\/naturvernforbundet.no\/osloogakershus\/slaattesider\/ominsekter\/\" \/>\n<meta property=\"og:site_name\" content=\"Oslo og Akershus\" \/>\n<meta property=\"article:modified_time\" content=\"2025-06-17T10:46:58+00:00\" \/>\n<meta property=\"og:image\" content=\"https:\/\/naturvernforbundet.no\/content\/uploads\/sites\/10\/2024\/11\/Jordhumle.png\" \/>\n\t<meta property=\"og:image:width\" content=\"292\" \/>\n\t<meta property=\"og:image:height\" content=\"446\" \/>\n\t<meta property=\"og:image:type\" content=\"image\/png\" \/>\n<meta name=\"twitter:card\" content=\"summary_large_image\" \/>\n<meta name=\"twitter:label1\" content=\"Ansl. lesetid\" \/>\n\t<meta name=\"twitter:data1\" content=\"8 minutter\" \/>\n<script type=\"application\/ld+json\" class=\"yoast-schema-graph\">{\"@context\":\"https:\/\/schema.org\",\"@graph\":[{\"@type\":\"WebPage\",\"@id\":\"https:\/\/naturvernforbundet.no\/osloogakershus\/slaattesider\/ominsekter\/\",\"url\":\"https:\/\/naturvernforbundet.no\/osloogakershus\/slaattesider\/ominsekter\/\",\"name\":\"Om insekter p\u00e5 enga - Oslo og Akershus\",\"isPartOf\":{\"@id\":\"https:\/\/naturvernforbundet.no\/osloogakershus\/#website\"},\"primaryImageOfPage\":{\"@id\":\"https:\/\/naturvernforbundet.no\/osloogakershus\/slaattesider\/ominsekter\/#primaryimage\"},\"image\":{\"@id\":\"https:\/\/naturvernforbundet.no\/osloogakershus\/slaattesider\/ominsekter\/#primaryimage\"},\"thumbnailUrl\":\"https:\/\/naturvernforbundet.no\/content\/uploads\/sites\/10\/2024\/11\/Jordhumle.png\",\"datePublished\":\"2024-12-11T13:04:30+00:00\",\"dateModified\":\"2025-06-17T10:46:58+00:00\",\"breadcrumb\":{\"@id\":\"https:\/\/naturvernforbundet.no\/osloogakershus\/slaattesider\/ominsekter\/#breadcrumb\"},\"inLanguage\":\"nb-NO\",\"potentialAction\":[{\"@type\":\"ReadAction\",\"target\":[\"https:\/\/naturvernforbundet.no\/osloogakershus\/slaattesider\/ominsekter\/\"]}]},{\"@type\":\"ImageObject\",\"inLanguage\":\"nb-NO\",\"@id\":\"https:\/\/naturvernforbundet.no\/osloogakershus\/slaattesider\/ominsekter\/#primaryimage\",\"url\":\"https:\/\/naturvernforbundet.no\/content\/uploads\/sites\/10\/2024\/11\/Jordhumle.png\",\"contentUrl\":\"https:\/\/naturvernforbundet.no\/content\/uploads\/sites\/10\/2024\/11\/Jordhumle.png\"},{\"@type\":\"BreadcrumbList\",\"@id\":\"https:\/\/naturvernforbundet.no\/osloogakershus\/slaattesider\/ominsekter\/#breadcrumb\",\"itemListElement\":[{\"@type\":\"ListItem\",\"position\":1,\"name\":\"Till naturvernforbundet.no\",\"item\":\"https:\/\/naturvernforbundet.no\/\"},{\"@type\":\"ListItem\",\"position\":2,\"name\":\"Oslo og Akershus\",\"item\":\"https:\/\/naturvernforbundet.no\/osloogakershus\/\"},{\"@type\":\"ListItem\",\"position\":3,\"name\":\"Sl\u00e5tt og skj\u00f8tsel av blomsterenger\",\"item\":\"https:\/\/naturvernforbundet.no\/osloogakershus\/slaattesider\/\"},{\"@type\":\"ListItem\",\"position\":4,\"name\":\"Om insekter p\u00e5 enga\"}]},{\"@type\":\"WebSite\",\"@id\":\"https:\/\/naturvernforbundet.no\/osloogakershus\/#website\",\"url\":\"https:\/\/naturvernforbundet.no\/osloogakershus\/\",\"name\":\"Oslo og Akershus\",\"description\":\"Bare enda et Naturvernforbundet Sites-nettsted\",\"potentialAction\":[{\"@type\":\"SearchAction\",\"target\":{\"@type\":\"EntryPoint\",\"urlTemplate\":\"https:\/\/naturvernforbundet.no\/osloogakershus\/?s={search_term_string}\"},\"query-input\":{\"@type\":\"PropertyValueSpecification\",\"valueRequired\":true,\"valueName\":\"search_term_string\"}}],\"inLanguage\":\"nb-NO\"}]}<\/script>\n<!-- \/ Yoast SEO plugin. -->","yoast_head_json":{"title":"Om insekter p\u00e5 enga - Oslo og Akershus","robots":{"index":"index","follow":"follow","max-snippet":"max-snippet:-1","max-image-preview":"max-image-preview:large","max-video-preview":"max-video-preview:-1"},"canonical":"https:\/\/naturvernforbundet.no\/osloogakershus\/slaattesider\/ominsekter\/","og_locale":"nb_NO","og_type":"article","og_title":"Om insekter p\u00e5 enga - Oslo og Akershus","og_url":"https:\/\/naturvernforbundet.no\/osloogakershus\/slaattesider\/ominsekter\/","og_site_name":"Oslo og Akershus","article_modified_time":"2025-06-17T10:46:58+00:00","og_image":[{"width":292,"height":446,"url":"https:\/\/naturvernforbundet.no\/content\/uploads\/sites\/10\/2024\/11\/Jordhumle.png","type":"image\/png"}],"twitter_card":"summary_large_image","twitter_misc":{"Ansl. lesetid":"8 minutter"},"schema":{"@context":"https:\/\/schema.org","@graph":[{"@type":"WebPage","@id":"https:\/\/naturvernforbundet.no\/osloogakershus\/slaattesider\/ominsekter\/","url":"https:\/\/naturvernforbundet.no\/osloogakershus\/slaattesider\/ominsekter\/","name":"Om insekter p\u00e5 enga - Oslo og Akershus","isPartOf":{"@id":"https:\/\/naturvernforbundet.no\/osloogakershus\/#website"},"primaryImageOfPage":{"@id":"https:\/\/naturvernforbundet.no\/osloogakershus\/slaattesider\/ominsekter\/#primaryimage"},"image":{"@id":"https:\/\/naturvernforbundet.no\/osloogakershus\/slaattesider\/ominsekter\/#primaryimage"},"thumbnailUrl":"https:\/\/naturvernforbundet.no\/content\/uploads\/sites\/10\/2024\/11\/Jordhumle.png","datePublished":"2024-12-11T13:04:30+00:00","dateModified":"2025-06-17T10:46:58+00:00","breadcrumb":{"@id":"https:\/\/naturvernforbundet.no\/osloogakershus\/slaattesider\/ominsekter\/#breadcrumb"},"inLanguage":"nb-NO","potentialAction":[{"@type":"ReadAction","target":["https:\/\/naturvernforbundet.no\/osloogakershus\/slaattesider\/ominsekter\/"]}]},{"@type":"ImageObject","inLanguage":"nb-NO","@id":"https:\/\/naturvernforbundet.no\/osloogakershus\/slaattesider\/ominsekter\/#primaryimage","url":"https:\/\/naturvernforbundet.no\/content\/uploads\/sites\/10\/2024\/11\/Jordhumle.png","contentUrl":"https:\/\/naturvernforbundet.no\/content\/uploads\/sites\/10\/2024\/11\/Jordhumle.png"},{"@type":"BreadcrumbList","@id":"https:\/\/naturvernforbundet.no\/osloogakershus\/slaattesider\/ominsekter\/#breadcrumb","itemListElement":[{"@type":"ListItem","position":1,"name":"Till naturvernforbundet.no","item":"https:\/\/naturvernforbundet.no\/"},{"@type":"ListItem","position":2,"name":"Oslo og Akershus","item":"https:\/\/naturvernforbundet.no\/osloogakershus\/"},{"@type":"ListItem","position":3,"name":"Sl\u00e5tt og skj\u00f8tsel av blomsterenger","item":"https:\/\/naturvernforbundet.no\/osloogakershus\/slaattesider\/"},{"@type":"ListItem","position":4,"name":"Om insekter p\u00e5 enga"}]},{"@type":"WebSite","@id":"https:\/\/naturvernforbundet.no\/osloogakershus\/#website","url":"https:\/\/naturvernforbundet.no\/osloogakershus\/","name":"Oslo og Akershus","description":"Bare enda et Naturvernforbundet Sites-nettsted","potentialAction":[{"@type":"SearchAction","target":{"@type":"EntryPoint","urlTemplate":"https:\/\/naturvernforbundet.no\/osloogakershus\/?s={search_term_string}"},"query-input":{"@type":"PropertyValueSpecification","valueRequired":true,"valueName":"search_term_string"}}],"inLanguage":"nb-NO"}]}},"_links":{"self":[{"href":"https:\/\/naturvernforbundet.no\/osloogakershus\/wp-json\/wp\/v2\/pages\/13869","targetHints":{"allow":["GET"]}}],"collection":[{"href":"https:\/\/naturvernforbundet.no\/osloogakershus\/wp-json\/wp\/v2\/pages"}],"about":[{"href":"https:\/\/naturvernforbundet.no\/osloogakershus\/wp-json\/wp\/v2\/types\/page"}],"author":[{"embeddable":true,"href":"https:\/\/naturvernforbundet.no\/osloogakershus\/wp-json\/wp\/v2\/users\/42"}],"replies":[{"embeddable":true,"href":"https:\/\/naturvernforbundet.no\/osloogakershus\/wp-json\/wp\/v2\/comments?post=13869"}],"version-history":[{"count":22,"href":"https:\/\/naturvernforbundet.no\/osloogakershus\/wp-json\/wp\/v2\/pages\/13869\/revisions"}],"predecessor-version":[{"id":15342,"href":"https:\/\/naturvernforbundet.no\/osloogakershus\/wp-json\/wp\/v2\/pages\/13869\/revisions\/15342"}],"up":[{"embeddable":true,"href":"https:\/\/naturvernforbundet.no\/osloogakershus\/wp-json\/wp\/v2\/pages\/13836"}],"wp:attachment":[{"href":"https:\/\/naturvernforbundet.no\/osloogakershus\/wp-json\/wp\/v2\/media?parent=13869"}],"wp:term":[{"taxonomy":"category","embeddable":true,"href":"https:\/\/naturvernforbundet.no\/osloogakershus\/wp-json\/wp\/v2\/categories?post=13869"}],"curies":[{"name":"wp","href":"https:\/\/api.w.org\/{rel}","templated":true}]}}