{"id":3621,"date":"2022-10-15T10:52:45","date_gmt":"2022-10-15T08:52:45","guid":{"rendered":"https:\/\/naturvernforbundet.no\/osloogakershus\/?page_id=3621"},"modified":"2026-03-18T09:52:01","modified_gmt":"2026-03-18T08:52:01","slug":"medlemsblad","status":"publish","type":"page","link":"https:\/\/naturvernforbundet.no\/osloogakershus\/om-nib\/medlemsblad\/","title":{"rendered":"N\u00f8ttekr\u00e5ka &#8211; v\u00e5rt medlemsblad"},"content":{"rendered":"\t<div class=\"template-page alignfull wp-block-naturvern-hero\">\n\t\t<div class=\"hero__inner\">\n\t\t\t<div class=\"hero__inner_blocks\">\n\t\t\t\t\t\t\t\t\n<h1 class=\"wp-block-post-title\">N\u00f8ttekr\u00e5ka &#8211; v\u00e5rt medlemsblad<\/h1>\n\n\n<p class=\"has-text-align-left is-style-ingress\">N\u00f8ttekr\u00e5ka er NiBs medlemsblad og kommer ut en eller to ganger i \u00e5ret (vinter og h\u00f8st). Bladet sendes til alle medlemmer og legges ut p\u00e5 lokale biblioteker, i kommuneadministrasjonen med mer.<\/p>\n\n\n\n<div class=\"wp-block-buttons is-layout-flex wp-block-buttons-is-layout-flex\"><\/div>\n\n\t\t\t<\/div>\n\t\t\t\t\t<\/div>\n\t\t\t<\/div>\n\t\n\n\n<div class=\"wp-block-media-text alignwide is-stacked-on-mobile is-vertically-aligned-bottom\" style=\"grid-template-columns:21% auto\"><figure class=\"wp-block-media-text__media\"><a href=\"https:\/\/naturvernforbundet.no\/content\/uploads\/sites\/10\/2026\/03\/Nottekraka_0126_WEB.pdf\"><img loading=\"lazy\" decoding=\"async\" width=\"764\" height=\"1024\" src=\"https:\/\/naturvernforbundet.no\/content\/uploads\/sites\/10\/2026\/03\/Nottekraka_0126-forside-764x1024.jpg\" alt=\"skog, mennesker, forside medlemsblad. foto\" class=\"wp-image-17027 size-medium\" srcset=\"https:\/\/naturvernforbundet.no\/content\/uploads\/sites\/10\/2026\/03\/Nottekraka_0126-forside-764x1024.jpg 764w, https:\/\/naturvernforbundet.no\/content\/uploads\/sites\/10\/2026\/03\/Nottekraka_0126-forside-224x300.jpg 224w, https:\/\/naturvernforbundet.no\/content\/uploads\/sites\/10\/2026\/03\/Nottekraka_0126-forside-768x1030.jpg 768w, https:\/\/naturvernforbundet.no\/content\/uploads\/sites\/10\/2026\/03\/Nottekraka_0126-forside-1146x1536.jpg 1146w, https:\/\/naturvernforbundet.no\/content\/uploads\/sites\/10\/2026\/03\/Nottekraka_0126-forside-1528x2048.jpg 1528w, https:\/\/naturvernforbundet.no\/content\/uploads\/sites\/10\/2026\/03\/Nottekraka_0126-forside-1432x1920.jpg 1432w, https:\/\/naturvernforbundet.no\/content\/uploads\/sites\/10\/2026\/03\/Nottekraka_0126-forside-scaled.jpg 1910w\" sizes=\"auto, (max-width: 764px) 100vw, 764px\" \/><\/a><\/figure><div class=\"wp-block-media-text__content\">\n<p class=\"is-style-ingress\">Klikk p\u00e5 bildet for \u00e5 lese N\u00f8ttekr\u00e5ka 2026<\/p>\n\n\n\n<p><span><a style=\"font-weight: bold\" href=\"https:\/\/naturvernforbundet.no\/osloogakershus\/nottekraka-medlemsblad\/\">Her finner du N\u00f8ttekr\u00e5ka i PDF-format fra 2005-2026.<\/a><b> <\/b><\/span><\/p>\n\n\n\n<p><\/p>\n<\/div><\/div>\n\n\n\n<div class=\"wp-block-media-text alignwide has-media-on-the-right is-stacked-on-mobile\" style=\"grid-template-columns:auto 23%\"><div class=\"wp-block-media-text__content\">\n<p><\/p>\n\n\n\n<h2 class=\"wp-block-heading alignwide\">N\u00f8ttekr\u00e5ka &#8211; v\u00e5r budbringer<\/h2>\n\n\n\n<p class=\"is-style-default\"><em>N\u00f8ttekr\u00e5ke \u2013 Nucifraga caryocatactes. Ca. 35 cm lang fugl. M\u00f8rk sjokoladebrun med tallrike hvite flekker. Vingene er sorte og brede, nebbet er kraftig, rett og nesten sort det ogs\u00e5. Flyr ofte i sm\u00e5flokker, bortsett fra i hekketiden, og setter seg gjerne i en tretopp. Hekker f\u00e5tallig i barskog, gjerne med hasseltr\u00e6r, s\u00e6rlig i lavlandet rundt Oslofjorden. Hamstrer hasseln\u00f8tter. Er som oftest stedbundet, men kan utvandre i enkelte \u00e5r.&nbsp;&nbsp;&nbsp;<\/em><\/p>\n\n\n\n<p class=\"has-text-align-left is-style-default\"><em>(Kilde: Caplex)<\/em><\/p>\n<\/div><figure class=\"wp-block-media-text__media\"><img loading=\"lazy\" decoding=\"async\" width=\"1419\" height=\"841\" src=\"https:\/\/naturvernforbundet.no\/content\/uploads\/sites\/10\/2023\/01\/Nottekraka-gjennomsiktig-Gjenopprettet-2.png\" alt=\"\" class=\"wp-image-5511 size-full\" srcset=\"https:\/\/naturvernforbundet.no\/content\/uploads\/sites\/10\/2023\/01\/Nottekraka-gjennomsiktig-Gjenopprettet-2.png 1419w, https:\/\/naturvernforbundet.no\/content\/uploads\/sites\/10\/2023\/01\/Nottekraka-gjennomsiktig-Gjenopprettet-2-300x178.png 300w, https:\/\/naturvernforbundet.no\/content\/uploads\/sites\/10\/2023\/01\/Nottekraka-gjennomsiktig-Gjenopprettet-2-1024x607.png 1024w, https:\/\/naturvernforbundet.no\/content\/uploads\/sites\/10\/2023\/01\/Nottekraka-gjennomsiktig-Gjenopprettet-2-768x455.png 768w\" sizes=\"auto, (max-width: 1419px) 100vw, 1419px\" \/><\/figure><\/div>\n\n\n\n<div class=\"wp-block-group is-style-green-light is-layout-flow wp-block-group-is-layout-flow\">\n<h3 class=\"wp-block-heading has-text-align-center\"><strong>Medlemsbladets histor<\/strong>ie<\/h3>\n\n\n\n<p>NiBs N\u00f8ttekr\u00e5ka s\u00e5 dagens lys i 1986. Et enkelt, naturvennlig blad var det; kun et naturfarget A4-ark brettet i to, med informasjon p\u00e5 begge sider. <\/p>\n\n\n\n<p>I det f\u00f8rste nummeret finner vi ogs\u00e5 begrunnelsen for navnevalget: &laquo;Som kr\u00e5ke i B\u00e6rum er det nok av natur- og milj\u00f8vernn\u00f8tter \u00e5 knekke.&raquo;<\/p>\n\n\n\n<p>Bladet har dekket en rekke saker som B\u00e6rums naturvernforening har v\u00e6rt opptatt av. Noen gjengangere som den dag i dag f\u00e5r spalteplass, er f\u00f8lgende:<\/p>\n\n\n\n<ul class=\"wp-block-list\">\n<li>bevaring av kulturlandskap<\/li>\n\n\n\n<li>arealbruk<\/li>\n\n\n\n<li>gr\u00f8nne lunger<\/li>\n\n\n\n<li>strandomr\u00e5der<\/li>\n\n\n\n<li>biologisk mangfold<\/li>\n\n\n\n<li>vassdragene<\/li>\n<\/ul>\n\n\n\n<p><\/p>\n\n\n\n<p>N\u00f8ttekr\u00e5ka inneholder ogs\u00e5 \u00e5rsm\u00f8terapporter, innkallinger og arrangementer. Et par slagord sakset fra noen av de f\u00f8rste utgivelsene av N\u00f8ttekr\u00e5ka:<\/p>\n\n\n\n<p>&#8211;&nbsp;<strong><em>\u00d8kologiske vurderinger m\u00e5 prioriteres fremfor de \u00f8konomiske, og livsstandard m\u00e5 settes fremfor levestandard.<\/em><\/strong><\/p>\n\n\n\n<p>&#8211;&nbsp;&nbsp;<strong><em>Tenke globalt, handle lokalt.<\/em><\/strong><\/p>\n\n\n\n<p>&#8211;&nbsp;<strong><em>Et bedre B\u00e6rum for v\u00e5re etterkommere.<\/em><\/strong><\/p>\n\n\n\n<p> \u201dN\u00f8ttekr\u00e5ka\u201d skal hjelpe oss til \u00e5 knekke harde n\u00f8tter:<\/p>\n\n\n\n<ul class=\"wp-block-list\">\n<li>Holde god forbindelse med NiBs medlemmer<\/li>\n<\/ul>\n\n\n\n<ul class=\"wp-block-list\">\n<li>Spre naturglede<\/li>\n<\/ul>\n\n\n\n<ul class=\"wp-block-list\">\n<li>Rette s\u00f8kelyset mot milj\u00f8skadelig utvikling<\/li>\n<\/ul>\n\n\n\n<ul class=\"wp-block-list\">\n<li>Foresl\u00e5 milj\u00f8vennlige l\u00f8sninger<\/li>\n<\/ul>\n\n\n\n<hr class=\"wp-block-separator has-alpha-channel-opacity\"\/>\n\n\n\n<p class=\"is-style-ingress\"><strong><a href=\"https:\/\/naturvernforbundet.no\/content\/uploads\/sites\/10\/2023\/01\/NK-2002-2-jubileum.pdf\" target=\"_blank\" rel=\"noreferrer noopener\">Lokallagets historie de f\u00f8rste 30 \u00e5r finner du her i <strong> N\u00f8ttekr\u00e5ka nr. 2\/2002<\/strong><\/a><\/strong><\/p>\n<\/div>\n","protected":false},"excerpt":{"rendered":"","protected":false},"author":268,"featured_media":0,"parent":3837,"menu_order":0,"comment_status":"closed","ping_status":"closed","template":"","meta":{"_relevanssi_hide_post":"","_relevanssi_hide_content":"","_relevanssi_pin_for_all":"","_relevanssi_pin_keywords":"","_relevanssi_unpin_keywords":"","_relevanssi_related_keywords":"","_relevanssi_related_include_ids":"","_relevanssi_related_exclude_ids":"","_relevanssi_related_no_append":"","_relevanssi_related_not_related":"","_relevanssi_related_posts":"14378,7010,13387,14152,6050,13198","_relevanssi_noindex_reason":"","hide_logo":false,"footnotes":""},"categories":[140,90],"class_list":["post-3621","page","type-page","status-publish","hentry","category-baerum","category-medlemsblad"],"acf":[],"yoast_head":"<!-- This site is optimized with the Yoast SEO Premium plugin v24.9 (Yoast SEO v24.9) - https:\/\/yoast.com\/wordpress\/plugins\/seo\/ -->\n<title>N\u00f8ttekr\u00e5ka - v\u00e5rt medlemsblad - Oslo og Akershus<\/title>\n<meta name=\"description\" content=\"N\u00f8ttekr\u00e5ka medlemsblad Oslo og Akershus N\u00f8ttekr\u00e5ka - v\u00e5rt medlemsblad B\u00e6rum %\" \/>\n<meta name=\"robots\" content=\"index, follow, max-snippet:-1, max-image-preview:large, max-video-preview:-1\" \/>\n<link rel=\"canonical\" href=\"https:\/\/naturvernforbundet.no\/osloogakershus\/om-nib\/medlemsblad\/\" \/>\n<meta property=\"og:locale\" content=\"nb_NO\" \/>\n<meta property=\"og:type\" content=\"article\" \/>\n<meta property=\"og:title\" content=\"N\u00f8ttekr\u00e5ka - v\u00e5rt medlemsblad\" \/>\n<meta property=\"og:description\" content=\"N\u00f8ttekr\u00e5ka medlemsblad Oslo og Akershus N\u00f8ttekr\u00e5ka - v\u00e5rt medlemsblad B\u00e6rum %\" \/>\n<meta property=\"og:url\" content=\"https:\/\/naturvernforbundet.no\/osloogakershus\/om-nib\/medlemsblad\/\" \/>\n<meta property=\"og:site_name\" content=\"Oslo og Akershus\" \/>\n<meta property=\"article:modified_time\" content=\"2026-03-18T08:52:01+00:00\" \/>\n<meta property=\"og:image\" content=\"https:\/\/naturvernforbundet.no\/content\/uploads\/sites\/10\/2026\/03\/Nottekraka_0126-forside-scaled.jpg\" \/>\n\t<meta property=\"og:image:width\" content=\"1910\" \/>\n\t<meta property=\"og:image:height\" content=\"2560\" \/>\n\t<meta property=\"og:image:type\" content=\"image\/jpeg\" \/>\n<meta name=\"twitter:card\" content=\"summary_large_image\" \/>\n<meta name=\"twitter:label1\" content=\"Ansl. lesetid\" \/>\n\t<meta name=\"twitter:data1\" content=\"2 minutter\" \/>\n<script type=\"application\/ld+json\" class=\"yoast-schema-graph\">{\"@context\":\"https:\/\/schema.org\",\"@graph\":[{\"@type\":\"WebPage\",\"@id\":\"https:\/\/naturvernforbundet.no\/osloogakershus\/om-nib\/medlemsblad\/\",\"url\":\"https:\/\/naturvernforbundet.no\/osloogakershus\/om-nib\/medlemsblad\/\",\"name\":\"N\u00f8ttekr\u00e5ka - v\u00e5rt medlemsblad - Oslo og Akershus\",\"isPartOf\":{\"@id\":\"https:\/\/naturvernforbundet.no\/osloogakershus\/#website\"},\"primaryImageOfPage\":{\"@id\":\"https:\/\/naturvernforbundet.no\/osloogakershus\/om-nib\/medlemsblad\/#primaryimage\"},\"image\":{\"@id\":\"https:\/\/naturvernforbundet.no\/osloogakershus\/om-nib\/medlemsblad\/#primaryimage\"},\"thumbnailUrl\":\"https:\/\/naturvernforbundet.no\/content\/uploads\/sites\/10\/2026\/03\/Nottekraka_0126-forside-764x1024.jpg\",\"datePublished\":\"2022-10-15T08:52:45+00:00\",\"dateModified\":\"2026-03-18T08:52:01+00:00\",\"description\":\"N\u00f8ttekr\u00e5ka medlemsblad Oslo og Akershus N\u00f8ttekr\u00e5ka - v\u00e5rt medlemsblad B\u00e6rum %\",\"breadcrumb\":{\"@id\":\"https:\/\/naturvernforbundet.no\/osloogakershus\/om-nib\/medlemsblad\/#breadcrumb\"},\"inLanguage\":\"nb-NO\",\"potentialAction\":[{\"@type\":\"ReadAction\",\"target\":[\"https:\/\/naturvernforbundet.no\/osloogakershus\/om-nib\/medlemsblad\/\"]}]},{\"@type\":\"ImageObject\",\"inLanguage\":\"nb-NO\",\"@id\":\"https:\/\/naturvernforbundet.no\/osloogakershus\/om-nib\/medlemsblad\/#primaryimage\",\"url\":\"https:\/\/naturvernforbundet.no\/content\/uploads\/sites\/10\/2026\/03\/Nottekraka_0126-forside-764x1024.jpg\",\"contentUrl\":\"https:\/\/naturvernforbundet.no\/content\/uploads\/sites\/10\/2026\/03\/Nottekraka_0126-forside-764x1024.jpg\"},{\"@type\":\"BreadcrumbList\",\"@id\":\"https:\/\/naturvernforbundet.no\/osloogakershus\/om-nib\/medlemsblad\/#breadcrumb\",\"itemListElement\":[{\"@type\":\"ListItem\",\"position\":1,\"name\":\"Till naturvernforbundet.no\",\"item\":\"https:\/\/naturvernforbundet.no\/\"},{\"@type\":\"ListItem\",\"position\":2,\"name\":\"Oslo og Akershus\",\"item\":\"https:\/\/naturvernforbundet.no\/osloogakershus\/\"},{\"@type\":\"ListItem\",\"position\":3,\"name\":\"Naturvernforbundet i B\u00e6rum\",\"item\":\"https:\/\/naturvernforbundet.no\/osloogakershus\/om-nib\/\"},{\"@type\":\"ListItem\",\"position\":4,\"name\":\"N\u00f8ttekr\u00e5ka &#8211; v\u00e5rt medlemsblad\"}]},{\"@type\":\"WebSite\",\"@id\":\"https:\/\/naturvernforbundet.no\/osloogakershus\/#website\",\"url\":\"https:\/\/naturvernforbundet.no\/osloogakershus\/\",\"name\":\"Oslo og Akershus\",\"description\":\"Bare enda et Naturvernforbundet Sites-nettsted\",\"potentialAction\":[{\"@type\":\"SearchAction\",\"target\":{\"@type\":\"EntryPoint\",\"urlTemplate\":\"https:\/\/naturvernforbundet.no\/osloogakershus\/?s={search_term_string}\"},\"query-input\":{\"@type\":\"PropertyValueSpecification\",\"valueRequired\":true,\"valueName\":\"search_term_string\"}}],\"inLanguage\":\"nb-NO\"}]}<\/script>\n<!-- \/ Yoast SEO Premium plugin. -->","yoast_head_json":{"title":"N\u00f8ttekr\u00e5ka - v\u00e5rt medlemsblad - Oslo og Akershus","description":"N\u00f8ttekr\u00e5ka medlemsblad Oslo og Akershus N\u00f8ttekr\u00e5ka - v\u00e5rt medlemsblad B\u00e6rum %","robots":{"index":"index","follow":"follow","max-snippet":"max-snippet:-1","max-image-preview":"max-image-preview:large","max-video-preview":"max-video-preview:-1"},"canonical":"https:\/\/naturvernforbundet.no\/osloogakershus\/om-nib\/medlemsblad\/","og_locale":"nb_NO","og_type":"article","og_title":"N\u00f8ttekr\u00e5ka - v\u00e5rt medlemsblad","og_description":"N\u00f8ttekr\u00e5ka medlemsblad Oslo og Akershus N\u00f8ttekr\u00e5ka - v\u00e5rt medlemsblad B\u00e6rum %","og_url":"https:\/\/naturvernforbundet.no\/osloogakershus\/om-nib\/medlemsblad\/","og_site_name":"Oslo og Akershus","article_modified_time":"2026-03-18T08:52:01+00:00","og_image":[{"width":1910,"height":2560,"url":"https:\/\/naturvernforbundet.no\/content\/uploads\/sites\/10\/2026\/03\/Nottekraka_0126-forside-scaled.jpg","type":"image\/jpeg"}],"twitter_card":"summary_large_image","twitter_misc":{"Ansl. lesetid":"2 minutter"},"schema":{"@context":"https:\/\/schema.org","@graph":[{"@type":"WebPage","@id":"https:\/\/naturvernforbundet.no\/osloogakershus\/om-nib\/medlemsblad\/","url":"https:\/\/naturvernforbundet.no\/osloogakershus\/om-nib\/medlemsblad\/","name":"N\u00f8ttekr\u00e5ka - v\u00e5rt medlemsblad - Oslo og Akershus","isPartOf":{"@id":"https:\/\/naturvernforbundet.no\/osloogakershus\/#website"},"primaryImageOfPage":{"@id":"https:\/\/naturvernforbundet.no\/osloogakershus\/om-nib\/medlemsblad\/#primaryimage"},"image":{"@id":"https:\/\/naturvernforbundet.no\/osloogakershus\/om-nib\/medlemsblad\/#primaryimage"},"thumbnailUrl":"https:\/\/naturvernforbundet.no\/content\/uploads\/sites\/10\/2026\/03\/Nottekraka_0126-forside-764x1024.jpg","datePublished":"2022-10-15T08:52:45+00:00","dateModified":"2026-03-18T08:52:01+00:00","description":"N\u00f8ttekr\u00e5ka medlemsblad Oslo og Akershus N\u00f8ttekr\u00e5ka - v\u00e5rt medlemsblad B\u00e6rum %","breadcrumb":{"@id":"https:\/\/naturvernforbundet.no\/osloogakershus\/om-nib\/medlemsblad\/#breadcrumb"},"inLanguage":"nb-NO","potentialAction":[{"@type":"ReadAction","target":["https:\/\/naturvernforbundet.no\/osloogakershus\/om-nib\/medlemsblad\/"]}]},{"@type":"ImageObject","inLanguage":"nb-NO","@id":"https:\/\/naturvernforbundet.no\/osloogakershus\/om-nib\/medlemsblad\/#primaryimage","url":"https:\/\/naturvernforbundet.no\/content\/uploads\/sites\/10\/2026\/03\/Nottekraka_0126-forside-764x1024.jpg","contentUrl":"https:\/\/naturvernforbundet.no\/content\/uploads\/sites\/10\/2026\/03\/Nottekraka_0126-forside-764x1024.jpg"},{"@type":"BreadcrumbList","@id":"https:\/\/naturvernforbundet.no\/osloogakershus\/om-nib\/medlemsblad\/#breadcrumb","itemListElement":[{"@type":"ListItem","position":1,"name":"Till naturvernforbundet.no","item":"https:\/\/naturvernforbundet.no\/"},{"@type":"ListItem","position":2,"name":"Oslo og Akershus","item":"https:\/\/naturvernforbundet.no\/osloogakershus\/"},{"@type":"ListItem","position":3,"name":"Naturvernforbundet i B\u00e6rum","item":"https:\/\/naturvernforbundet.no\/osloogakershus\/om-nib\/"},{"@type":"ListItem","position":4,"name":"N\u00f8ttekr\u00e5ka &#8211; v\u00e5rt medlemsblad"}]},{"@type":"WebSite","@id":"https:\/\/naturvernforbundet.no\/osloogakershus\/#website","url":"https:\/\/naturvernforbundet.no\/osloogakershus\/","name":"Oslo og Akershus","description":"Bare enda et Naturvernforbundet Sites-nettsted","potentialAction":[{"@type":"SearchAction","target":{"@type":"EntryPoint","urlTemplate":"https:\/\/naturvernforbundet.no\/osloogakershus\/?s={search_term_string}"},"query-input":{"@type":"PropertyValueSpecification","valueRequired":true,"valueName":"search_term_string"}}],"inLanguage":"nb-NO"}]}},"_links":{"self":[{"href":"https:\/\/naturvernforbundet.no\/osloogakershus\/wp-json\/wp\/v2\/pages\/3621","targetHints":{"allow":["GET"]}}],"collection":[{"href":"https:\/\/naturvernforbundet.no\/osloogakershus\/wp-json\/wp\/v2\/pages"}],"about":[{"href":"https:\/\/naturvernforbundet.no\/osloogakershus\/wp-json\/wp\/v2\/types\/page"}],"author":[{"embeddable":true,"href":"https:\/\/naturvernforbundet.no\/osloogakershus\/wp-json\/wp\/v2\/users\/268"}],"replies":[{"embeddable":true,"href":"https:\/\/naturvernforbundet.no\/osloogakershus\/wp-json\/wp\/v2\/comments?post=3621"}],"version-history":[{"count":50,"href":"https:\/\/naturvernforbundet.no\/osloogakershus\/wp-json\/wp\/v2\/pages\/3621\/revisions"}],"predecessor-version":[{"id":17033,"href":"https:\/\/naturvernforbundet.no\/osloogakershus\/wp-json\/wp\/v2\/pages\/3621\/revisions\/17033"}],"up":[{"embeddable":true,"href":"https:\/\/naturvernforbundet.no\/osloogakershus\/wp-json\/wp\/v2\/pages\/3837"}],"wp:attachment":[{"href":"https:\/\/naturvernforbundet.no\/osloogakershus\/wp-json\/wp\/v2\/media?parent=3621"}],"wp:term":[{"taxonomy":"category","embeddable":true,"href":"https:\/\/naturvernforbundet.no\/osloogakershus\/wp-json\/wp\/v2\/categories?post=3621"}],"curies":[{"name":"wp","href":"https:\/\/api.w.org\/{rel}","templated":true}]}}