{"id":4078,"date":"2022-11-11T13:26:24","date_gmt":"2022-11-11T12:26:24","guid":{"rendered":"https:\/\/naturvernforbundet.no\/osloogakershus\/?page_id=4078"},"modified":"2024-04-18T14:24:19","modified_gmt":"2024-04-18T12:24:19","slug":"oslo-marka","status":"publish","type":"page","link":"https:\/\/naturvernforbundet.no\/osloogakershus\/laer-mer\/oslo-marka\/","title":{"rendered":"Oslomarka"},"content":{"rendered":"\t<div class=\"template-page has-media alignfull wp-block-naturvern-hero\">\n\t\t<div class=\"hero__inner\">\n\t\t\t<div class=\"hero__inner_blocks\">\n\t\t\t\t\t\t\t\t\n<h1 class=\"wp-block-post-title\">Oslomarka<\/h1>\n\n\n<p><strong>Det er ikke mange andre hovedsteder som kan skilte med et rekreasjonstilbud p\u00e5 lik linje med Marka &#8211; og bare en kort t-banetur fra sentrum!<\/strong><\/p>\n\n\n\n<div class=\"wp-block-buttons is-layout-flex wp-block-buttons-is-layout-flex\"><\/div>\n\n\t\t\t<\/div>\n\t\t\t\t\t<\/div>\n\t\t\t\t\t<div class=\"hero__image\">\n\t\t\t\t\t\t\t\t\t\t<img fetchpriority=\"high\" decoding=\"async\" width=\"1920\" height=\"1275\" src=\"https:\/\/naturvernforbundet.no\/content\/uploads\/sites\/10\/2024\/04\/Lauvinnblanding-1920x1275.jpg\" class=\"attachment-ultra size-ultra\" alt=\"Oslomarka\" style=\"object-position: 50% 50%;\" loading=\"eager\" srcset=\"https:\/\/naturvernforbundet.no\/content\/uploads\/sites\/10\/2024\/04\/Lauvinnblanding-1920x1275.jpg 1920w, https:\/\/naturvernforbundet.no\/content\/uploads\/sites\/10\/2024\/04\/Lauvinnblanding-300x199.jpg 300w, https:\/\/naturvernforbundet.no\/content\/uploads\/sites\/10\/2024\/04\/Lauvinnblanding-1024x680.jpg 1024w, https:\/\/naturvernforbundet.no\/content\/uploads\/sites\/10\/2024\/04\/Lauvinnblanding-768x510.jpg 768w, https:\/\/naturvernforbundet.no\/content\/uploads\/sites\/10\/2024\/04\/Lauvinnblanding-1536x1020.jpg 1536w, https:\/\/naturvernforbundet.no\/content\/uploads\/sites\/10\/2024\/04\/Lauvinnblanding-2048x1360.jpg 2048w\" sizes=\"(max-width: 1920px) 100vw, 1920px\" \/>\t\t\t\t\t\t<\/div>\n\t\t\t<\/div>\n\t\n\n\n<h3 class=\"wp-block-heading\">Oslomarka<\/h3>\n\n\n\n<p>I omr\u00e5det rundt Oslo strekker det kuperte skogsomr\u00e5det Marka seg over nitten kommuner og fem fylker og utgj\u00f8r ca 17000 km2. Flittig brukt av turg\u00e5ere s\u00e5 vel som skig\u00e5ere, sommer som vinter &#8211; daglig nyter store mengder av befolkningen den unike naturarven rett utenfor d\u00f8ra.&nbsp;<\/p>\n\n\n\n<p>Men Marka er ikke bare skog for oss \u00e5 oppleve, Marka er ogs\u00e5 hjemmet til et rikt dyre- og planteliv. Hele 60% av alle arter i Norge&nbsp;bor i skog! Dessverre er artsmangfoldet i skogen minkende. Nesten halvparten av alle artene p\u00e5 r\u00f8dlisten har sitt livsmilj\u00f8 i skog,&nbsp;og Oslo og Akershus er den regionen med flest truede arter.&nbsp;Livet&nbsp;i skogen er&nbsp;under stadig trussel&nbsp;fra hogst og utbygging, og det er Oslo-marka som drives hardest i landet. Her er bare&nbsp;14% spart for flatehogst.<\/p>\n\n\n\n<p>NOA har jobbet med \u00e5 bevare Oslo-omr\u00e5dets unike naturverdier siden 1970, og arbeidet er kontinuerlig. De gamle skogene som er sv\u00e6rt viktige habitater for utallige arter, mange truede, er i ferd med \u00e5 forsvinne &#8211;&nbsp;den unike eventyrskogen som f\u00f8r preget Norge er byttet ut med ung plantasjeskog og monokultur. NOA jobber ut i fra prinsippet om at alle arter har en egen verdi og et st\u00f8rre samspill med hverandre enn hva vi er klar over. N\u00e5r en art forsvinner fra et \u00f8kosystem kan dette i mange tilfeller skape store ringvirkninger i n\u00e6ringskjeden, som kan f\u00f8re til at flere arter blir borte som f\u00f8lge.&nbsp;<\/p>\n\n\n\n<p>Vi mener at kunnskapsgrunnlaget i&nbsp;skogforvaltningen er for d\u00e5rlig, og \u00f8nsker \u00f8kt forst\u00e5else og kunnskap om samspillet i skogen. Derfor jobber vi aktivt med kartlegging av n\u00f8kkelbiotoper, kunnskapsformidling, og for vern av v\u00e5re siste naturskoger, som er s\u00e5 viktige for det norske artsmangfoldet.&nbsp;<\/p>\n\n\n\n<h2 class=\"wp-block-heading\">NOAs Markagruppe<\/h2>\n\n\n\n<p>Markagruppa jobber med systematisk registrering av biologisk mangfold og opplevelsesverdier i Marka, og for at revisjonen av Markaforskriften harmoniserer med Markalovens form\u00e5lsparagraf og markaorganisasjonenes krav til forbedringer.<\/p>\n\n\n\n<p>Gruppa jobber aktivt for \u00e5 stanse hogst i verdifulle skogomr\u00e5der og \u00e5 dokumentere brudd p\u00e5 lovverk og milj\u00f8standard.<\/p>\n\n\n\n<p>For mer informasjon send en mail til <a href=\"mailto: Bjanfa@gmail.com\">Bj\u00f8rn Faafeng. <\/a><\/p>\n\n\n\n<h2 class=\"wp-block-heading\">NOAs arbeid med Marka <\/h2>\n\n\n\n<div class=\"wp-block-columns is-layout-flex wp-container-core-columns-is-layout-1 wp-block-columns-is-layout-flex\">\n<div class=\"wp-block-column is-layout-flow wp-block-column-is-layout-flow\"><div class=\"t2-featured-single-post t2-featured-content is-post-type-post category-nyheter wp-block-t2-featured-single-post\"><a class=\"t2-post-link wp-block-t2-post-link\" href=\"https:\/\/naturvernforbundet.no\/osloogakershus\/noa-krever-at-innspill-om-markas-natur-og-opplevelsesverdier-kan-gis-for-hogst-godkjennes\/\">\n<figure style=\"--t2-focal-point: 50% 50%;\" class=\"t2-post-featured-image has-image-ratio-4-3 wp-block-t2-post-featured-image\"><img loading=\"lazy\" decoding=\"async\" width=\"950\" height=\"713\" src=\"https:\/\/naturvernforbundet.no\/content\/uploads\/sites\/10\/2022\/09\/dynekjuke.jpg2028fullscreen29.jpg\" class=\"attachment-post-thumbnail size-post-thumbnail wp-post-image\" alt=\"\" srcset=\"https:\/\/naturvernforbundet.no\/content\/uploads\/sites\/10\/2022\/09\/dynekjuke.jpg2028fullscreen29.jpg 950w, https:\/\/naturvernforbundet.no\/content\/uploads\/sites\/10\/2022\/09\/dynekjuke.jpg2028fullscreen29-300x225.jpg 300w, https:\/\/naturvernforbundet.no\/content\/uploads\/sites\/10\/2022\/09\/dynekjuke.jpg2028fullscreen29-768x576.jpg 768w\" sizes=\"auto, (max-width: 950px) 100vw, 950px\" \/><\/figure>\n\n<div class=\"wp-block-group alignfull is-layout-flow wp-block-group-is-layout-flow\">\n\t<h2 class=\"t2-post-title wp-block-t2-post-title\">NOA krever at innspill om markas natur- og opplevelsesverdier kan gis f\u00f8r hogst godkjennes<\/h2>\n\t<p class=\"wp-block-naturvern-post-excerpt\">All hogst i marka m\u00e5 s\u00f8kes om og godkjennes av markakommunenes landbrukskontorer, men det finnes ingen samlet oversikt over s\u00f8knader og vedtak. NOA krever en bedre prosess som sikrer at markaorganisasjonene og allmennheten kan gi innspill om viktige natur- og opplevelsesverdier &#8211; F\u00d8R kommunen fatter vedtak og hogsten starter.<\/p>\n\t\t<div class=\"wp-block-naturvern-post-meta\">\n\t\t\t\t\t<span class=\"cat\">\n\t\t\t\t\t\t\t\t\t<span><span class=\"tag-link\" data-href=\"https:\/\/naturvernforbundet.no\/osloogakershus\/category\/nyheter\/\">Nyheter<\/span><\/span>\n\t\t\t\t\t\t\t<\/span>\n\t\t\t\t\t\t\t<span class=\"date\">21.09.2022<\/span>\n\t\t\t<\/div>\n\t\n<\/div>\n\n<\/a>\n<\/div><\/div>\n\n\n\n<div class=\"wp-block-column is-layout-flow wp-block-column-is-layout-flow\"><div class=\"t2-featured-single-post t2-featured-content is-post-type-post category-nyheter wp-block-t2-featured-single-post\"><a class=\"t2-post-link wp-block-t2-post-link\" href=\"https:\/\/naturvernforbundet.no\/osloogakershus\/bekymringsmelding-om-vern-av-kulturminner-i-marka\/\">\n<figure style=\"--t2-focal-point: 50% 50%;\" class=\"t2-post-featured-image has-image-ratio-4-3 wp-block-t2-post-featured-image\"><img loading=\"lazy\" decoding=\"async\" width=\"653\" height=\"371\" src=\"https:\/\/naturvernforbundet.no\/content\/uploads\/sites\/10\/2021\/11\/haralds_hytte.jpg2028articledisplay29.jpg\" class=\"attachment-post-thumbnail size-post-thumbnail wp-post-image\" alt=\"\" srcset=\"https:\/\/naturvernforbundet.no\/content\/uploads\/sites\/10\/2021\/11\/haralds_hytte.jpg2028articledisplay29.jpg 653w, https:\/\/naturvernforbundet.no\/content\/uploads\/sites\/10\/2021\/11\/haralds_hytte.jpg2028articledisplay29-300x170.jpg 300w\" sizes=\"auto, (max-width: 653px) 100vw, 653px\" \/><\/figure>\n\n<div class=\"wp-block-group alignfull is-layout-flow wp-block-group-is-layout-flow\">\n\t<h2 class=\"t2-post-title wp-block-t2-post-title\">Bekymringsmelding om vern av kulturminner i Marka<\/h2>\n\t<p class=\"wp-block-naturvern-post-excerpt\">Til Byr\u00e5d for byutvikling, Oslo Bystyre ved ordf\u00f8rer Marianne Borgen og til Kultur- og utdanningsutvalget: Undertegnede lag, foreninger og organisasjoner skriver til dere p\u00e5 bakgrunn av en stor bekymring, nemlig Byantikvarens mangel p\u00e5 ressurser til \u00e5 f\u00f8lge opp kulturminner og kulturminneregistrering innenfor markagrensa i Oslo Kommune.<\/p>\n\t\t<div class=\"wp-block-naturvern-post-meta\">\n\t\t\t\t\t<span class=\"cat\">\n\t\t\t\t\t\t\t\t\t<span><span class=\"tag-link\" data-href=\"https:\/\/naturvernforbundet.no\/osloogakershus\/category\/nyheter\/\">Nyheter<\/span><\/span>\n\t\t\t\t\t\t\t<\/span>\n\t\t\t\t\t\t\t<span class=\"date\">17.11.2021<\/span>\n\t\t\t<\/div>\n\t\n<\/div>\n\n<\/a>\n<\/div><\/div>\n\n\n\n<div class=\"wp-block-column is-layout-flow wp-block-column-is-layout-flow\"><div class=\"t2-featured-single-post t2-featured-content is-post-type-post category-ukategorisert wp-block-t2-featured-single-post\"><a class=\"t2-post-link wp-block-t2-post-link\" href=\"https:\/\/naturvernforbundet.no\/osloogakershus\/okologiske-korridorer-i-marka-stor-stotte-fra-natur-og-miljoorganisasjoner\/\">\n<figure style=\"--t2-focal-point: 50% 50%;\" class=\"t2-post-featured-image has-image-ratio-4-3 wp-block-t2-post-featured-image\"><img loading=\"lazy\" decoding=\"async\" width=\"1440\" height=\"1440\" src=\"https:\/\/naturvernforbundet.no\/content\/uploads\/sites\/10\/2023\/06\/2023-OsloMarka-Hanna_Loeken.webp\" class=\"attachment-post-thumbnail size-post-thumbnail wp-post-image\" alt=\"Et landskaps bildet fra Pershusfjellet over Pershusvatnet i Oslo Marka\" srcset=\"https:\/\/naturvernforbundet.no\/content\/uploads\/sites\/10\/2023\/06\/2023-OsloMarka-Hanna_Loeken.webp 1440w, https:\/\/naturvernforbundet.no\/content\/uploads\/sites\/10\/2023\/06\/2023-OsloMarka-Hanna_Loeken-300x300.webp 300w, https:\/\/naturvernforbundet.no\/content\/uploads\/sites\/10\/2023\/06\/2023-OsloMarka-Hanna_Loeken-1024x1024.webp 1024w, https:\/\/naturvernforbundet.no\/content\/uploads\/sites\/10\/2023\/06\/2023-OsloMarka-Hanna_Loeken-150x150.webp 150w, https:\/\/naturvernforbundet.no\/content\/uploads\/sites\/10\/2023\/06\/2023-OsloMarka-Hanna_Loeken-768x768.webp 768w\" sizes=\"auto, (max-width: 1440px) 100vw, 1440px\" \/><\/figure>\n\n<div class=\"wp-block-group alignfull is-layout-flow wp-block-group-is-layout-flow\">\n\t<h2 class=\"t2-post-title wp-block-t2-post-title\">\u00d8kologiske korridorer i Marka: stor st\u00f8tte fra natur- og milj\u00f8organisasjoner<\/h2>\n\t<p class=\"wp-block-naturvern-post-excerpt\"><\/p>\n\t\t<div class=\"wp-block-naturvern-post-meta\">\n\t\t\t\t\t<span class=\"cat\">\n\t\t\t\t\t\t\t\t\t<span><span class=\"tag-link\" data-href=\"https:\/\/naturvernforbundet.no\/osloogakershus\/category\/ukategorisert\/\">Ukategorisert<\/span><\/span>\n\t\t\t\t\t\t\t<\/span>\n\t\t\t\t\t\t\t<span class=\"date\">08.01.2024<\/span>\n\t\t\t<\/div>\n\t\n<\/div>\n\n<\/a>\n<\/div><\/div>\n<\/div>\n\n\n\n<div class=\"wp-block-columns is-layout-flex wp-container-core-columns-is-layout-2 wp-block-columns-is-layout-flex\">\n<div class=\"wp-block-column is-layout-flow wp-block-column-is-layout-flow\"><div class=\"t2-featured-single-post t2-featured-content is-post-type-post category-nyheter wp-block-t2-featured-single-post\"><a class=\"t2-post-link wp-block-t2-post-link\" href=\"https:\/\/naturvernforbundet.no\/osloogakershus\/den-viktigste-markaseieren\/\">\n<figure style=\"--t2-focal-point: 50% 50%;\" class=\"t2-post-featured-image has-image-ratio-4-3 wp-block-t2-post-featured-image\"><img loading=\"lazy\" decoding=\"async\" width=\"653\" height=\"434\" src=\"https:\/\/naturvernforbundet.no\/content\/uploads\/sites\/10\/2020\/06\/SpC3A5len_kveld2028129.JPG2028articledisplay29.jpg\" class=\"attachment-post-thumbnail size-post-thumbnail wp-post-image\" alt=\"\" srcset=\"https:\/\/naturvernforbundet.no\/content\/uploads\/sites\/10\/2020\/06\/SpC3A5len_kveld2028129.JPG2028articledisplay29.jpg 653w, https:\/\/naturvernforbundet.no\/content\/uploads\/sites\/10\/2020\/06\/SpC3A5len_kveld2028129.JPG2028articledisplay29-300x199.jpg 300w\" sizes=\"auto, (max-width: 653px) 100vw, 653px\" \/><\/figure>\n\n<div class=\"wp-block-group alignfull is-layout-flow wp-block-group-is-layout-flow\">\n\t<h2 class=\"t2-post-title wp-block-t2-post-title\">Den viktigste Markaseieren<\/h2>\n\t<p class=\"wp-block-naturvern-post-excerpt\">Sankthansaften er det 25 \u00e5r siden Sp\u00e5len-Katnosa ble vernet.<\/p>\n\t\t<div class=\"wp-block-naturvern-post-meta\">\n\t\t\t\t\t<span class=\"cat\">\n\t\t\t\t\t\t\t\t\t<span><span class=\"tag-link\" data-href=\"https:\/\/naturvernforbundet.no\/osloogakershus\/category\/nyheter\/\">Nyheter<\/span><\/span>\n\t\t\t\t\t\t\t<\/span>\n\t\t\t\t\t\t\t<span class=\"date\">23.06.2020<\/span>\n\t\t\t<\/div>\n\t\n<\/div>\n\n<\/a>\n<\/div><\/div>\n\n\n\n<div class=\"wp-block-column is-layout-flow wp-block-column-is-layout-flow\"><\/div>\n\n\n\n<div class=\"wp-block-column is-layout-flow wp-block-column-is-layout-flow\"><div class=\"t2-featured-single-post t2-featured-content is-post-type-post category-marka category-nyheter category-skog-og-skogbruk wp-block-t2-featured-single-post\"><a class=\"t2-post-link wp-block-t2-post-link\" href=\"https:\/\/naturvernforbundet.no\/osloogakershus\/fritt-frem-for-nye-skogsbilveier-i-marka\/\">\n<figure style=\"--t2-focal-point: 50% 50%;\" class=\"t2-post-featured-image has-image-ratio-4-3 wp-block-t2-post-featured-image\"><img loading=\"lazy\" decoding=\"async\" width=\"2560\" height=\"1920\" src=\"https:\/\/naturvernforbundet.no\/content\/uploads\/sites\/10\/2023\/03\/vei-sormarka-scaled.jpg\" class=\"attachment-post-thumbnail size-post-thumbnail wp-post-image\" alt=\"\" srcset=\"https:\/\/naturvernforbundet.no\/content\/uploads\/sites\/10\/2023\/03\/vei-sormarka-scaled.jpg 2560w, https:\/\/naturvernforbundet.no\/content\/uploads\/sites\/10\/2023\/03\/vei-sormarka-300x225.jpg 300w, https:\/\/naturvernforbundet.no\/content\/uploads\/sites\/10\/2023\/03\/vei-sormarka-1024x768.jpg 1024w, https:\/\/naturvernforbundet.no\/content\/uploads\/sites\/10\/2023\/03\/vei-sormarka-768x576.jpg 768w, https:\/\/naturvernforbundet.no\/content\/uploads\/sites\/10\/2023\/03\/vei-sormarka-1536x1152.jpg 1536w, https:\/\/naturvernforbundet.no\/content\/uploads\/sites\/10\/2023\/03\/vei-sormarka-2048x1536.jpg 2048w, https:\/\/naturvernforbundet.no\/content\/uploads\/sites\/10\/2023\/03\/vei-sormarka-1920x1440.jpg 1920w\" sizes=\"auto, (max-width: 2560px) 100vw, 2560px\" \/><\/figure>\n\n<div class=\"wp-block-group alignfull is-layout-flow wp-block-group-is-layout-flow\">\n\t<h2 class=\"t2-post-title wp-block-t2-post-title\">NOA kjemper mot nye skogsbilveier i Marka<\/h2>\n\t<p class=\"wp-block-naturvern-post-excerpt\">Tre nye skogsbilveier er planlagt i \u00d8stmarka og S\u00f8rmarka. Veiene vil inneb\u00e6re omfattende terrenginngrep i viktige natur- og friluftslivsomr\u00e5der. NOA mener veiene ikke kan godkjennes uten reguleringsplan og p\u00e5f\u00f8lgende avveining mot markalovens form\u00e5l.<\/p>\n\t\t<div class=\"wp-block-naturvern-post-meta\">\n\t\t\t\t\t<span class=\"cat\">\n\t\t\t\t\t\t\t\t\t<span><span class=\"tag-link\" data-href=\"https:\/\/naturvernforbundet.no\/osloogakershus\/category\/marka\/\">Marka<\/span><\/span>\n\t\t\t\t\t\t\t\t\t<span><span class=\"tag-link\" data-href=\"https:\/\/naturvernforbundet.no\/osloogakershus\/category\/nyheter\/\">Nyheter<\/span><\/span>\n\t\t\t\t\t\t\t\t\t<span><span class=\"tag-link\" data-href=\"https:\/\/naturvernforbundet.no\/osloogakershus\/category\/skog-og-skogbruk\/\">Skog og skogbruk<\/span><\/span>\n\t\t\t\t\t\t\t<\/span>\n\t\t\t\t\t\t\t<span class=\"date\">14.12.2022<\/span>\n\t\t\t<\/div>\n\t\n<\/div>\n\n<\/a>\n<\/div><\/div>\n<\/div>\n","protected":false},"excerpt":{"rendered":"","protected":false},"author":261,"featured_media":0,"parent":1440,"menu_order":0,"comment_status":"closed","ping_status":"closed","template":"","meta":{"_relevanssi_hide_post":"","_relevanssi_hide_content":"","_relevanssi_pin_for_all":"","_relevanssi_pin_keywords":"","_relevanssi_unpin_keywords":"","_relevanssi_related_keywords":"","_relevanssi_related_include_ids":"","_relevanssi_related_exclude_ids":"","_relevanssi_related_no_append":"","_relevanssi_related_not_related":"","_relevanssi_related_posts":"","_relevanssi_noindex_reason":"","hide_logo":false,"footnotes":""},"categories":[],"class_list":["post-4078","page","type-page","status-publish","hentry"],"acf":[],"yoast_head":"<!-- This site is optimized with the Yoast SEO plugin v24.9 - https:\/\/yoast.com\/wordpress\/plugins\/seo\/ -->\n<title>Oslomarka - Oslo og Akershus<\/title>\n<meta name=\"robots\" content=\"index, follow, max-snippet:-1, max-image-preview:large, max-video-preview:-1\" \/>\n<link rel=\"canonical\" href=\"https:\/\/naturvernforbundet.no\/osloogakershus\/laer-mer\/oslo-marka\/\" \/>\n<meta property=\"og:locale\" content=\"nb_NO\" \/>\n<meta property=\"og:type\" content=\"article\" \/>\n<meta property=\"og:title\" content=\"Oslomarka - Oslo og Akershus\" \/>\n<meta property=\"og:url\" content=\"https:\/\/naturvernforbundet.no\/osloogakershus\/laer-mer\/oslo-marka\/\" \/>\n<meta property=\"og:site_name\" content=\"Oslo og Akershus\" \/>\n<meta property=\"article:modified_time\" content=\"2024-04-18T12:24:19+00:00\" \/>\n<meta name=\"twitter:card\" content=\"summary_large_image\" \/>\n<meta name=\"twitter:label1\" content=\"Ansl. lesetid\" \/>\n\t<meta name=\"twitter:data1\" content=\"2 minutter\" \/>\n<script type=\"application\/ld+json\" class=\"yoast-schema-graph\">{\"@context\":\"https:\/\/schema.org\",\"@graph\":[{\"@type\":\"WebPage\",\"@id\":\"https:\/\/naturvernforbundet.no\/osloogakershus\/laer-mer\/oslo-marka\/\",\"url\":\"https:\/\/naturvernforbundet.no\/osloogakershus\/laer-mer\/oslo-marka\/\",\"name\":\"Oslomarka - Oslo og Akershus\",\"isPartOf\":{\"@id\":\"https:\/\/naturvernforbundet.no\/osloogakershus\/#website\"},\"datePublished\":\"2022-11-11T12:26:24+00:00\",\"dateModified\":\"2024-04-18T12:24:19+00:00\",\"breadcrumb\":{\"@id\":\"https:\/\/naturvernforbundet.no\/osloogakershus\/laer-mer\/oslo-marka\/#breadcrumb\"},\"inLanguage\":\"nb-NO\",\"potentialAction\":[{\"@type\":\"ReadAction\",\"target\":[\"https:\/\/naturvernforbundet.no\/osloogakershus\/laer-mer\/oslo-marka\/\"]}]},{\"@type\":\"BreadcrumbList\",\"@id\":\"https:\/\/naturvernforbundet.no\/osloogakershus\/laer-mer\/oslo-marka\/#breadcrumb\",\"itemListElement\":[{\"@type\":\"ListItem\",\"position\":1,\"name\":\"Till naturvernforbundet.no\",\"item\":\"https:\/\/naturvernforbundet.no\/\"},{\"@type\":\"ListItem\",\"position\":2,\"name\":\"Oslo og Akershus\",\"item\":\"https:\/\/naturvernforbundet.no\/osloogakershus\/\"},{\"@type\":\"ListItem\",\"position\":3,\"name\":\"L\u00e6r mer\",\"item\":\"https:\/\/naturvernforbundet.no\/osloogakershus\/laer-mer\/\"},{\"@type\":\"ListItem\",\"position\":4,\"name\":\"Oslomarka\"}]},{\"@type\":\"WebSite\",\"@id\":\"https:\/\/naturvernforbundet.no\/osloogakershus\/#website\",\"url\":\"https:\/\/naturvernforbundet.no\/osloogakershus\/\",\"name\":\"Oslo og Akershus\",\"description\":\"Bare enda et Naturvernforbundet Sites-nettsted\",\"potentialAction\":[{\"@type\":\"SearchAction\",\"target\":{\"@type\":\"EntryPoint\",\"urlTemplate\":\"https:\/\/naturvernforbundet.no\/osloogakershus\/?s={search_term_string}\"},\"query-input\":{\"@type\":\"PropertyValueSpecification\",\"valueRequired\":true,\"valueName\":\"search_term_string\"}}],\"inLanguage\":\"nb-NO\"}]}<\/script>\n<!-- \/ Yoast SEO plugin. -->","yoast_head_json":{"title":"Oslomarka - Oslo og Akershus","robots":{"index":"index","follow":"follow","max-snippet":"max-snippet:-1","max-image-preview":"max-image-preview:large","max-video-preview":"max-video-preview:-1"},"canonical":"https:\/\/naturvernforbundet.no\/osloogakershus\/laer-mer\/oslo-marka\/","og_locale":"nb_NO","og_type":"article","og_title":"Oslomarka - Oslo og Akershus","og_url":"https:\/\/naturvernforbundet.no\/osloogakershus\/laer-mer\/oslo-marka\/","og_site_name":"Oslo og Akershus","article_modified_time":"2024-04-18T12:24:19+00:00","twitter_card":"summary_large_image","twitter_misc":{"Ansl. lesetid":"2 minutter"},"schema":{"@context":"https:\/\/schema.org","@graph":[{"@type":"WebPage","@id":"https:\/\/naturvernforbundet.no\/osloogakershus\/laer-mer\/oslo-marka\/","url":"https:\/\/naturvernforbundet.no\/osloogakershus\/laer-mer\/oslo-marka\/","name":"Oslomarka - Oslo og Akershus","isPartOf":{"@id":"https:\/\/naturvernforbundet.no\/osloogakershus\/#website"},"datePublished":"2022-11-11T12:26:24+00:00","dateModified":"2024-04-18T12:24:19+00:00","breadcrumb":{"@id":"https:\/\/naturvernforbundet.no\/osloogakershus\/laer-mer\/oslo-marka\/#breadcrumb"},"inLanguage":"nb-NO","potentialAction":[{"@type":"ReadAction","target":["https:\/\/naturvernforbundet.no\/osloogakershus\/laer-mer\/oslo-marka\/"]}]},{"@type":"BreadcrumbList","@id":"https:\/\/naturvernforbundet.no\/osloogakershus\/laer-mer\/oslo-marka\/#breadcrumb","itemListElement":[{"@type":"ListItem","position":1,"name":"Till naturvernforbundet.no","item":"https:\/\/naturvernforbundet.no\/"},{"@type":"ListItem","position":2,"name":"Oslo og Akershus","item":"https:\/\/naturvernforbundet.no\/osloogakershus\/"},{"@type":"ListItem","position":3,"name":"L\u00e6r mer","item":"https:\/\/naturvernforbundet.no\/osloogakershus\/laer-mer\/"},{"@type":"ListItem","position":4,"name":"Oslomarka"}]},{"@type":"WebSite","@id":"https:\/\/naturvernforbundet.no\/osloogakershus\/#website","url":"https:\/\/naturvernforbundet.no\/osloogakershus\/","name":"Oslo og Akershus","description":"Bare enda et Naturvernforbundet Sites-nettsted","potentialAction":[{"@type":"SearchAction","target":{"@type":"EntryPoint","urlTemplate":"https:\/\/naturvernforbundet.no\/osloogakershus\/?s={search_term_string}"},"query-input":{"@type":"PropertyValueSpecification","valueRequired":true,"valueName":"search_term_string"}}],"inLanguage":"nb-NO"}]}},"_links":{"self":[{"href":"https:\/\/naturvernforbundet.no\/osloogakershus\/wp-json\/wp\/v2\/pages\/4078","targetHints":{"allow":["GET"]}}],"collection":[{"href":"https:\/\/naturvernforbundet.no\/osloogakershus\/wp-json\/wp\/v2\/pages"}],"about":[{"href":"https:\/\/naturvernforbundet.no\/osloogakershus\/wp-json\/wp\/v2\/types\/page"}],"author":[{"embeddable":true,"href":"https:\/\/naturvernforbundet.no\/osloogakershus\/wp-json\/wp\/v2\/users\/261"}],"replies":[{"embeddable":true,"href":"https:\/\/naturvernforbundet.no\/osloogakershus\/wp-json\/wp\/v2\/comments?post=4078"}],"version-history":[{"count":7,"href":"https:\/\/naturvernforbundet.no\/osloogakershus\/wp-json\/wp\/v2\/pages\/4078\/revisions"}],"predecessor-version":[{"id":10195,"href":"https:\/\/naturvernforbundet.no\/osloogakershus\/wp-json\/wp\/v2\/pages\/4078\/revisions\/10195"}],"up":[{"embeddable":true,"href":"https:\/\/naturvernforbundet.no\/osloogakershus\/wp-json\/wp\/v2\/pages\/1440"}],"wp:attachment":[{"href":"https:\/\/naturvernforbundet.no\/osloogakershus\/wp-json\/wp\/v2\/media?parent=4078"}],"wp:term":[{"taxonomy":"category","embeddable":true,"href":"https:\/\/naturvernforbundet.no\/osloogakershus\/wp-json\/wp\/v2\/categories?post=4078"}],"curies":[{"name":"wp","href":"https:\/\/api.w.org\/{rel}","templated":true}]}}