{"version":"1.0","provider_name":"\u00d8stfold","provider_url":"https:\/\/naturvernforbundet.no\/ostfold","author_name":"Elin K. Ajer Stenersr\u00f8d Andreassen","author_url":"https:\/\/naturvernforbundet.no\/ostfold\/author\/elinkasa\/","title":"Biologisk mangfold i Halden - \u00d8stfold","type":"rich","width":600,"height":338,"html":"<blockquote class=\"wp-embedded-content\" data-secret=\"0q8nv6wM7Z\"><a href=\"https:\/\/naturvernforbundet.no\/ostfold\/biologisk-mangfold-i-halden\/\">Biologisk mangfold i Halden<\/a><\/blockquote><iframe sandbox=\"allow-scripts\" security=\"restricted\" src=\"https:\/\/naturvernforbundet.no\/ostfold\/biologisk-mangfold-i-halden\/embed\/#?secret=0q8nv6wM7Z\" width=\"600\" height=\"338\" title=\"&laquo;Biologisk mangfold i Halden&raquo; &#8212; \u00d8stfold\" data-secret=\"0q8nv6wM7Z\" frameborder=\"0\" marginwidth=\"0\" marginheight=\"0\" scrolling=\"no\" class=\"wp-embedded-content\"><\/iframe><script>\n\/*! This file is auto-generated *\/\n!function(d,l){\"use strict\";l.querySelector&&d.addEventListener&&\"undefined\"!=typeof URL&&(d.wp=d.wp||{},d.wp.receiveEmbedMessage||(d.wp.receiveEmbedMessage=function(e){var t=e.data;if((t||t.secret||t.message||t.value)&&!\/[^a-zA-Z0-9]\/.test(t.secret)){for(var s,r,n,a=l.querySelectorAll('iframe[data-secret=\"'+t.secret+'\"]'),o=l.querySelectorAll('blockquote[data-secret=\"'+t.secret+'\"]'),c=new RegExp(\"^https?:$\",\"i\"),i=0;i<o.length;i++)o[i].style.display=\"none\";for(i=0;i<a.length;i++)s=a[i],e.source===s.contentWindow&&(s.removeAttribute(\"style\"),\"height\"===t.message?(1e3<(r=parseInt(t.value,10))?r=1e3:~~r<200&&(r=200),s.height=r):\"link\"===t.message&&(r=new URL(s.getAttribute(\"src\")),n=new URL(t.value),c.test(n.protocol))&&n.host===r.host&&l.activeElement===s&&(d.top.location.href=t.value))}},d.addEventListener(\"message\",d.wp.receiveEmbedMessage,!1),l.addEventListener(\"DOMContentLoaded\",function(){for(var e,t,s=l.querySelectorAll(\"iframe.wp-embedded-content\"),r=0;r<s.length;r++)(t=(e=s[r]).getAttribute(\"data-secret\"))||(t=Math.random().toString(36).substring(2,12),e.src+=\"#?secret=\"+t,e.setAttribute(\"data-secret\",t)),e.contentWindow.postMessage({message:\"ready\",secret:t},\"*\")},!1)))}(window,document);\n<\/script>\n","thumbnail_url":"https:\/\/naturvernforbundet.no\/content\/uploads\/sites\/22\/2022\/10\/Folka-reservatet.jpg-fullscreen.jpg","thumbnail_width":950,"thumbnail_height":713,"description":"Hvitveisen ligger som et hvitt teppe i skogbunnen i Folk\u00e5 Naturreservat. De fleste gleder seg ved synet og forst\u00e5r at et slikt verneomr\u00e5de m\u00e5 tas vare p\u00e5. Imidlertid er vi ikke like opptatt av \u2013 eller ser \u2013 at bit-for-bit nedbygginger av arealer og hogging av tr\u00e6r og vegetasjon, reduserer det vi har av biologisk mangfold i Halden."}

Østfold

Elin K. Ajer Stenersrød Andreassen

Biologisk mangfold i Halden - Østfold

<blockquote class="wp-embedded-content" data-secret="0q8nv6wM7Z"><a href="https://naturvernforbundet.no/ostfold/biologisk-mangfold-i-halden/">Biologisk mangfold i Halden</a></blockquote><iframe sandbox="allow-scripts" security="restricted" src="https://naturvernforbundet.no/ostfold/biologisk-mangfold-i-halden/embed/#?secret=0q8nv6wM7Z" width="600" height="338" title="&laquo;Biologisk mangfold i Halden&raquo; &#8212; Østfold" data-secret="0q8nv6wM7Z" frameborder="0" marginwidth="0" marginheight="0" scrolling="no" class="wp-embedded-content"></iframe><script>
/*! This file is auto-generated */
!function(d,l){"use strict";l.querySelector&&d.addEventListener&&"undefined"!=typeof URL&&(d.wp=d.wp||{},d.wp.receiveEmbedMessage||(d.wp.receiveEmbedMessage=function(e){var t=e.data;if((t||t.secret||t.message||t.value)&&!/[^a-zA-Z0-9]/.test(t.secret)){for(var s,r,n,a=l.querySelectorAll('iframe[data-secret="'+t.secret+'"]'),o=l.querySelectorAll('blockquote[data-secret="'+t.secret+'"]'),c=new RegExp("^https?:$","i"),i=0;i<o.length;i++)o[i].style.display="none";for(i=0;i<a.length;i++)s=a[i],e.source===s.contentWindow&&(s.removeAttribute("style"),"height"===t.message?(1e3<(r=parseInt(t.value,10))?r=1e3:~~r<200&&(r=200),s.height=r):"link"===t.message&&(r=new URL(s.getAttribute("src")),n=new URL(t.value),c.test(n.protocol))&&n.host===r.host&&l.activeElement===s&&(d.top.location.href=t.value))}},d.addEventListener("message",d.wp.receiveEmbedMessage,!1),l.addEventListener("DOMContentLoaded",function(){for(var e,t,s=l.querySelectorAll("iframe.wp-embedded-content"),r=0;r<s.length;r++)(t=(e=s[r]).getAttribute("data-secret"))||(t=Math.random().toString(36).substring(2,12),e.src+="#?secret="+t,e.setAttribute("data-secret",t)),e.contentWindow.postMessage({message:"ready",secret:t},"*")},!1)))}(window,document);
</script>

Hvitveisen ligger som et hvitt teppe i skogbunnen i Folkå Naturreservat. De fleste gleder seg ved synet og forstår at et slikt verneområde må tas vare på. Imidlertid er vi ikke like opptatt av – eller ser – at bit-for-bit nedbygginger av arealer og hogging av trær og vegetasjon, reduserer det vi har av biologisk mangfold i Halden.
