{"version":"1.0","provider_name":"Sogn og Fjordane","provider_url":"https:\/\/naturvernforbundet.no\/sognogfjordane","author_name":"Philip Butler","author_url":"https:\/\/naturvernforbundet.no\/sognogfjordane\/author\/philipbutler\/","title":"Dagens leiar i Dagbladet, 9. april 2012 - Sogn og Fjordane","type":"rich","width":600,"height":338,"html":"<blockquote class=\"wp-embedded-content\" data-secret=\"vrP1fSkGii\"><a href=\"https:\/\/naturvernforbundet.no\/sognogfjordane\/dagens-leiar-i-dagbladet-9-april-2012\/\">Dagens leiar i Dagbladet, 9. april 2012<\/a><\/blockquote><iframe sandbox=\"allow-scripts\" security=\"restricted\" src=\"https:\/\/naturvernforbundet.no\/sognogfjordane\/dagens-leiar-i-dagbladet-9-april-2012\/embed\/#?secret=vrP1fSkGii\" width=\"600\" height=\"338\" title=\"&laquo;Dagens leiar i Dagbladet, 9. april 2012&raquo; &#8212; Sogn og Fjordane\" data-secret=\"vrP1fSkGii\" frameborder=\"0\" marginwidth=\"0\" marginheight=\"0\" scrolling=\"no\" class=\"wp-embedded-content\"><\/iframe><script>\n\/*! This file is auto-generated *\/\n!function(d,l){\"use strict\";l.querySelector&&d.addEventListener&&\"undefined\"!=typeof URL&&(d.wp=d.wp||{},d.wp.receiveEmbedMessage||(d.wp.receiveEmbedMessage=function(e){var t=e.data;if((t||t.secret||t.message||t.value)&&!\/[^a-zA-Z0-9]\/.test(t.secret)){for(var s,r,n,a=l.querySelectorAll('iframe[data-secret=\"'+t.secret+'\"]'),o=l.querySelectorAll('blockquote[data-secret=\"'+t.secret+'\"]'),c=new RegExp(\"^https?:$\",\"i\"),i=0;i<o.length;i++)o[i].style.display=\"none\";for(i=0;i<a.length;i++)s=a[i],e.source===s.contentWindow&&(s.removeAttribute(\"style\"),\"height\"===t.message?(1e3<(r=parseInt(t.value,10))?r=1e3:~~r<200&&(r=200),s.height=r):\"link\"===t.message&&(r=new URL(s.getAttribute(\"src\")),n=new URL(t.value),c.test(n.protocol))&&n.host===r.host&&l.activeElement===s&&(d.top.location.href=t.value))}},d.addEventListener(\"message\",d.wp.receiveEmbedMessage,!1),l.addEventListener(\"DOMContentLoaded\",function(){for(var e,t,s=l.querySelectorAll(\"iframe.wp-embedded-content\"),r=0;r<s.length;r++)(t=(e=s[r]).getAttribute(\"data-secret\"))||(t=Math.random().toString(36).substring(2,12),e.src+=\"#?secret=\"+t,e.setAttribute(\"data-secret\",t)),e.contentWindow.postMessage({message:\"ready\",secret:t},\"*\")},!1)))}(window,document);\n<\/script>\n","description":"Vi saksar fr\u00e5 Dagbladet, der redakt\u00f8ren skriv at regjeringa m\u00e5 kunne si nei til deponering av gruveavfall i norske fjord: \u00abRegjeringen b\u00f8r lytte til milj\u00f8myndighetene. I nasjonale laksefjorder m\u00e5 det g\u00e5 an \u00e5 si nei. Norske fjorder har evighetens perspektiv og b\u00f8r ikke byttes bort mot arbeidsplasser i et kortere perspektiv. Skal sj\u00f8deponi tillates, b\u00f8r det stilles strenge krav til plassering, kjemikaliebruk og gjenbruk av fyllmasser, slik at p\u00e5virkningen minimeres. Klarer ikke industrien \u00e5 etterkomme dette, har ikke prosjektene livets rett.\u00bb"}

Vi saksar frå Dagbladet, der redaktøren skriv at regjeringa må kunne si nei til deponering av gruveavfall i norske fjord: «Regjeringen bør lytte til miljømyndighetene. I nasjonale laksefjorder må det gå an å si nei. Norske fjorder har evighetens perspektiv og bør ikke byttes bort mot arbeidsplasser i et kortere perspektiv. Skal sjødeponi tillates, bør det stilles strenge krav til plassering, kjemikaliebruk og gjenbruk av fyllmasser, slik at påvirkningen minimeres. Klarer ikke industrien å etterkomme dette, har ikke prosjektene livets rett.»
