{"id":2292,"date":"2026-03-19T14:14:06","date_gmt":"2026-03-19T13:14:06","guid":{"rendered":"https:\/\/naturvernforbundet.no\/sognogfjordane\/?page_id=2292"},"modified":"2026-03-27T09:17:15","modified_gmt":"2026-03-27T08:17:15","slug":"open-call-kunst-og-strandrydderesidens-i-stavang","status":"publish","type":"page","link":"https:\/\/naturvernforbundet.no\/sognogfjordane\/open-call-kunst-og-strandrydderesidens-i-stavang\/","title":{"rendered":"OPEN CALL &#8211; Kunst- og Strandrydderesidens i Stavang"},"content":{"rendered":"\t<div class=\"template-page has-media alignfull wp-block-naturvern-hero\">\n\t\t<div class=\"hero__inner\">\n\t\t\t<div class=\"hero__inner_blocks\">\n\t\t\t\t\t\t\t\t\n<h1 class=\"wp-block-post-title\">OPEN CALL &#8211; Kunst- og Strandrydderesidens i Stavang<\/h1>\n\n\n<p>Naturvernforbundet Sogn og Fjordane og Fjordane Friluftsr\u00e5d inviterer kunstnarar til \u00e5 s\u00f8ke p\u00e5 eit heilt unikt residensopphald p\u00e5 Sogn og Fjordane sin ytre kyst i juni 2026.<\/p>\n\n\n\n<p>S\u00f8knadsfrist: 26.04.2026<\/p>\n\n\t\t\t<\/div>\n\t\t\t\t\t<\/div>\n\t\t\t\t\t<div class=\"hero__image\">\n\t\t\t\t\t\t\t\t\t\t<img fetchpriority=\"high\" decoding=\"async\" width=\"1920\" height=\"1280\" src=\"https:\/\/naturvernforbundet.no\/content\/uploads\/sites\/17\/2026\/03\/DSCF2520.jpg\" class=\"attachment-ultra size-ultra\" alt=\"\" style=\"object-position: 52% 83%;\" loading=\"eager\" srcset=\"https:\/\/naturvernforbundet.no\/content\/uploads\/sites\/17\/2026\/03\/DSCF2520.jpg 1920w, https:\/\/naturvernforbundet.no\/content\/uploads\/sites\/17\/2026\/03\/DSCF2520-300x200.jpg 300w, https:\/\/naturvernforbundet.no\/content\/uploads\/sites\/17\/2026\/03\/DSCF2520-1024x683.jpg 1024w, https:\/\/naturvernforbundet.no\/content\/uploads\/sites\/17\/2026\/03\/DSCF2520-768x512.jpg 768w, https:\/\/naturvernforbundet.no\/content\/uploads\/sites\/17\/2026\/03\/DSCF2520-1536x1024.jpg 1536w\" sizes=\"(max-width: 1920px) 100vw, 1920px\" \/>\t\t\t\t\t\t<\/div>\n\t\t\t<\/div>\n\t\n\n\n<div class=\"wp-block-media-text alignwide is-stacked-on-mobile\" style=\"grid-template-columns:45% auto\"><figure class=\"wp-block-media-text__media\"><img loading=\"lazy\" decoding=\"async\" width=\"1920\" height=\"1280\" src=\"https:\/\/naturvernforbundet.no\/content\/uploads\/sites\/17\/2026\/03\/DSCF2250.jpg\" alt=\"\" class=\"wp-image-2295 size-full\" srcset=\"https:\/\/naturvernforbundet.no\/content\/uploads\/sites\/17\/2026\/03\/DSCF2250.jpg 1920w, https:\/\/naturvernforbundet.no\/content\/uploads\/sites\/17\/2026\/03\/DSCF2250-300x200.jpg 300w, https:\/\/naturvernforbundet.no\/content\/uploads\/sites\/17\/2026\/03\/DSCF2250-1024x683.jpg 1024w, https:\/\/naturvernforbundet.no\/content\/uploads\/sites\/17\/2026\/03\/DSCF2250-768x512.jpg 768w, https:\/\/naturvernforbundet.no\/content\/uploads\/sites\/17\/2026\/03\/DSCF2250-1536x1024.jpg 1536w\" sizes=\"auto, (max-width: 1920px) 100vw, 1920px\" \/><span class=\"t2-image-credit-name\">Eliah Lillis<\/span><\/figure><div class=\"wp-block-media-text__content\">\n<p>Vi inviterer kunstnarar til ei unik oppleving som kombinerer strandrydding og kunst i dei vakre omgjevnadane i Stavang.<\/p>\n\n\n\n<p>S\u00f8knader som vektlegg kunstnaren si interesse for, og syn p\u00e5 naturengasjement og milj\u00f8vern vil prioriterast, men tidlegare erfaring er ikkje eit krav.&nbsp;<\/p>\n\n\n\n<p>Premisset for residensen er \u00e5 delta i strandrydding langs norskekysten saman med frivillige plastplukkarar. Materialet vi samlar vil verte brukt, anten direkte eller indirekte til ei felles utstilling\/performance i slutten av opphaldet.<\/p>\n\n\n\n<p>Vi ynskjer alle kunstnarar velkomne til \u00e5 s\u00f8ke, anten ein driv med materialbasert kunst, performanse, lyd eller video- for \u00e5 nemne nokon.<\/p>\n<\/div><\/div>\n\n\n\n<h2 class=\"wp-block-heading\"><strong>Praktisk om residensen:<\/strong><\/h2>\n\n\n\n<p>Opphaldet p\u00e5 residensen varer i 3 veker og startar 1. juni. Kost og losji vert dekka av arrang\u00f8ren. Det vil vere moglegheit for b\u00e5de innand\u00f8rs og utand\u00f8rs arbeidslokale.<\/p>\n\n\n\n<p>Strandryddinga vil foreg\u00e5 i det episke og ville landskapet p\u00e5 \u00f8yar og fastland kring <strong><a href=\"https:\/\/maps.app.goo.gl\/9S5QUeZG8pnZrNd16\">Stavang<\/a><\/strong>, der vi vil arbeide til fots og med hjelp av b\u00e5t. Her f\u00e5r ein ei unik moglegheit til \u00e5 komme tett p\u00e5 aude natur og dyreliv, og \u00e5 oppleve konsekvensane av menneskeleg p\u00e5virknad og forureining. B\u00e5de kunstnarane og dei frivillige strandryddarane skal aktivt delta i \u00e5 sanke\/ rydde havplast. Gjennom tre veker vil kunstnarane kunne utforske moglegheitene denne plassen har \u00e5 tilby, gjennom tilstadev\u00e6relse, aktivitet og arbeid.<\/p>\n\n\n\n<p>Det er forventa at kunstnarane skal kunne samarbeide om ei <strong>felles utstilling<\/strong> og\/eller <strong>performance <\/strong>ved slutten av opphaldet der dei tek i bruk materiale dei sj\u00f8lve har sanka. Dei frivillige vil bist\u00e5 med \u00e5 finne materiale.<\/p>\n\n\n\n<p>Kva form kunstprosjektet tek&nbsp;er opp til kunstnarane \u00e5 bestemme, det kan gjenskapast gjennom lyd, video, fysiske installasjonar etc. Men prosjektet blir utforma med premiss om \u00e5 nytte materiala ein finn gjennom strandryddinga, og med hensikt \u00e5 formidle omfanget av fors\u00f8plingsproblematikken langs kysten av Sogn og Fjordane.<\/p>\n\n\n\n<p>Denne residensen krever at s\u00f8kjaren er i god alminnelig form, d\u00e5 sj\u00f8lve strandryddinga kan vere fysisk krevjende og i omr\u00e5der med ulendt terreng.<\/p>\n\n\n\n<div class=\"wp-block-group alignfull is-style-green-light is-layout-constrained wp-block-group-is-layout-constrained\">\n<h1 class=\"wp-block-heading has-text-align-left\">Slik s\u00f8ker du<\/h1>\n\n\n\n<div class=\"wp-block-group is-content-justification-left is-layout-constrained wp-container-core-group-is-layout-2 wp-block-group-is-layout-constrained\">\n<div class=\"wp-block-columns is-layout-flex wp-container-core-columns-is-layout-1 wp-block-columns-is-layout-flex\">\n<div class=\"wp-block-column is-layout-flow wp-block-column-is-layout-flow\" style=\"flex-basis:100%\">\n<div class=\"wp-block-group alignwide is-vertical is-layout-flex wp-container-core-group-is-layout-1 wp-block-group-is-layout-flex\">\n<ul class=\"wp-block-list\">\n<li>S\u00f8knadsfrist <strong>26. april 2026<\/strong><\/li>\n\n\n\n<li>Du kan vente svar p\u00e5 s\u00f8knaden innan <strong>4. mai<\/strong> <strong>2026<\/strong><\/li>\n\n\n\n<li>S\u00f8knaden skal samlast i ein pdf p\u00e5 <strong>maks 15 sider<\/strong> og <strong>maks 10MB<\/strong><\/li>\n\n\n\n<li>Navngi fila: <em>etternavn_2026<\/em><\/li>\n\n\n\n<li>S\u00f8knaden sendast p\u00e5 epost til: <a href=\"mailto:s.skjerdal@naturvernforbundet.no\">s.skjerdal@naturvernforbundet.no<\/a><\/li>\n<\/ul>\n<\/div>\n<\/div>\n<\/div>\n\n\n\n<h2 class=\"wp-block-heading\">S\u00f8knaden skal innehalde:<\/h2>\n\n\n\n<p><strong>Kontaktopplysningar:<\/strong> <em>Fullt namn, tlf. nr. og epostadresse<\/em><\/p>\n\n\n\n<p><strong>Skildring av kunstnarskapet: <\/strong><\/p>\n\n\n\n<p><em>Skriv kort om f\u00f8lgande:<\/em><\/p>\n\n\n\n<ul class=\"wp-block-list\">\n<li>Kven er du som kunstnar? Litt om praksisen din, kva medier, format og materialer jobbar du mest med? Kva er ambisjonane og m\u00e5la dine med kunsten?<\/li>\n\n\n\n<li>Kvifor tenker du at du passar inn i dette prosjektet? <\/li>\n<\/ul>\n\n\n\n<p><\/p>\n\n\n\n<p><strong>Kva er dine tankar om natur, milj\u00f8 og b\u00e6rekraft? <\/strong><\/p>\n\n\n\n<p><em>Skriv kort om kva du tenker om desse tema, og korleis du jobbar med eller ynskjer \u00e5 jobbe med dei gjennom kunsten din.<\/em><\/p>\n\n\n\n<p><\/p>\n\n\n\n<p><strong>Kunstnerisk CV<\/strong><\/p>\n\n\n\n<p><em>Maks 2 A4sider<\/em><\/p>\n\n\n\n<ul class=\"wp-block-list\">\n<li><em>Skal innehalde relevant utdanning og kurs<\/em><\/li>\n\n\n\n<li><em>Relevant verksomheit, produksjon, b\u00e5de gjennomf\u00f8rte og planlagte prosjekt.<\/em><\/li>\n\n\n\n<li><em>Anna relevant informasjon<\/em><\/li>\n\n\n\n<li><em>Vi synes ogs\u00e5 det er spanande \u00e5 sj\u00e5 om du har noko tidligare erfaring med strandrydding og generelt friluftsliv gjennom tidligare arbeid, ideell verksemd eller ut av eige initiativ, men dette er ikkje p\u00e5krevd.<\/em><\/li>\n<\/ul>\n\n\n\n<p><\/p>\n\n\n\n<p><strong>Kunstnerisk portef\u00f8lje<\/strong><\/p>\n\n\n\n<ul class=\"wp-block-list\">\n<li><em>Skal vise <strong>maks 7 verk<\/strong><\/em>. <em>Vel gjerne ut verk som representerer ditt kunstnariske verke godt, og som kan passe inn i formatet til residensen.<\/em><\/li>\n\n\n\n<li><em><strong>Bildedokumentasjon:<\/strong> Inkluder tittel p\u00e5 verk, \u00e5r, format og teknikk p\u00e5 same side som bilete av verket. Kan ogs\u00e5 inkludere ei enkel setning med prosjektskildring.<\/em><\/li>\n\n\n\n<li><em>Dokumentasjonen b\u00f8r vere i liggande format, og storleiken tilpasses visning p\u00e5 skjerm (1920&#215;1080).<\/em><\/li>\n\n\n\n<li><em><strong>Videofil<\/strong>: Legg ved link til videofil inne i PDF-en, bruk Youtube eller Vimeo. Filmen kan ikkje vere lengre enn fem minutt.<\/em><\/li>\n\n\n\n<li><em><strong>Lydfil:<\/strong> Legg ved link til lydfil inne i PDF-en som .mp3, .ogg, .wav, .flac, .aiff. Lydfila kan ikkje vere lengre enn fem minutt.<\/em><\/li>\n<\/ul>\n<\/div>\n\n\n\n<p><\/p>\n\n\n\n<h2 class=\"wp-block-heading\">Har du sp\u00f8rsm\u00e5l?<\/h2>\n\n\n\n<ul class=\"wp-block-list\">\n<li>For praktiske sp\u00f8rsm\u00e5l kontakt Stina Skjerdal: <a href=\"mailto:s.skjerdal@naturvernforbundet.no\">s.skjerdal@naturvernforbundet.no<\/a> <\/li>\n\n\n\n<li>For kunstfaglege sp\u00f8rsm\u00e5l kontakt Eyrun M\u00fcller: <a href=\"mailto:eyrunmueller@gmail.com\">eyrunmueller@gmail.com<\/a><\/li>\n<\/ul>\n<\/div>\n\n\n\n<h2 class=\"wp-block-heading\">Om arrang\u00f8rane<\/h2>\n\n\n\n<div class=\"wp-block-media-text is-stacked-on-mobile\" style=\"grid-template-columns:33% auto\"><figure class=\"wp-block-media-text__media\"><img loading=\"lazy\" decoding=\"async\" width=\"1024\" height=\"683\" src=\"https:\/\/naturvernforbundet.no\/content\/uploads\/sites\/17\/2026\/03\/DSCF3062-1024x683.jpg\" alt=\"\" class=\"wp-image-2296 size-full\" srcset=\"https:\/\/naturvernforbundet.no\/content\/uploads\/sites\/17\/2026\/03\/DSCF3062-1024x683.jpg 1024w, https:\/\/naturvernforbundet.no\/content\/uploads\/sites\/17\/2026\/03\/DSCF3062-300x200.jpg 300w, https:\/\/naturvernforbundet.no\/content\/uploads\/sites\/17\/2026\/03\/DSCF3062-768x512.jpg 768w, https:\/\/naturvernforbundet.no\/content\/uploads\/sites\/17\/2026\/03\/DSCF3062-1536x1024.jpg 1536w, https:\/\/naturvernforbundet.no\/content\/uploads\/sites\/17\/2026\/03\/DSCF3062.jpg 1920w\" sizes=\"auto, (max-width: 1024px) 100vw, 1024px\" \/><\/figure><div class=\"wp-block-media-text__content\">\n<p><strong>Stina Skjerdal<\/strong><br>Prosjektkoordinator for Naturvernforbundet Sogn og Fjordane<\/p>\n<\/div><\/div>\n\n\n\n<div class=\"wp-block-media-text is-stacked-on-mobile\" style=\"grid-template-columns:33% auto\"><figure class=\"wp-block-media-text__media\"><img loading=\"lazy\" decoding=\"async\" width=\"1024\" height=\"683\" src=\"https:\/\/naturvernforbundet.no\/content\/uploads\/sites\/17\/2026\/03\/DSCF2672-1024x683.jpg\" alt=\"\" class=\"wp-image-2305 size-full\" srcset=\"https:\/\/naturvernforbundet.no\/content\/uploads\/sites\/17\/2026\/03\/DSCF2672-1024x683.jpg 1024w, https:\/\/naturvernforbundet.no\/content\/uploads\/sites\/17\/2026\/03\/DSCF2672-300x200.jpg 300w, https:\/\/naturvernforbundet.no\/content\/uploads\/sites\/17\/2026\/03\/DSCF2672-768x512.jpg 768w, https:\/\/naturvernforbundet.no\/content\/uploads\/sites\/17\/2026\/03\/DSCF2672-1536x1024.jpg 1536w, https:\/\/naturvernforbundet.no\/content\/uploads\/sites\/17\/2026\/03\/DSCF2672.jpg 1920w\" sizes=\"auto, (max-width: 1024px) 100vw, 1024px\" \/><span class=\"t2-image-credit-name\">Eliah Lillis<\/span><\/figure><div class=\"wp-block-media-text__content\">\n<p><strong>Johannes Elslo<\/strong><br>Prosjektkoordinator for Fjordane Friluftsr\u00e5d<\/p>\n<\/div><\/div>\n\n\n\n<div class=\"wp-block-media-text is-stacked-on-mobile\" style=\"grid-template-columns:33% auto\"><figure class=\"wp-block-media-text__media\"><img loading=\"lazy\" decoding=\"async\" width=\"1024\" height=\"683\" src=\"https:\/\/naturvernforbundet.no\/content\/uploads\/sites\/17\/2026\/03\/Eyrun-Muller-3-1024x683.jpg\" alt=\"\" class=\"wp-image-2324 size-full\" srcset=\"https:\/\/naturvernforbundet.no\/content\/uploads\/sites\/17\/2026\/03\/Eyrun-Muller-3-1024x683.jpg 1024w, https:\/\/naturvernforbundet.no\/content\/uploads\/sites\/17\/2026\/03\/Eyrun-Muller-3-300x200.jpg 300w, https:\/\/naturvernforbundet.no\/content\/uploads\/sites\/17\/2026\/03\/Eyrun-Muller-3-768x512.jpg 768w, https:\/\/naturvernforbundet.no\/content\/uploads\/sites\/17\/2026\/03\/Eyrun-Muller-3-1536x1024.jpg 1536w\" sizes=\"auto, (max-width: 1024px) 100vw, 1024px\" \/><span class=\"t2-image-credit-name\">Eyrun Mueller<\/span><\/figure><div class=\"wp-block-media-text__content\">\n<p><strong>Eyrun M\u00fcller<\/strong><br>Kunstnerisk ansvarleg<\/p>\n<\/div><\/div>\n\n\n\n\t\t<div class=\"naturvern-logos alignwide wp-block-naturvern-sponsors\">\n\t\t\t<div>\n\t\t\t\t<p class=\"naturnvern-sponsors__title\">Sponsorar<\/p>\n\t\t\t\t<div class=\"naturvern-logos__scroller\" id=\"naturvern-logos-1\">\n\t\t\t\t\t<div class=\"naturvern-logos__items\">\n\t\t\t\t\t\t<div class=\"naturvern-logos__item\" data-w=\"79\"><img decoding=\"async\" src=\"https:\/\/naturvernforbundet.no\/content\/uploads\/sites\/17\/2026\/03\/handelens-miljofond-300x152.webp\" alt=\"handelens milj\u00f8fond\"><\/div><div class=\"naturvern-logos__item\" data-w=\"150\"><img decoding=\"async\" src=\"https:\/\/naturvernforbundet.no\/content\/uploads\/sites\/17\/2026\/03\/vestland-fylkeskommune_rgb-300x80.png\" alt=\"vestland-fylkeskommune_rgb\"><\/div>\n\t\t\t\t\t<\/div>\n\t\t\t\t<\/div>\n\t\t\t<\/div>\n\t\t<\/div>","protected":false},"excerpt":{"rendered":"","protected":false},"author":398,"featured_media":2295,"parent":0,"menu_order":0,"comment_status":"closed","ping_status":"closed","template":"","meta":{"_relevanssi_hide_post":"","_relevanssi_hide_content":"","_relevanssi_pin_for_all":"","_relevanssi_pin_keywords":"","_relevanssi_unpin_keywords":"","_relevanssi_related_keywords":"","_relevanssi_related_include_ids":"","_relevanssi_related_exclude_ids":"","_relevanssi_related_no_append":"","_relevanssi_related_not_related":"","_relevanssi_related_posts":"262,396,423,434,234,421","_relevanssi_noindex_reason":"","hide_logo":false,"footnotes":""},"categories":[55,25,13,38],"class_list":["post-2292","page","type-page","status-publish","has-post-thumbnail","hentry","category-marin-natur","category-nyhende","category-plast","category-strandrydding"],"acf":[],"yoast_head":"<!-- This site is optimized with the Yoast SEO plugin v24.9 - https:\/\/yoast.com\/wordpress\/plugins\/seo\/ -->\n<title>OPEN CALL - Kunst- og Strandrydderesidens i Stavang - Sogn og Fjordane<\/title>\n<meta name=\"robots\" content=\"index, follow, max-snippet:-1, max-image-preview:large, max-video-preview:-1\" \/>\n<link rel=\"canonical\" href=\"https:\/\/naturvernforbundet.no\/sognogfjordane\/open-call-kunst-og-strandrydderesidens-i-stavang\/\" \/>\n<meta property=\"og:locale\" content=\"nb_NO\" \/>\n<meta property=\"og:type\" content=\"article\" \/>\n<meta property=\"og:title\" content=\"OPEN CALL - Kunst- og Strandrydderesidens i Stavang - Sogn og Fjordane\" \/>\n<meta property=\"og:url\" content=\"https:\/\/naturvernforbundet.no\/sognogfjordane\/open-call-kunst-og-strandrydderesidens-i-stavang\/\" \/>\n<meta property=\"og:site_name\" content=\"Sogn og Fjordane\" \/>\n<meta property=\"article:modified_time\" content=\"2026-03-27T08:17:15+00:00\" \/>\n<meta property=\"og:image\" content=\"https:\/\/naturvernforbundet.no\/content\/uploads\/sites\/17\/2026\/03\/DSCF2250-1024x683.jpg\" \/>\n\t<meta property=\"og:image:width\" content=\"1024\" \/>\n\t<meta property=\"og:image:height\" content=\"683\" \/>\n\t<meta property=\"og:image:type\" content=\"image\/jpeg\" \/>\n<meta name=\"twitter:card\" content=\"summary_large_image\" \/>\n<meta name=\"twitter:label1\" content=\"Ansl. lesetid\" \/>\n\t<meta name=\"twitter:data1\" content=\"5 minutter\" \/>\n<script type=\"application\/ld+json\" class=\"yoast-schema-graph\">{\"@context\":\"https:\/\/schema.org\",\"@graph\":[{\"@type\":\"WebPage\",\"@id\":\"https:\/\/naturvernforbundet.no\/sognogfjordane\/open-call-kunst-og-strandrydderesidens-i-stavang\/\",\"url\":\"https:\/\/naturvernforbundet.no\/sognogfjordane\/open-call-kunst-og-strandrydderesidens-i-stavang\/\",\"name\":\"OPEN CALL - Kunst- og Strandrydderesidens i Stavang - Sogn og Fjordane\",\"isPartOf\":{\"@id\":\"https:\/\/naturvernforbundet.no\/sognogfjordane\/#website\"},\"primaryImageOfPage\":{\"@id\":\"https:\/\/naturvernforbundet.no\/sognogfjordane\/open-call-kunst-og-strandrydderesidens-i-stavang\/#primaryimage\"},\"image\":{\"@id\":\"https:\/\/naturvernforbundet.no\/sognogfjordane\/open-call-kunst-og-strandrydderesidens-i-stavang\/#primaryimage\"},\"thumbnailUrl\":\"https:\/\/naturvernforbundet.no\/content\/uploads\/sites\/17\/2026\/03\/DSCF2250.jpg\",\"datePublished\":\"2026-03-19T13:14:06+00:00\",\"dateModified\":\"2026-03-27T08:17:15+00:00\",\"breadcrumb\":{\"@id\":\"https:\/\/naturvernforbundet.no\/sognogfjordane\/open-call-kunst-og-strandrydderesidens-i-stavang\/#breadcrumb\"},\"inLanguage\":\"nb-NO\",\"potentialAction\":[{\"@type\":\"ReadAction\",\"target\":[\"https:\/\/naturvernforbundet.no\/sognogfjordane\/open-call-kunst-og-strandrydderesidens-i-stavang\/\"]}]},{\"@type\":\"ImageObject\",\"inLanguage\":\"nb-NO\",\"@id\":\"https:\/\/naturvernforbundet.no\/sognogfjordane\/open-call-kunst-og-strandrydderesidens-i-stavang\/#primaryimage\",\"url\":\"https:\/\/naturvernforbundet.no\/content\/uploads\/sites\/17\/2026\/03\/DSCF2250.jpg\",\"contentUrl\":\"https:\/\/naturvernforbundet.no\/content\/uploads\/sites\/17\/2026\/03\/DSCF2250.jpg\",\"width\":1920,\"height\":1280,\"caption\":\"Foto: Eliah Lillis\"},{\"@type\":\"BreadcrumbList\",\"@id\":\"https:\/\/naturvernforbundet.no\/sognogfjordane\/open-call-kunst-og-strandrydderesidens-i-stavang\/#breadcrumb\",\"itemListElement\":[{\"@type\":\"ListItem\",\"position\":1,\"name\":\"Till naturvernforbundet.no\",\"item\":\"https:\/\/naturvernforbundet.no\/\"},{\"@type\":\"ListItem\",\"position\":2,\"name\":\"Sogn og Fjordane\",\"item\":\"https:\/\/naturvernforbundet.no\/sognogfjordane\/\"},{\"@type\":\"ListItem\",\"position\":3,\"name\":\"OPEN CALL &#8211; Kunst- og Strandrydderesidens i Stavang\"}]},{\"@type\":\"WebSite\",\"@id\":\"https:\/\/naturvernforbundet.no\/sognogfjordane\/#website\",\"url\":\"https:\/\/naturvernforbundet.no\/sognogfjordane\/\",\"name\":\"Sogn og Fjordane\",\"description\":\"Bare enda et Naturvernforbundet Sites-nettsted\",\"potentialAction\":[{\"@type\":\"SearchAction\",\"target\":{\"@type\":\"EntryPoint\",\"urlTemplate\":\"https:\/\/naturvernforbundet.no\/sognogfjordane\/?s={search_term_string}\"},\"query-input\":{\"@type\":\"PropertyValueSpecification\",\"valueRequired\":true,\"valueName\":\"search_term_string\"}}],\"inLanguage\":\"nb-NO\"}]}<\/script>\n<!-- \/ Yoast SEO plugin. -->","yoast_head_json":{"title":"OPEN CALL - Kunst- og Strandrydderesidens i Stavang - Sogn og Fjordane","robots":{"index":"index","follow":"follow","max-snippet":"max-snippet:-1","max-image-preview":"max-image-preview:large","max-video-preview":"max-video-preview:-1"},"canonical":"https:\/\/naturvernforbundet.no\/sognogfjordane\/open-call-kunst-og-strandrydderesidens-i-stavang\/","og_locale":"nb_NO","og_type":"article","og_title":"OPEN CALL - Kunst- og Strandrydderesidens i Stavang - Sogn og Fjordane","og_url":"https:\/\/naturvernforbundet.no\/sognogfjordane\/open-call-kunst-og-strandrydderesidens-i-stavang\/","og_site_name":"Sogn og Fjordane","article_modified_time":"2026-03-27T08:17:15+00:00","og_image":[{"width":1024,"height":683,"url":"https:\/\/naturvernforbundet.no\/content\/uploads\/sites\/17\/2026\/03\/DSCF2250-1024x683.jpg","type":"image\/jpeg"}],"twitter_card":"summary_large_image","twitter_misc":{"Ansl. lesetid":"5 minutter"},"schema":{"@context":"https:\/\/schema.org","@graph":[{"@type":"WebPage","@id":"https:\/\/naturvernforbundet.no\/sognogfjordane\/open-call-kunst-og-strandrydderesidens-i-stavang\/","url":"https:\/\/naturvernforbundet.no\/sognogfjordane\/open-call-kunst-og-strandrydderesidens-i-stavang\/","name":"OPEN CALL - Kunst- og Strandrydderesidens i Stavang - Sogn og Fjordane","isPartOf":{"@id":"https:\/\/naturvernforbundet.no\/sognogfjordane\/#website"},"primaryImageOfPage":{"@id":"https:\/\/naturvernforbundet.no\/sognogfjordane\/open-call-kunst-og-strandrydderesidens-i-stavang\/#primaryimage"},"image":{"@id":"https:\/\/naturvernforbundet.no\/sognogfjordane\/open-call-kunst-og-strandrydderesidens-i-stavang\/#primaryimage"},"thumbnailUrl":"https:\/\/naturvernforbundet.no\/content\/uploads\/sites\/17\/2026\/03\/DSCF2250.jpg","datePublished":"2026-03-19T13:14:06+00:00","dateModified":"2026-03-27T08:17:15+00:00","breadcrumb":{"@id":"https:\/\/naturvernforbundet.no\/sognogfjordane\/open-call-kunst-og-strandrydderesidens-i-stavang\/#breadcrumb"},"inLanguage":"nb-NO","potentialAction":[{"@type":"ReadAction","target":["https:\/\/naturvernforbundet.no\/sognogfjordane\/open-call-kunst-og-strandrydderesidens-i-stavang\/"]}]},{"@type":"ImageObject","inLanguage":"nb-NO","@id":"https:\/\/naturvernforbundet.no\/sognogfjordane\/open-call-kunst-og-strandrydderesidens-i-stavang\/#primaryimage","url":"https:\/\/naturvernforbundet.no\/content\/uploads\/sites\/17\/2026\/03\/DSCF2250.jpg","contentUrl":"https:\/\/naturvernforbundet.no\/content\/uploads\/sites\/17\/2026\/03\/DSCF2250.jpg","width":1920,"height":1280,"caption":"Foto: Eliah Lillis"},{"@type":"BreadcrumbList","@id":"https:\/\/naturvernforbundet.no\/sognogfjordane\/open-call-kunst-og-strandrydderesidens-i-stavang\/#breadcrumb","itemListElement":[{"@type":"ListItem","position":1,"name":"Till naturvernforbundet.no","item":"https:\/\/naturvernforbundet.no\/"},{"@type":"ListItem","position":2,"name":"Sogn og Fjordane","item":"https:\/\/naturvernforbundet.no\/sognogfjordane\/"},{"@type":"ListItem","position":3,"name":"OPEN CALL &#8211; Kunst- og Strandrydderesidens i Stavang"}]},{"@type":"WebSite","@id":"https:\/\/naturvernforbundet.no\/sognogfjordane\/#website","url":"https:\/\/naturvernforbundet.no\/sognogfjordane\/","name":"Sogn og Fjordane","description":"Bare enda et Naturvernforbundet Sites-nettsted","potentialAction":[{"@type":"SearchAction","target":{"@type":"EntryPoint","urlTemplate":"https:\/\/naturvernforbundet.no\/sognogfjordane\/?s={search_term_string}"},"query-input":{"@type":"PropertyValueSpecification","valueRequired":true,"valueName":"search_term_string"}}],"inLanguage":"nb-NO"}]}},"_links":{"self":[{"href":"https:\/\/naturvernforbundet.no\/sognogfjordane\/wp-json\/wp\/v2\/pages\/2292","targetHints":{"allow":["GET"]}}],"collection":[{"href":"https:\/\/naturvernforbundet.no\/sognogfjordane\/wp-json\/wp\/v2\/pages"}],"about":[{"href":"https:\/\/naturvernforbundet.no\/sognogfjordane\/wp-json\/wp\/v2\/types\/page"}],"author":[{"embeddable":true,"href":"https:\/\/naturvernforbundet.no\/sognogfjordane\/wp-json\/wp\/v2\/users\/398"}],"replies":[{"embeddable":true,"href":"https:\/\/naturvernforbundet.no\/sognogfjordane\/wp-json\/wp\/v2\/comments?post=2292"}],"version-history":[{"count":18,"href":"https:\/\/naturvernforbundet.no\/sognogfjordane\/wp-json\/wp\/v2\/pages\/2292\/revisions"}],"predecessor-version":[{"id":2355,"href":"https:\/\/naturvernforbundet.no\/sognogfjordane\/wp-json\/wp\/v2\/pages\/2292\/revisions\/2355"}],"wp:featuredmedia":[{"embeddable":true,"href":"https:\/\/naturvernforbundet.no\/sognogfjordane\/wp-json\/wp\/v2\/media\/2295"}],"wp:attachment":[{"href":"https:\/\/naturvernforbundet.no\/sognogfjordane\/wp-json\/wp\/v2\/media?parent=2292"}],"wp:term":[{"taxonomy":"category","embeddable":true,"href":"https:\/\/naturvernforbundet.no\/sognogfjordane\/wp-json\/wp\/v2\/categories?post=2292"}],"curies":[{"name":"wp","href":"https:\/\/api.w.org\/{rel}","templated":true}]}}