{"version":"1.0","provider_name":"Tr\u00f8ndelag","provider_url":"https:\/\/naturvernforbundet.no\/trondelag","author_name":"Hallgeir Fr\u00f8seth Opdal (i permisjon)","author_url":"https:\/\/naturvernforbundet.no\/trondelag\/author\/hallgeirfrosethopdal\/","title":"Brei allianse demonstrerte mot vindkraftplanene - Tr\u00f8ndelag","type":"rich","width":600,"height":338,"html":"<blockquote class=\"wp-embedded-content\" data-secret=\"7gzRmvf3in\"><a href=\"https:\/\/naturvernforbundet.no\/trondelag\/brei-allianse-demonstrerte-mot-vindkraftplanene\/\">Brei allianse demonstrerte mot vindkraftplanene<\/a><\/blockquote><iframe sandbox=\"allow-scripts\" security=\"restricted\" src=\"https:\/\/naturvernforbundet.no\/trondelag\/brei-allianse-demonstrerte-mot-vindkraftplanene\/embed\/#?secret=7gzRmvf3in\" width=\"600\" height=\"338\" title=\"&laquo;Brei allianse demonstrerte mot vindkraftplanene&raquo; &#8212; Tr\u00f8ndelag\" data-secret=\"7gzRmvf3in\" frameborder=\"0\" marginwidth=\"0\" marginheight=\"0\" scrolling=\"no\" class=\"wp-embedded-content\"><\/iframe><script>\n\/*! This file is auto-generated *\/\n!function(d,l){\"use strict\";l.querySelector&&d.addEventListener&&\"undefined\"!=typeof URL&&(d.wp=d.wp||{},d.wp.receiveEmbedMessage||(d.wp.receiveEmbedMessage=function(e){var t=e.data;if((t||t.secret||t.message||t.value)&&!\/[^a-zA-Z0-9]\/.test(t.secret)){for(var s,r,n,a=l.querySelectorAll('iframe[data-secret=\"'+t.secret+'\"]'),o=l.querySelectorAll('blockquote[data-secret=\"'+t.secret+'\"]'),c=new RegExp(\"^https?:$\",\"i\"),i=0;i<o.length;i++)o[i].style.display=\"none\";for(i=0;i<a.length;i++)s=a[i],e.source===s.contentWindow&&(s.removeAttribute(\"style\"),\"height\"===t.message?(1e3<(r=parseInt(t.value,10))?r=1e3:~~r<200&&(r=200),s.height=r):\"link\"===t.message&&(r=new URL(s.getAttribute(\"src\")),n=new URL(t.value),c.test(n.protocol))&&n.host===r.host&&l.activeElement===s&&(d.top.location.href=t.value))}},d.addEventListener(\"message\",d.wp.receiveEmbedMessage,!1),l.addEventListener(\"DOMContentLoaded\",function(){for(var e,t,s=l.querySelectorAll(\"iframe.wp-embedded-content\"),r=0;r<s.length;r++)(t=(e=s[r]).getAttribute(\"data-secret\"))||(t=Math.random().toString(36).substring(2,12),e.src+=\"#?secret=\"+t,e.setAttribute(\"data-secret\",t)),e.contentWindow.postMessage({message:\"ready\",secret:t},\"*\")},!1)))}(window,document);\n<\/script>\n","thumbnail_url":"https:\/\/naturvernforbundet.no\/content\/uploads\/sites\/19\/2019\/05\/Demonstrasjon20ved20TrC3B8nder20Energi2028229.JPG2028fullscreen29.jpg","thumbnail_width":950,"thumbnail_height":514,"description":"En stor allianse av samer, naturvernere, fagorganiserte, lokale aksjonsgrupper og turg\u00e5ere samlet seg for \u00e5 si at nok er nok, utenfor Tr\u00f8nder Energis generalforsamling, 13. mai. Sammen deltok over 150 folk personer p\u00e5 markeringa."}

Trøndelag

Hallgeir Frøseth Opdal (i permisjon)

Brei allianse demonstrerte mot vindkraftplanene - Trøndelag

<blockquote class="wp-embedded-content" data-secret="7gzRmvf3in"><a href="https://naturvernforbundet.no/trondelag/brei-allianse-demonstrerte-mot-vindkraftplanene/">Brei allianse demonstrerte mot vindkraftplanene</a></blockquote><iframe sandbox="allow-scripts" security="restricted" src="https://naturvernforbundet.no/trondelag/brei-allianse-demonstrerte-mot-vindkraftplanene/embed/#?secret=7gzRmvf3in" width="600" height="338" title="&laquo;Brei allianse demonstrerte mot vindkraftplanene&raquo; &#8212; Trøndelag" data-secret="7gzRmvf3in" frameborder="0" marginwidth="0" marginheight="0" scrolling="no" class="wp-embedded-content"></iframe><script>
/*! This file is auto-generated */
!function(d,l){"use strict";l.querySelector&&d.addEventListener&&"undefined"!=typeof URL&&(d.wp=d.wp||{},d.wp.receiveEmbedMessage||(d.wp.receiveEmbedMessage=function(e){var t=e.data;if((t||t.secret||t.message||t.value)&&!/[^a-zA-Z0-9]/.test(t.secret)){for(var s,r,n,a=l.querySelectorAll('iframe[data-secret="'+t.secret+'"]'),o=l.querySelectorAll('blockquote[data-secret="'+t.secret+'"]'),c=new RegExp("^https?:$","i"),i=0;i<o.length;i++)o[i].style.display="none";for(i=0;i<a.length;i++)s=a[i],e.source===s.contentWindow&&(s.removeAttribute("style"),"height"===t.message?(1e3<(r=parseInt(t.value,10))?r=1e3:~~r<200&&(r=200),s.height=r):"link"===t.message&&(r=new URL(s.getAttribute("src")),n=new URL(t.value),c.test(n.protocol))&&n.host===r.host&&l.activeElement===s&&(d.top.location.href=t.value))}},d.addEventListener("message",d.wp.receiveEmbedMessage,!1),l.addEventListener("DOMContentLoaded",function(){for(var e,t,s=l.querySelectorAll("iframe.wp-embedded-content"),r=0;r<s.length;r++)(t=(e=s[r]).getAttribute("data-secret"))||(t=Math.random().toString(36).substring(2,12),e.src+="#?secret="+t,e.setAttribute("data-secret",t)),e.contentWindow.postMessage({message:"ready",secret:t},"*")},!1)))}(window,document);
</script>

En stor allianse av samer, naturvernere, fagorganiserte, lokale aksjonsgrupper og turgåere samlet seg for å si at nok er nok, utenfor Trønder Energis generalforsamling, 13. mai. Sammen deltok over 150 folk personer på markeringa.
