{"version":"1.0","provider_name":"Tr\u00f8ndelag","provider_url":"https:\/\/naturvernforbundet.no\/trondelag","author_name":"Knut Bonvik","author_url":"https:\/\/naturvernforbundet.no\/trondelag\/author\/knutbonvik\/","title":"Naturfotografen Arne N\u00e6vra kommer til Orkdal - Tr\u00f8ndelag","type":"rich","width":600,"height":338,"html":"<blockquote class=\"wp-embedded-content\" data-secret=\"u1C1iZcFbW\"><a href=\"https:\/\/naturvernforbundet.no\/trondelag\/naturfotografen-arne-naevra-kommer-til-orkdal\/\">Naturfotografen Arne N\u00e6vra kommer til Orkdal<\/a><\/blockquote><iframe sandbox=\"allow-scripts\" security=\"restricted\" src=\"https:\/\/naturvernforbundet.no\/trondelag\/naturfotografen-arne-naevra-kommer-til-orkdal\/embed\/#?secret=u1C1iZcFbW\" width=\"600\" height=\"338\" title=\"&laquo;Naturfotografen Arne N\u00e6vra kommer til Orkdal&raquo; &#8212; Tr\u00f8ndelag\" data-secret=\"u1C1iZcFbW\" frameborder=\"0\" marginwidth=\"0\" marginheight=\"0\" scrolling=\"no\" class=\"wp-embedded-content\"><\/iframe><script>\n\/*! This file is auto-generated *\/\n!function(d,l){\"use strict\";l.querySelector&&d.addEventListener&&\"undefined\"!=typeof URL&&(d.wp=d.wp||{},d.wp.receiveEmbedMessage||(d.wp.receiveEmbedMessage=function(e){var t=e.data;if((t||t.secret||t.message||t.value)&&!\/[^a-zA-Z0-9]\/.test(t.secret)){for(var s,r,n,a=l.querySelectorAll('iframe[data-secret=\"'+t.secret+'\"]'),o=l.querySelectorAll('blockquote[data-secret=\"'+t.secret+'\"]'),c=new RegExp(\"^https?:$\",\"i\"),i=0;i<o.length;i++)o[i].style.display=\"none\";for(i=0;i<a.length;i++)s=a[i],e.source===s.contentWindow&&(s.removeAttribute(\"style\"),\"height\"===t.message?(1e3<(r=parseInt(t.value,10))?r=1e3:~~r<200&&(r=200),s.height=r):\"link\"===t.message&&(r=new URL(s.getAttribute(\"src\")),n=new URL(t.value),c.test(n.protocol))&&n.host===r.host&&l.activeElement===s&&(d.top.location.href=t.value))}},d.addEventListener(\"message\",d.wp.receiveEmbedMessage,!1),l.addEventListener(\"DOMContentLoaded\",function(){for(var e,t,s=l.querySelectorAll(\"iframe.wp-embedded-content\"),r=0;r<s.length;r++)(t=(e=s[r]).getAttribute(\"data-secret\"))||(t=Math.random().toString(36).substring(2,12),e.src+=\"#?secret=\"+t,e.setAttribute(\"data-secret\",t)),e.contentWindow.postMessage({message:\"ready\",secret:t},\"*\")},!1)))}(window,document);\n<\/script>\n","thumbnail_url":"https:\/\/naturvernforbundet.no\/content\/uploads\/sites\/19\/2011\/05\/Portrett20Arne20NC3A6rva.JPG2028articlelist29.jpg","thumbnail_width":250,"thumbnail_height":218,"description":"Naturfotograf Arne N\u00e6rva kommer til Orkdal for \u00e5 gj\u00f8re opptak i Grytdalen i forbindelse med en programserie om natur som vil bli presentert p\u00e5 NRK. Samtidig vil han bli hovedinnleder p\u00e5 et st\u00f8rre m\u00f8te 30.august p\u00e5 kommunesenteret hvor temaet er fremtidig eiendomsforhold og drift av Songli og Grytdaleiendommen."}

Trøndelag

Naturfotografen Arne Nævra kommer til Orkdal - Trøndelag

<blockquote class="wp-embedded-content" data-secret="u1C1iZcFbW"><a href="https://naturvernforbundet.no/trondelag/naturfotografen-arne-naevra-kommer-til-orkdal/">Naturfotografen Arne Nævra kommer til Orkdal</a></blockquote><iframe sandbox="allow-scripts" security="restricted" src="https://naturvernforbundet.no/trondelag/naturfotografen-arne-naevra-kommer-til-orkdal/embed/#?secret=u1C1iZcFbW" width="600" height="338" title="&laquo;Naturfotografen Arne Nævra kommer til Orkdal&raquo; &#8212; Trøndelag" data-secret="u1C1iZcFbW" frameborder="0" marginwidth="0" marginheight="0" scrolling="no" class="wp-embedded-content"></iframe><script>
/*! This file is auto-generated */
!function(d,l){"use strict";l.querySelector&&d.addEventListener&&"undefined"!=typeof URL&&(d.wp=d.wp||{},d.wp.receiveEmbedMessage||(d.wp.receiveEmbedMessage=function(e){var t=e.data;if((t||t.secret||t.message||t.value)&&!/[^a-zA-Z0-9]/.test(t.secret)){for(var s,r,n,a=l.querySelectorAll('iframe[data-secret="'+t.secret+'"]'),o=l.querySelectorAll('blockquote[data-secret="'+t.secret+'"]'),c=new RegExp("^https?:$","i"),i=0;i<o.length;i++)o[i].style.display="none";for(i=0;i<a.length;i++)s=a[i],e.source===s.contentWindow&&(s.removeAttribute("style"),"height"===t.message?(1e3<(r=parseInt(t.value,10))?r=1e3:~~r<200&&(r=200),s.height=r):"link"===t.message&&(r=new URL(s.getAttribute("src")),n=new URL(t.value),c.test(n.protocol))&&n.host===r.host&&l.activeElement===s&&(d.top.location.href=t.value))}},d.addEventListener("message",d.wp.receiveEmbedMessage,!1),l.addEventListener("DOMContentLoaded",function(){for(var e,t,s=l.querySelectorAll("iframe.wp-embedded-content"),r=0;r<s.length;r++)(t=(e=s[r]).getAttribute("data-secret"))||(t=Math.random().toString(36).substring(2,12),e.src+="#?secret="+t,e.setAttribute("data-secret",t)),e.contentWindow.postMessage({message:"ready",secret:t},"*")},!1)))}(window,document);
</script>

Naturfotograf Arne Nærva kommer til Orkdal for å gjøre opptak i Grytdalen i forbindelse med en programserie om natur som vil bli presentert på NRK. Samtidig vil han bli hovedinnleder på et større møte 30.august på kommunesenteret hvor temaet er fremtidig eiendomsforhold og drift av Songli og Grytdaleiendommen.
