{"version":"1.0","provider_name":"Tr\u00f8ndelag","provider_url":"https:\/\/naturvernforbundet.no\/trondelag","author_name":"Morten Harper","author_url":"https:\/\/naturvernforbundet.no\/trondelag\/author\/mortenharper\/","title":"Nye Veiers ville ferd gjennom Tr\u00f8ndelag m\u00e5 stanse - Tr\u00f8ndelag","type":"rich","width":600,"height":338,"html":"<blockquote class=\"wp-embedded-content\" data-secret=\"aOmdKuVRTG\"><a href=\"https:\/\/naturvernforbundet.no\/trondelag\/nye-veiers-ville-ferd-gjennom-trondelag-ma-stanse\/\">Nye Veiers ville ferd gjennom Tr\u00f8ndelag m\u00e5 stanse<\/a><\/blockquote><iframe sandbox=\"allow-scripts\" security=\"restricted\" src=\"https:\/\/naturvernforbundet.no\/trondelag\/nye-veiers-ville-ferd-gjennom-trondelag-ma-stanse\/embed\/#?secret=aOmdKuVRTG\" width=\"600\" height=\"338\" title=\"&laquo;Nye Veiers ville ferd gjennom Tr\u00f8ndelag m\u00e5 stanse&raquo; &#8212; Tr\u00f8ndelag\" data-secret=\"aOmdKuVRTG\" frameborder=\"0\" marginwidth=\"0\" marginheight=\"0\" scrolling=\"no\" class=\"wp-embedded-content\"><\/iframe><script>\n\/*! This file is auto-generated *\/\n!function(d,l){\"use strict\";l.querySelector&&d.addEventListener&&\"undefined\"!=typeof URL&&(d.wp=d.wp||{},d.wp.receiveEmbedMessage||(d.wp.receiveEmbedMessage=function(e){var t=e.data;if((t||t.secret||t.message||t.value)&&!\/[^a-zA-Z0-9]\/.test(t.secret)){for(var s,r,n,a=l.querySelectorAll('iframe[data-secret=\"'+t.secret+'\"]'),o=l.querySelectorAll('blockquote[data-secret=\"'+t.secret+'\"]'),c=new RegExp(\"^https?:$\",\"i\"),i=0;i<o.length;i++)o[i].style.display=\"none\";for(i=0;i<a.length;i++)s=a[i],e.source===s.contentWindow&&(s.removeAttribute(\"style\"),\"height\"===t.message?(1e3<(r=parseInt(t.value,10))?r=1e3:~~r<200&&(r=200),s.height=r):\"link\"===t.message&&(r=new URL(s.getAttribute(\"src\")),n=new URL(t.value),c.test(n.protocol))&&n.host===r.host&&l.activeElement===s&&(d.top.location.href=t.value))}},d.addEventListener(\"message\",d.wp.receiveEmbedMessage,!1),l.addEventListener(\"DOMContentLoaded\",function(){for(var e,t,s=l.querySelectorAll(\"iframe.wp-embedded-content\"),r=0;r<s.length;r++)(t=(e=s[r]).getAttribute(\"data-secret\"))||(t=Math.random().toString(36).substring(2,12),e.src+=\"#?secret=\"+t,e.setAttribute(\"data-secret\",t)),e.contentWindow.postMessage({message:\"ready\",secret:t},\"*\")},!1)))}(window,document);\n<\/script>\n","description":"Prosessen rundt E6 mellom Trondheim og Stj\u00f8rdal viser at Nye Veiers tidsn\u00f8d har satt til side en rekke vernebestemmelser og klimaavtaler. Klagebehandling som gj\u00f8r Fylkesmannen inhabil og innr\u00f8mmede feil fra utbygger Nye Veier i beregningen av samfunns\u00f8konomisk gevinst river grunnen unna beslutningene som er gjort. Den ville ferden m\u00e5 stanses!"}

Trøndelag

Nye Veiers ville ferd gjennom Trøndelag må stanse - Trøndelag

<blockquote class="wp-embedded-content" data-secret="aOmdKuVRTG"><a href="https://naturvernforbundet.no/trondelag/nye-veiers-ville-ferd-gjennom-trondelag-ma-stanse/">Nye Veiers ville ferd gjennom Trøndelag må stanse</a></blockquote><iframe sandbox="allow-scripts" security="restricted" src="https://naturvernforbundet.no/trondelag/nye-veiers-ville-ferd-gjennom-trondelag-ma-stanse/embed/#?secret=aOmdKuVRTG" width="600" height="338" title="&laquo;Nye Veiers ville ferd gjennom Trøndelag må stanse&raquo; &#8212; Trøndelag" data-secret="aOmdKuVRTG" frameborder="0" marginwidth="0" marginheight="0" scrolling="no" class="wp-embedded-content"></iframe><script>
/*! This file is auto-generated */
!function(d,l){"use strict";l.querySelector&&d.addEventListener&&"undefined"!=typeof URL&&(d.wp=d.wp||{},d.wp.receiveEmbedMessage||(d.wp.receiveEmbedMessage=function(e){var t=e.data;if((t||t.secret||t.message||t.value)&&!/[^a-zA-Z0-9]/.test(t.secret)){for(var s,r,n,a=l.querySelectorAll('iframe[data-secret="'+t.secret+'"]'),o=l.querySelectorAll('blockquote[data-secret="'+t.secret+'"]'),c=new RegExp("^https?:$","i"),i=0;i<o.length;i++)o[i].style.display="none";for(i=0;i<a.length;i++)s=a[i],e.source===s.contentWindow&&(s.removeAttribute("style"),"height"===t.message?(1e3<(r=parseInt(t.value,10))?r=1e3:~~r<200&&(r=200),s.height=r):"link"===t.message&&(r=new URL(s.getAttribute("src")),n=new URL(t.value),c.test(n.protocol))&&n.host===r.host&&l.activeElement===s&&(d.top.location.href=t.value))}},d.addEventListener("message",d.wp.receiveEmbedMessage,!1),l.addEventListener("DOMContentLoaded",function(){for(var e,t,s=l.querySelectorAll("iframe.wp-embedded-content"),r=0;r<s.length;r++)(t=(e=s[r]).getAttribute("data-secret"))||(t=Math.random().toString(36).substring(2,12),e.src+="#?secret="+t,e.setAttribute("data-secret",t)),e.contentWindow.postMessage({message:"ready",secret:t},"*")},!1)))}(window,document);
</script>

Prosessen rundt E6 mellom Trondheim og Stjørdal viser at Nye Veiers tidsnød har satt til side en rekke vernebestemmelser og klimaavtaler. Klagebehandling som gjør Fylkesmannen inhabil og innrømmede feil fra utbygger Nye Veier i beregningen av samfunnsøkonomisk gevinst river grunnen unna beslutningene som er gjort. Den ville ferden må stanses!
