{"version":"1.0","provider_name":"Tr\u00f8ndelag","provider_url":"https:\/\/naturvernforbundet.no\/trondelag","author_name":"Anne Guri Solem","author_url":"https:\/\/naturvernforbundet.no\/trondelag\/author\/annegurisolem\/","title":"Riktig god sommer! - Tr\u00f8ndelag","type":"rich","width":600,"height":338,"html":"<blockquote class=\"wp-embedded-content\" data-secret=\"cSU5TkIWsX\"><a href=\"https:\/\/naturvernforbundet.no\/trondelag\/riktig-god-sommer\/\">Riktig god sommer!<\/a><\/blockquote><iframe sandbox=\"allow-scripts\" security=\"restricted\" src=\"https:\/\/naturvernforbundet.no\/trondelag\/riktig-god-sommer\/embed\/#?secret=cSU5TkIWsX\" width=\"600\" height=\"338\" title=\"&laquo;Riktig god sommer!&raquo; &#8212; Tr\u00f8ndelag\" data-secret=\"cSU5TkIWsX\" frameborder=\"0\" marginwidth=\"0\" marginheight=\"0\" scrolling=\"no\" class=\"wp-embedded-content\"><\/iframe><script>\n\/*! This file is auto-generated *\/\n!function(d,l){\"use strict\";l.querySelector&&d.addEventListener&&\"undefined\"!=typeof URL&&(d.wp=d.wp||{},d.wp.receiveEmbedMessage||(d.wp.receiveEmbedMessage=function(e){var t=e.data;if((t||t.secret||t.message||t.value)&&!\/[^a-zA-Z0-9]\/.test(t.secret)){for(var s,r,n,a=l.querySelectorAll('iframe[data-secret=\"'+t.secret+'\"]'),o=l.querySelectorAll('blockquote[data-secret=\"'+t.secret+'\"]'),c=new RegExp(\"^https?:$\",\"i\"),i=0;i<o.length;i++)o[i].style.display=\"none\";for(i=0;i<a.length;i++)s=a[i],e.source===s.contentWindow&&(s.removeAttribute(\"style\"),\"height\"===t.message?(1e3<(r=parseInt(t.value,10))?r=1e3:~~r<200&&(r=200),s.height=r):\"link\"===t.message&&(r=new URL(s.getAttribute(\"src\")),n=new URL(t.value),c.test(n.protocol))&&n.host===r.host&&l.activeElement===s&&(d.top.location.href=t.value))}},d.addEventListener(\"message\",d.wp.receiveEmbedMessage,!1),l.addEventListener(\"DOMContentLoaded\",function(){for(var e,t,s=l.querySelectorAll(\"iframe.wp-embedded-content\"),r=0;r<s.length;r++)(t=(e=s[r]).getAttribute(\"data-secret\"))||(t=Math.random().toString(36).substring(2,12),e.src+=\"#?secret=\"+t,e.setAttribute(\"data-secret\",t)),e.contentWindow.postMessage({message:\"ready\",secret:t},\"*\")},!1)))}(window,document);\n<\/script>\n","thumbnail_url":"https:\/\/naturvernforbundet.no\/content\/uploads\/sites\/19\/2020\/06\/IMG_20170730_122058.jpg2028fullscreen29.jpg","thumbnail_width":600,"thumbnail_height":450,"description":"Etter en helt spesiell v\u00e5r som har bydd p\u00e5 helt uvanlig utfordringer, er det hyggelig \u00e5 kunne \u00f8nske alle en fin tr\u00f8ndersk sommer! Med gjeldende reiserestriksjoner er det nok mange som gj\u00f8r seg ekstra godt kjent i egen region denne sommeren. Nyt v\u00e5r fantastiske og sammensatte natur - og send oss gjerne bilder fra gode naturopplevelser."}

Trøndelag

Riktig god sommer! - Trøndelag

<blockquote class="wp-embedded-content" data-secret="cSU5TkIWsX"><a href="https://naturvernforbundet.no/trondelag/riktig-god-sommer/">Riktig god sommer!</a></blockquote><iframe sandbox="allow-scripts" security="restricted" src="https://naturvernforbundet.no/trondelag/riktig-god-sommer/embed/#?secret=cSU5TkIWsX" width="600" height="338" title="&laquo;Riktig god sommer!&raquo; &#8212; Trøndelag" data-secret="cSU5TkIWsX" frameborder="0" marginwidth="0" marginheight="0" scrolling="no" class="wp-embedded-content"></iframe><script>
/*! This file is auto-generated */
!function(d,l){"use strict";l.querySelector&&d.addEventListener&&"undefined"!=typeof URL&&(d.wp=d.wp||{},d.wp.receiveEmbedMessage||(d.wp.receiveEmbedMessage=function(e){var t=e.data;if((t||t.secret||t.message||t.value)&&!/[^a-zA-Z0-9]/.test(t.secret)){for(var s,r,n,a=l.querySelectorAll('iframe[data-secret="'+t.secret+'"]'),o=l.querySelectorAll('blockquote[data-secret="'+t.secret+'"]'),c=new RegExp("^https?:$","i"),i=0;i<o.length;i++)o[i].style.display="none";for(i=0;i<a.length;i++)s=a[i],e.source===s.contentWindow&&(s.removeAttribute("style"),"height"===t.message?(1e3<(r=parseInt(t.value,10))?r=1e3:~~r<200&&(r=200),s.height=r):"link"===t.message&&(r=new URL(s.getAttribute("src")),n=new URL(t.value),c.test(n.protocol))&&n.host===r.host&&l.activeElement===s&&(d.top.location.href=t.value))}},d.addEventListener("message",d.wp.receiveEmbedMessage,!1),l.addEventListener("DOMContentLoaded",function(){for(var e,t,s=l.querySelectorAll("iframe.wp-embedded-content"),r=0;r<s.length;r++)(t=(e=s[r]).getAttribute("data-secret"))||(t=Math.random().toString(36).substring(2,12),e.src+="#?secret="+t,e.setAttribute("data-secret",t)),e.contentWindow.postMessage({message:"ready",secret:t},"*")},!1)))}(window,document);
</script>

Etter en helt spesiell vår som har bydd på helt uvanlig utfordringer, er det hyggelig å kunne ønske alle en fin trøndersk sommer! Med gjeldende reiserestriksjoner er det nok mange som gjør seg ekstra godt kjent i egen region denne sommeren. Nyt vår fantastiske og sammensatte natur - og send oss gjerne bilder fra gode naturopplevelser.
