{"version":"1.0","provider_name":"Tr\u00f8ndelag","provider_url":"https:\/\/naturvernforbundet.no\/trondelag","author_name":"Knut Bonvik","author_url":"https:\/\/naturvernforbundet.no\/trondelag\/author\/knutbonvik\/","title":"Sl\u00e5ttedugnad p\u00e5 Bj\u00f8rndalen 26. august 2018 - Tr\u00f8ndelag","type":"rich","width":600,"height":338,"html":"<blockquote class=\"wp-embedded-content\" data-secret=\"8HZd0JMNjT\"><a href=\"https:\/\/naturvernforbundet.no\/trondelag\/slattedugnad-pa-bjorndalen-26-august-2018\/\">Sl\u00e5ttedugnad p\u00e5 Bj\u00f8rndalen 26. august 2018<\/a><\/blockquote><iframe sandbox=\"allow-scripts\" security=\"restricted\" src=\"https:\/\/naturvernforbundet.no\/trondelag\/slattedugnad-pa-bjorndalen-26-august-2018\/embed\/#?secret=8HZd0JMNjT\" width=\"600\" height=\"338\" title=\"&laquo;Sl\u00e5ttedugnad p\u00e5 Bj\u00f8rndalen 26. august 2018&raquo; &#8212; Tr\u00f8ndelag\" data-secret=\"8HZd0JMNjT\" frameborder=\"0\" marginwidth=\"0\" marginheight=\"0\" scrolling=\"no\" class=\"wp-embedded-content\"><\/iframe><script>\n\/*! This file is auto-generated *\/\n!function(d,l){\"use strict\";l.querySelector&&d.addEventListener&&\"undefined\"!=typeof URL&&(d.wp=d.wp||{},d.wp.receiveEmbedMessage||(d.wp.receiveEmbedMessage=function(e){var t=e.data;if((t||t.secret||t.message||t.value)&&!\/[^a-zA-Z0-9]\/.test(t.secret)){for(var s,r,n,a=l.querySelectorAll('iframe[data-secret=\"'+t.secret+'\"]'),o=l.querySelectorAll('blockquote[data-secret=\"'+t.secret+'\"]'),c=new RegExp(\"^https?:$\",\"i\"),i=0;i<o.length;i++)o[i].style.display=\"none\";for(i=0;i<a.length;i++)s=a[i],e.source===s.contentWindow&&(s.removeAttribute(\"style\"),\"height\"===t.message?(1e3<(r=parseInt(t.value,10))?r=1e3:~~r<200&&(r=200),s.height=r):\"link\"===t.message&&(r=new URL(s.getAttribute(\"src\")),n=new URL(t.value),c.test(n.protocol))&&n.host===r.host&&l.activeElement===s&&(d.top.location.href=t.value))}},d.addEventListener(\"message\",d.wp.receiveEmbedMessage,!1),l.addEventListener(\"DOMContentLoaded\",function(){for(var e,t,s=l.querySelectorAll(\"iframe.wp-embedded-content\"),r=0;r<s.length;r++)(t=(e=s[r]).getAttribute(\"data-secret\"))||(t=Math.random().toString(36).substring(2,12),e.src+=\"#?secret=\"+t,e.setAttribute(\"data-secret\",t)),e.contentWindow.postMessage({message:\"ready\",secret:t},\"*\")},!1)))}(window,document);\n<\/script>\n","thumbnail_url":"https:\/\/naturvernforbundet.no\/content\/uploads\/sites\/19\/2018\/07\/Dugnad2020162C2012-1.jpg2028articlelist29.jpg","thumbnail_width":250,"thumbnail_height":167,"description":"Naturvernforbundet og Grytdalens venner sl\u00e5r graset med maskin og lj\u00e5 p\u00e5 Bj\u00f8rndalen fjellgard fjerde \u00e5ret p\u00e5 rad. Vi held sl\u00e5tteenga vedlike og dermed det rike biologiske mangfaldet i sl\u00e5tteenger. Kom og delta p\u00e5 ein triveleg og dag saman med oss, p\u00e5 den verna fjellgarden. Vi stiller med kaffe, saft og vaflar. Det er ein kort og ein litt lengre tur for \u00e5 koma til Bj\u00f8rndalen."}

Trøndelag

Slåttedugnad på Bjørndalen 26. august 2018 - Trøndelag

<blockquote class="wp-embedded-content" data-secret="8HZd0JMNjT"><a href="https://naturvernforbundet.no/trondelag/slattedugnad-pa-bjorndalen-26-august-2018/">Slåttedugnad på Bjørndalen 26. august 2018</a></blockquote><iframe sandbox="allow-scripts" security="restricted" src="https://naturvernforbundet.no/trondelag/slattedugnad-pa-bjorndalen-26-august-2018/embed/#?secret=8HZd0JMNjT" width="600" height="338" title="&laquo;Slåttedugnad på Bjørndalen 26. august 2018&raquo; &#8212; Trøndelag" data-secret="8HZd0JMNjT" frameborder="0" marginwidth="0" marginheight="0" scrolling="no" class="wp-embedded-content"></iframe><script>
/*! This file is auto-generated */
!function(d,l){"use strict";l.querySelector&&d.addEventListener&&"undefined"!=typeof URL&&(d.wp=d.wp||{},d.wp.receiveEmbedMessage||(d.wp.receiveEmbedMessage=function(e){var t=e.data;if((t||t.secret||t.message||t.value)&&!/[^a-zA-Z0-9]/.test(t.secret)){for(var s,r,n,a=l.querySelectorAll('iframe[data-secret="'+t.secret+'"]'),o=l.querySelectorAll('blockquote[data-secret="'+t.secret+'"]'),c=new RegExp("^https?:$","i"),i=0;i<o.length;i++)o[i].style.display="none";for(i=0;i<a.length;i++)s=a[i],e.source===s.contentWindow&&(s.removeAttribute("style"),"height"===t.message?(1e3<(r=parseInt(t.value,10))?r=1e3:~~r<200&&(r=200),s.height=r):"link"===t.message&&(r=new URL(s.getAttribute("src")),n=new URL(t.value),c.test(n.protocol))&&n.host===r.host&&l.activeElement===s&&(d.top.location.href=t.value))}},d.addEventListener("message",d.wp.receiveEmbedMessage,!1),l.addEventListener("DOMContentLoaded",function(){for(var e,t,s=l.querySelectorAll("iframe.wp-embedded-content"),r=0;r<s.length;r++)(t=(e=s[r]).getAttribute("data-secret"))||(t=Math.random().toString(36).substring(2,12),e.src+="#?secret="+t,e.setAttribute("data-secret",t)),e.contentWindow.postMessage({message:"ready",secret:t},"*")},!1)))}(window,document);
</script>

Naturvernforbundet og Grytdalens venner slår graset med maskin og ljå på Bjørndalen fjellgard fjerde året på rad. Vi held slåtteenga vedlike og dermed det rike biologiske mangfaldet i slåtteenger. Kom og delta på ein triveleg og dag saman med oss, på den verna fjellgarden. Vi stiller med kaffe, saft og vaflar. Det er ein kort og ein litt lengre tur for å koma til Bjørndalen.
