{"version":"1.0","provider_name":"Tr\u00f8ndelag","provider_url":"https:\/\/naturvernforbundet.no\/trondelag","author_name":"Mads L\u00f8keland","author_url":"https:\/\/naturvernforbundet.no\/trondelag\/author\/madslokeland\/","title":"Vellukka sl\u00e5ttedag p\u00e5 Bj\u00f8rndalen 25. august 2019 - Tr\u00f8ndelag","type":"rich","width":600,"height":338,"html":"<blockquote class=\"wp-embedded-content\" data-secret=\"ekwbClD10a\"><a href=\"https:\/\/naturvernforbundet.no\/trondelag\/vellukka-slattedag-pa-bjorndalen-25-august-2019\/\">Vellukka sl\u00e5ttedag p\u00e5 Bj\u00f8rndalen 25. august 2019<\/a><\/blockquote><iframe sandbox=\"allow-scripts\" security=\"restricted\" src=\"https:\/\/naturvernforbundet.no\/trondelag\/vellukka-slattedag-pa-bjorndalen-25-august-2019\/embed\/#?secret=ekwbClD10a\" width=\"600\" height=\"338\" title=\"&laquo;Vellukka sl\u00e5ttedag p\u00e5 Bj\u00f8rndalen 25. august 2019&raquo; &#8212; Tr\u00f8ndelag\" data-secret=\"ekwbClD10a\" frameborder=\"0\" marginwidth=\"0\" marginheight=\"0\" scrolling=\"no\" class=\"wp-embedded-content\"><\/iframe><script>\n\/*! This file is auto-generated *\/\n!function(d,l){\"use strict\";l.querySelector&&d.addEventListener&&\"undefined\"!=typeof URL&&(d.wp=d.wp||{},d.wp.receiveEmbedMessage||(d.wp.receiveEmbedMessage=function(e){var t=e.data;if((t||t.secret||t.message||t.value)&&!\/[^a-zA-Z0-9]\/.test(t.secret)){for(var s,r,n,a=l.querySelectorAll('iframe[data-secret=\"'+t.secret+'\"]'),o=l.querySelectorAll('blockquote[data-secret=\"'+t.secret+'\"]'),c=new RegExp(\"^https?:$\",\"i\"),i=0;i<o.length;i++)o[i].style.display=\"none\";for(i=0;i<a.length;i++)s=a[i],e.source===s.contentWindow&&(s.removeAttribute(\"style\"),\"height\"===t.message?(1e3<(r=parseInt(t.value,10))?r=1e3:~~r<200&&(r=200),s.height=r):\"link\"===t.message&&(r=new URL(s.getAttribute(\"src\")),n=new URL(t.value),c.test(n.protocol))&&n.host===r.host&&l.activeElement===s&&(d.top.location.href=t.value))}},d.addEventListener(\"message\",d.wp.receiveEmbedMessage,!1),l.addEventListener(\"DOMContentLoaded\",function(){for(var e,t,s=l.querySelectorAll(\"iframe.wp-embedded-content\"),r=0;r<s.length;r++)(t=(e=s[r]).getAttribute(\"data-secret\"))||(t=Math.random().toString(36).substring(2,12),e.src+=\"#?secret=\"+t,e.setAttribute(\"data-secret\",t)),e.contentWindow.postMessage({message:\"ready\",secret:t},\"*\")},!1)))}(window,document);\n<\/script>\n","thumbnail_url":"https:\/\/naturvernforbundet.no\/content\/uploads\/sites\/19\/2019\/06\/20190825_113949.jpg2028mobile48029.jpg","thumbnail_width":480,"thumbnail_height":360,"description":"25. august var \u00e5rets sl\u00e5ttedugnad p\u00e5 Bj\u00f8rndalen, med 30 deltakarar. Dette er femte \u00e5ret vi har slik dugnad for \u00e5 bidra til det biologiske artsmangfaldet i dei gamle sl\u00e5tteengene. I \u00e5r har det vore gjennomgang med biolog for \u00e5 sj\u00e5 om tilstanden har blitt betre. Vi ventar spent p\u00e5 resultatet. Det var ikkje minst triveleg at det var mange yngre folk med p\u00e5 sl\u00e5ttedagen."}

Trøndelag

Mads Løkeland

Vellukka slåttedag på Bjørndalen 25. august 2019 - Trøndelag

<blockquote class="wp-embedded-content" data-secret="ekwbClD10a"><a href="https://naturvernforbundet.no/trondelag/vellukka-slattedag-pa-bjorndalen-25-august-2019/">Vellukka slåttedag på Bjørndalen 25. august 2019</a></blockquote><iframe sandbox="allow-scripts" security="restricted" src="https://naturvernforbundet.no/trondelag/vellukka-slattedag-pa-bjorndalen-25-august-2019/embed/#?secret=ekwbClD10a" width="600" height="338" title="&laquo;Vellukka slåttedag på Bjørndalen 25. august 2019&raquo; &#8212; Trøndelag" data-secret="ekwbClD10a" frameborder="0" marginwidth="0" marginheight="0" scrolling="no" class="wp-embedded-content"></iframe><script>
/*! This file is auto-generated */
!function(d,l){"use strict";l.querySelector&&d.addEventListener&&"undefined"!=typeof URL&&(d.wp=d.wp||{},d.wp.receiveEmbedMessage||(d.wp.receiveEmbedMessage=function(e){var t=e.data;if((t||t.secret||t.message||t.value)&&!/[^a-zA-Z0-9]/.test(t.secret)){for(var s,r,n,a=l.querySelectorAll('iframe[data-secret="'+t.secret+'"]'),o=l.querySelectorAll('blockquote[data-secret="'+t.secret+'"]'),c=new RegExp("^https?:$","i"),i=0;i<o.length;i++)o[i].style.display="none";for(i=0;i<a.length;i++)s=a[i],e.source===s.contentWindow&&(s.removeAttribute("style"),"height"===t.message?(1e3<(r=parseInt(t.value,10))?r=1e3:~~r<200&&(r=200),s.height=r):"link"===t.message&&(r=new URL(s.getAttribute("src")),n=new URL(t.value),c.test(n.protocol))&&n.host===r.host&&l.activeElement===s&&(d.top.location.href=t.value))}},d.addEventListener("message",d.wp.receiveEmbedMessage,!1),l.addEventListener("DOMContentLoaded",function(){for(var e,t,s=l.querySelectorAll("iframe.wp-embedded-content"),r=0;r<s.length;r++)(t=(e=s[r]).getAttribute("data-secret"))||(t=Math.random().toString(36).substring(2,12),e.src+="#?secret="+t,e.setAttribute("data-secret",t)),e.contentWindow.postMessage({message:"ready",secret:t},"*")},!1)))}(window,document);
</script>

25. august var årets slåttedugnad på Bjørndalen, med 30 deltakarar. Dette er femte året vi har slik dugnad for å bidra til det biologiske artsmangfaldet i dei gamle slåtteengene. I år har det vore gjennomgang med biolog for å sjå om tilstanden har blitt betre. Vi ventar spent på resultatet. Det var ikkje minst triveleg at det var mange yngre folk med på slåttedagen.
