{"id":5119,"date":"2024-04-16T11:25:45","date_gmt":"2024-04-16T09:25:45","guid":{"rendered":"https:\/\/naturvernforbundet.no\/trondelag\/?post_type=event&#038;p=5119"},"modified":"2024-05-24T08:53:14","modified_gmt":"2024-05-24T06:53:14","slug":"re-wilding-prosjekt-pa-fagerli-naturgard","status":"publish","type":"event","link":"https:\/\/naturvernforbundet.no\/trondelag\/event\/re-wilding-prosjekt-pa-fagerli-naturgard\/","title":{"rendered":"Re-wilding prosjekt p\u00e5 Fagerli naturg\u00e5rd &#8212; AVLYST!"},"content":{"rendered":"\t<div class=\"template-event alignnone wp-block-naturvern-hero\">\n\t\t<div class=\"hero__inner\">\n\t\t\t<div class=\"hero__inner_blocks\">\n\t\t\t\t\n\t\t<div class=\"naturvern-event-meta\">\n\t\t<div class=\"naturvern-event-meta-inner\">\n\t\t\t<div class=\"event-date\">\n\t\t\t\t<div>\n\t\t\t\t\t<span class=\"day\">25.mai<\/span>\n\t\t\t\t\t<span class=\"year\">2024<\/span>\n\t\t\t\t<\/div>\n\t\t\t<\/div>\n\t\t<\/div>\n\t\t<\/div>\t\t\t\t\n<h1 class=\"wp-block-post-title\">Re-wilding prosjekt p\u00e5 Fagerli naturg\u00e5rd &#8212; AVLYST!<\/h1>\n\n\n\t\t\t<div class=\"naturvern-event-meta-full\">\n\t\t\t<div class=\"naturvern-event-meta-inner\">\n\t\t\t\t<div>\n\t\t\t\t\t<span>Hva:<\/span>\n\t\t\t\t\t<span>Dugnad<\/span>\n\t\t\t\t<\/div>\n\t\t\t\t<div>\n\t\t\t\t\t<span>N\u00e5r:<\/span>\n\t\t\t\t\t<span>25.mai, kl. 12:00<\/span>\n\t\t\t\t<\/div>\n\t\t\t\t<div>\n\t\t\t\t\t<span>Hvor:<\/span>\n\t\t\t\t\t<span>Kvernsj\u00f8veien 30, Vanvikan<\/span>\n\t\t\t\t<\/div>\n\t\t\t<\/div>\n\t\t\t<\/div>\n\n\n<p>Har du lyst \u00e5 l\u00e6re mer om og bidra til naturrestaurering? Vi samarbeider med Fagerli Naturg\u00e5rd i Vanvikan for \u00e5 restaurere et omr\u00e5de med edelsl\u00f8vskog<\/p>\n\n\n\n\n\n\t\t\t<\/div>\n\t\t\t\t\t<\/div>\n\t\t\t<\/div>\n\t\n\n\n<p><strong>OBS!!! Arrangementet avlyses og utsettes til et seinere tidspunkt. Ny dato er ikke fastsatt enn\u00e5!<\/strong><\/p>\n\n\n\n<p>P\u00e5 denne turen skal vi fjerne grantr\u00e6r\/ringbarke grantr\u00e6r, flytte p\u00e5 bl\u00e5veis, plante unge almetr\u00e6r og fors\u00f8ke oss p\u00e5 poding av laven Lungenever. Det vil ogs\u00e5 v\u00e6re mulighet for snekring.<br>Hvis det finnes interesse for det, skal vi ogs\u00e5 dokumentere\/kartlegge hva som vokser der. B\u00e5de ift. lav, moser, sopp, karplanter, insekter osv. Dette er en fin m\u00e5te \u00e5 bli kjent med kartleggingsmetoder.<\/p>\n\n\n\n<p>Du trenger ingen forkunnskaper for \u00e5 delta.<\/p>\n\n\n\n<p>Oppm\u00f8te p\u00e5 g\u00e5rden kl. 12.00.<\/p>\n\n\n\n<p><strong>VIKTIG!<\/strong><br>P\u00e5melding: Send en e-post til mag@naturvernforbundet.no. Inkluder ev. matallergier og matpreferanser, og om du tar hurtigb\u00e5ten eller bil. <\/p>\n\n\n\n<p>P\u00e5meldingsfrist: kl. 12.00 fredag 24. mai. Det er n\u00f8dvendig med p\u00e5melding slik at vi vet hvor mange som blir med.<\/p>\n\n\n\n<p><br><strong>Ta med :<\/strong><\/p>\n\n\n\n<p>Drikke og egnede sko og kl\u00e6r. Vi spanderer lunsj.<br>Ta ogs\u00e5 gjerne med hansker, kniv, og om du har: sag, \u00f8ks, motorsag, barkspade (grei til ringbarking).<\/p>\n\n\n\n<p><\/p>\n\n\n\n<p><strong>Hvordan komme seg dit:<\/strong><\/p>\n\n\n\n<p>For deg som tar hurtigb\u00e5t, m\u00f8tes vi ved hurtigb\u00e5tterminalen for \u00e5 ta b\u00e5ten kl. 11.10. Ta med sykkel, siden g\u00e5rden ligger et stykke utenfor sentrum. Det tar ca. 25. min \u00e5 sykle.<\/p>\n\n\n\n<p>Dersom du kj\u00f8rer bil, kan du parkere p\u00e5 g\u00e5rden eller i veikrysset 715\/6384 (bussholdeplassen). Herfra tar det 3 min. \u00e5 g\u00e5 til g\u00e5rden langs fylkesvei 6384.<\/p>\n\n\n\n<p>Avhengig av hvor mye vi \u00f8nsker \u00e5 gj\u00f8re den dagen, tar vi hurtigb\u00e5ten tilbake til Trondheim kl. 16.00 eller kl. 17.30.<\/p>\n\n\n\n<p>Les mer om Fagerli Naturg\u00e5rd p\u00e5&nbsp;<a href=\"https:\/\/fagerlinaturgard.blog\/?fbclid=IwZXh0bgNhZW0CMTAAAR0UszhU8AkXpHQeLmlX_BvwekXJqq-t8aI2eegfBiWBHtNxkUymJtbiUfI_aem_AXpU43O7ZxBHFAJHcucUzPq-J2dwv2wnOzwwgIxpWnTW__KNAJ0rqXdUg_yOP5cCXYSQDDg6-R5KRuyYWLUJJJQe\" rel=\"noreferrer noopener\" target=\"_blank\">https:\/\/fagerlinaturgard.blog\/<\/a><\/p>\n","protected":false},"excerpt":{"rendered":"<p>L\u00f8rdag 25. mai, kl. 12.00<\/p>\n","protected":false},"featured_media":0,"template":"","meta":{"_relevanssi_hide_post":"","_relevanssi_hide_content":"","_relevanssi_pin_for_all":"","_relevanssi_pin_keywords":"","_relevanssi_unpin_keywords":"","_relevanssi_related_keywords":"","_relevanssi_related_include_ids":"","_relevanssi_related_exclude_ids":"","_relevanssi_related_no_append":"","_relevanssi_related_not_related":"","_relevanssi_related_posts":"589,1383,3221,1205,1634,1594","_relevanssi_noindex_reason":"","hide_logo":false,"_start_date":"2024-05-25T12:00:00","_end_date":"","_event_type":"Dugnad","_event_location":"Kvernsj\u00f8veien 30, Vanvikan","footnotes":""},"local":[165],"class_list":["post-5119","event","type-event","status-publish","hentry","local-trondelag"],"acf":[],"yoast_head":"<!-- This site is optimized with the Yoast SEO plugin v24.9 - https:\/\/yoast.com\/wordpress\/plugins\/seo\/ -->\n<title>Re-wilding prosjekt p\u00e5 Fagerli naturg\u00e5rd - AVLYST! - Tr\u00f8ndelag<\/title>\n<meta name=\"robots\" content=\"index, follow, max-snippet:-1, max-image-preview:large, max-video-preview:-1\" \/>\n<link rel=\"canonical\" href=\"https:\/\/naturvernforbundet.no\/trondelag\/event\/re-wilding-prosjekt-pa-fagerli-naturgard\/\" \/>\n<meta property=\"og:locale\" content=\"nb_NO\" \/>\n<meta property=\"og:type\" content=\"article\" \/>\n<meta property=\"og:title\" content=\"Re-wilding prosjekt p\u00e5 Fagerli naturg\u00e5rd - AVLYST! - Tr\u00f8ndelag\" \/>\n<meta property=\"og:description\" content=\"L\u00f8rdag 25. mai, kl. 12.00\" \/>\n<meta property=\"og:url\" content=\"https:\/\/naturvernforbundet.no\/trondelag\/event\/re-wilding-prosjekt-pa-fagerli-naturgard\/\" \/>\n<meta property=\"og:site_name\" content=\"Tr\u00f8ndelag\" \/>\n<meta property=\"article:modified_time\" content=\"2024-05-24T06:53:14+00:00\" \/>\n<meta property=\"og:image\" content=\"https:\/\/naturvernforbundet.no\/content\/uploads\/sites\/19\/2024\/04\/393708909_696403359076706_7059188389893526924_n.jpg\" \/>\n\t<meta property=\"og:image:width\" content=\"1536\" \/>\n\t<meta property=\"og:image:height\" content=\"2048\" \/>\n\t<meta property=\"og:image:type\" content=\"image\/jpeg\" \/>\n<meta name=\"twitter:card\" content=\"summary_large_image\" \/>\n<meta name=\"twitter:label1\" content=\"Ansl. lesetid\" \/>\n\t<meta name=\"twitter:data1\" content=\"2 minutter\" \/>\n<script type=\"application\/ld+json\" class=\"yoast-schema-graph\">{\"@context\":\"https:\/\/schema.org\",\"@graph\":[{\"@type\":\"WebPage\",\"@id\":\"https:\/\/naturvernforbundet.no\/trondelag\/event\/re-wilding-prosjekt-pa-fagerli-naturgard\/\",\"url\":\"https:\/\/naturvernforbundet.no\/trondelag\/event\/re-wilding-prosjekt-pa-fagerli-naturgard\/\",\"name\":\"Re-wilding prosjekt p\u00e5 Fagerli naturg\u00e5rd - AVLYST! - Tr\u00f8ndelag\",\"isPartOf\":{\"@id\":\"https:\/\/naturvernforbundet.no\/trondelag\/#website\"},\"datePublished\":\"2024-04-16T09:25:45+00:00\",\"dateModified\":\"2024-05-24T06:53:14+00:00\",\"breadcrumb\":{\"@id\":\"https:\/\/naturvernforbundet.no\/trondelag\/event\/re-wilding-prosjekt-pa-fagerli-naturgard\/#breadcrumb\"},\"inLanguage\":\"nb-NO\",\"potentialAction\":[{\"@type\":\"ReadAction\",\"target\":[\"https:\/\/naturvernforbundet.no\/trondelag\/event\/re-wilding-prosjekt-pa-fagerli-naturgard\/\"]}]},{\"@type\":\"BreadcrumbList\",\"@id\":\"https:\/\/naturvernforbundet.no\/trondelag\/event\/re-wilding-prosjekt-pa-fagerli-naturgard\/#breadcrumb\",\"itemListElement\":[{\"@type\":\"ListItem\",\"position\":1,\"name\":\"Till naturvernforbundet.no\",\"item\":\"https:\/\/naturvernforbundet.no\/\"},{\"@type\":\"ListItem\",\"position\":2,\"name\":\"Tr\u00f8ndelag\",\"item\":\"https:\/\/naturvernforbundet.no\/trondelag\/\"},{\"@type\":\"ListItem\",\"position\":3,\"name\":\"Event\",\"item\":\"https:\/\/naturvernforbundet.no\/trondelag\/event\/\"},{\"@type\":\"ListItem\",\"position\":4,\"name\":\"Tr\u00f8ndelag\",\"item\":\"https:\/\/naturvernforbundet.no\/trondelag\/lokallag\/trondelag\/\"},{\"@type\":\"ListItem\",\"position\":5,\"name\":\"Re-wilding prosjekt p\u00e5 Fagerli naturg\u00e5rd &#8212; AVLYST!\"}]},{\"@type\":\"WebSite\",\"@id\":\"https:\/\/naturvernforbundet.no\/trondelag\/#website\",\"url\":\"https:\/\/naturvernforbundet.no\/trondelag\/\",\"name\":\"Tr\u00f8ndelag\",\"description\":\"Bare enda et Naturvernforbundet Sites-nettsted\",\"potentialAction\":[{\"@type\":\"SearchAction\",\"target\":{\"@type\":\"EntryPoint\",\"urlTemplate\":\"https:\/\/naturvernforbundet.no\/trondelag\/?s={search_term_string}\"},\"query-input\":{\"@type\":\"PropertyValueSpecification\",\"valueRequired\":true,\"valueName\":\"search_term_string\"}}],\"inLanguage\":\"nb-NO\"}]}<\/script>\n<!-- \/ Yoast SEO plugin. -->","yoast_head_json":{"title":"Re-wilding prosjekt p\u00e5 Fagerli naturg\u00e5rd - AVLYST! - Tr\u00f8ndelag","robots":{"index":"index","follow":"follow","max-snippet":"max-snippet:-1","max-image-preview":"max-image-preview:large","max-video-preview":"max-video-preview:-1"},"canonical":"https:\/\/naturvernforbundet.no\/trondelag\/event\/re-wilding-prosjekt-pa-fagerli-naturgard\/","og_locale":"nb_NO","og_type":"article","og_title":"Re-wilding prosjekt p\u00e5 Fagerli naturg\u00e5rd - AVLYST! - Tr\u00f8ndelag","og_description":"L\u00f8rdag 25. mai, kl. 12.00","og_url":"https:\/\/naturvernforbundet.no\/trondelag\/event\/re-wilding-prosjekt-pa-fagerli-naturgard\/","og_site_name":"Tr\u00f8ndelag","article_modified_time":"2024-05-24T06:53:14+00:00","og_image":[{"width":1536,"height":2048,"url":"https:\/\/naturvernforbundet.no\/content\/uploads\/sites\/19\/2024\/04\/393708909_696403359076706_7059188389893526924_n.jpg","type":"image\/jpeg"}],"twitter_card":"summary_large_image","twitter_misc":{"Ansl. lesetid":"2 minutter"},"schema":{"@context":"https:\/\/schema.org","@graph":[{"@type":"WebPage","@id":"https:\/\/naturvernforbundet.no\/trondelag\/event\/re-wilding-prosjekt-pa-fagerli-naturgard\/","url":"https:\/\/naturvernforbundet.no\/trondelag\/event\/re-wilding-prosjekt-pa-fagerli-naturgard\/","name":"Re-wilding prosjekt p\u00e5 Fagerli naturg\u00e5rd - AVLYST! - Tr\u00f8ndelag","isPartOf":{"@id":"https:\/\/naturvernforbundet.no\/trondelag\/#website"},"datePublished":"2024-04-16T09:25:45+00:00","dateModified":"2024-05-24T06:53:14+00:00","breadcrumb":{"@id":"https:\/\/naturvernforbundet.no\/trondelag\/event\/re-wilding-prosjekt-pa-fagerli-naturgard\/#breadcrumb"},"inLanguage":"nb-NO","potentialAction":[{"@type":"ReadAction","target":["https:\/\/naturvernforbundet.no\/trondelag\/event\/re-wilding-prosjekt-pa-fagerli-naturgard\/"]}]},{"@type":"BreadcrumbList","@id":"https:\/\/naturvernforbundet.no\/trondelag\/event\/re-wilding-prosjekt-pa-fagerli-naturgard\/#breadcrumb","itemListElement":[{"@type":"ListItem","position":1,"name":"Till naturvernforbundet.no","item":"https:\/\/naturvernforbundet.no\/"},{"@type":"ListItem","position":2,"name":"Tr\u00f8ndelag","item":"https:\/\/naturvernforbundet.no\/trondelag\/"},{"@type":"ListItem","position":3,"name":"Event","item":"https:\/\/naturvernforbundet.no\/trondelag\/event\/"},{"@type":"ListItem","position":4,"name":"Tr\u00f8ndelag","item":"https:\/\/naturvernforbundet.no\/trondelag\/lokallag\/trondelag\/"},{"@type":"ListItem","position":5,"name":"Re-wilding prosjekt p\u00e5 Fagerli naturg\u00e5rd &#8212; AVLYST!"}]},{"@type":"WebSite","@id":"https:\/\/naturvernforbundet.no\/trondelag\/#website","url":"https:\/\/naturvernforbundet.no\/trondelag\/","name":"Tr\u00f8ndelag","description":"Bare enda et Naturvernforbundet Sites-nettsted","potentialAction":[{"@type":"SearchAction","target":{"@type":"EntryPoint","urlTemplate":"https:\/\/naturvernforbundet.no\/trondelag\/?s={search_term_string}"},"query-input":{"@type":"PropertyValueSpecification","valueRequired":true,"valueName":"search_term_string"}}],"inLanguage":"nb-NO"}]}},"_links":{"self":[{"href":"https:\/\/naturvernforbundet.no\/trondelag\/wp-json\/wp\/v2\/event\/5119","targetHints":{"allow":["GET"]}}],"collection":[{"href":"https:\/\/naturvernforbundet.no\/trondelag\/wp-json\/wp\/v2\/event"}],"about":[{"href":"https:\/\/naturvernforbundet.no\/trondelag\/wp-json\/wp\/v2\/types\/event"}],"version-history":[{"count":7,"href":"https:\/\/naturvernforbundet.no\/trondelag\/wp-json\/wp\/v2\/event\/5119\/revisions"}],"predecessor-version":[{"id":5285,"href":"https:\/\/naturvernforbundet.no\/trondelag\/wp-json\/wp\/v2\/event\/5119\/revisions\/5285"}],"wp:attachment":[{"href":"https:\/\/naturvernforbundet.no\/trondelag\/wp-json\/wp\/v2\/media?parent=5119"}],"wp:term":[{"taxonomy":"local","embeddable":true,"href":"https:\/\/naturvernforbundet.no\/trondelag\/wp-json\/wp\/v2\/local?post=5119"}],"curies":[{"name":"wp","href":"https:\/\/api.w.org\/{rel}","templated":true}]}}

Re-wilding prosjekt på Fagerli naturgård &#8212; AVLYST!

<div class="template-event alignnone wp-block-naturvern-hero">
		<div class="hero__inner">
			<div class="hero__inner_blocks">
				
		<div class="naturvern-event-meta">
		<div class="naturvern-event-meta-inner">
			<div class="event-date">
				<div>
					<span class="day">25.mai</span>
					<span class="year">2024</span>
				</div>
			</div>
		</div>
		</div>				
<h1 class="wp-block-post-title">Re-wilding prosjekt på Fagerli naturgård &#8212; AVLYST!</h1>


			<div class="naturvern-event-meta-full">
			<div class="naturvern-event-meta-inner">
				<div>
					<span>Hva:</span>
					<span>Dugnad</span>
				</div>
				<div>
					<span>Når:</span>
					<span>25.mai, kl. 12:00</span>
				</div>
				<div>
					<span>Hvor:</span>
					<span>Kvernsjøveien 30, Vanvikan</span>
				</div>
			</div>
			</div>


<p>Har du lyst å lære mer om og bidra til naturrestaurering? Vi samarbeider med Fagerli Naturgård i Vanvikan for å restaurere et område med edelsløvskog</p>





			</div>
					</div>
			</div>
	


<p><strong>OBS!!! Arrangementet avlyses og utsettes til et seinere tidspunkt. Ny dato er ikke fastsatt ennå!</strong></p>



<p>På denne turen skal vi fjerne grantrær/ringbarke grantrær, flytte på blåveis, plante unge almetrær og forsøke oss på poding av laven Lungenever. Det vil også være mulighet for snekring.<br>Hvis det finnes interesse for det, skal vi også dokumentere/kartlegge hva som vokser der. Både ift. lav, moser, sopp, karplanter, insekter osv. Dette er en fin måte å bli kjent med kartleggingsmetoder.</p>



<p>Du trenger ingen forkunnskaper for å delta.</p>



<p>Oppmøte på gården kl. 12.00.</p>



<p><strong>VIKTIG!</strong><br>Påmelding: Send en e-post til mag@naturvernforbundet.no. Inkluder ev. matallergier og matpreferanser, og om du tar hurtigbåten eller bil. </p>



<p>Påmeldingsfrist: kl. 12.00 fredag 24. mai. Det er nødvendig med påmelding slik at vi vet hvor mange som blir med.</p>



<p><br><strong>Ta med :</strong></p>



<p>Drikke og egnede sko og klær. Vi spanderer lunsj.<br>Ta også gjerne med hansker, kniv, og om du har: sag, øks, motorsag, barkspade (grei til ringbarking).</p>



<p></p>



<p><strong>Hvordan komme seg dit:</strong></p>



<p>For deg som tar hurtigbåt, møtes vi ved hurtigbåtterminalen for å ta båten kl. 11.10. Ta med sykkel, siden gården ligger et stykke utenfor sentrum. Det tar ca. 25. min å sykle.</p>



<p>Dersom du kjører bil, kan du parkere på gården eller i veikrysset 715/6384 (bussholdeplassen). Herfra tar det 3 min. å gå til gården langs fylkesvei 6384.</p>



<p>Avhengig av hvor mye vi ønsker å gjøre den dagen, tar vi hurtigbåten tilbake til Trondheim kl. 16.00 eller kl. 17.30.</p>



<p>Les mer om Fagerli Naturgård på&nbsp;<a href="https://fagerlinaturgard.blog/?fbclid=IwZXh0bgNhZW0CMTAAAR0UszhU8AkXpHQeLmlX_BvwekXJqq-t8aI2eegfBiWBHtNxkUymJtbiUfI_aem_AXpU43O7ZxBHFAJHcucUzPq-J2dwv2wnOzwwgIxpWnTW__KNAJ0rqXdUg_yOP5cCXYSQDDg6-R5KRuyYWLUJJJQe" rel="noreferrer noopener" target="_blank">https://fagerlinaturgard.blog/</a></p>

<p>Lørdag 25. mai, kl. 12.00</p>

Kvernsjøveien 30, Vanvikan

<!-- This site is optimized with the Yoast SEO plugin v24.9 - https://yoast.com/wordpress/plugins/seo/ -->
<title>Re-wilding prosjekt på Fagerli naturgård - AVLYST! - Trøndelag</title>
<meta name="robots" content="index, follow, max-snippet:-1, max-image-preview:large, max-video-preview:-1" />
<link rel="canonical" href="https://naturvernforbundet.no/trondelag/event/re-wilding-prosjekt-pa-fagerli-naturgard/" />
<meta property="og:locale" content="nb_NO" />
<meta property="og:type" content="article" />
<meta property="og:title" content="Re-wilding prosjekt på Fagerli naturgård - AVLYST! - Trøndelag" />
<meta property="og:description" content="Lørdag 25. mai, kl. 12.00" />
<meta property="og:url" content="https://naturvernforbundet.no/trondelag/event/re-wilding-prosjekt-pa-fagerli-naturgard/" />
<meta property="og:site_name" content="Trøndelag" />
<meta property="article:modified_time" content="2024-05-24T06:53:14+00:00" />
<meta property="og:image" content="https://naturvernforbundet.no/content/uploads/sites/19/2024/04/393708909_696403359076706_7059188389893526924_n.jpg" />
	<meta property="og:image:width" content="1536" />
	<meta property="og:image:height" content="2048" />
	<meta property="og:image:type" content="image/jpeg" />
<meta name="twitter:card" content="summary_large_image" />
<meta name="twitter:label1" content="Ansl. lesetid" />
	<meta name="twitter:data1" content="2 minutter" />
<script type="application/ld+json" class="yoast-schema-graph">{"@context":"https://schema.org","@graph":[{"@type":"WebPage","@id":"https://naturvernforbundet.no/trondelag/event/re-wilding-prosjekt-pa-fagerli-naturgard/","url":"https://naturvernforbundet.no/trondelag/event/re-wilding-prosjekt-pa-fagerli-naturgard/","name":"Re-wilding prosjekt på Fagerli naturgård - AVLYST! - Trøndelag","isPartOf":{"@id":"https://naturvernforbundet.no/trondelag/#website"},"datePublished":"2024-04-16T09:25:45+00:00","dateModified":"2024-05-24T06:53:14+00:00","breadcrumb":{"@id":"https://naturvernforbundet.no/trondelag/event/re-wilding-prosjekt-pa-fagerli-naturgard/#breadcrumb"},"inLanguage":"nb-NO","potentialAction":[{"@type":"ReadAction","target":["https://naturvernforbundet.no/trondelag/event/re-wilding-prosjekt-pa-fagerli-naturgard/"]}]},{"@type":"BreadcrumbList","@id":"https://naturvernforbundet.no/trondelag/event/re-wilding-prosjekt-pa-fagerli-naturgard/#breadcrumb","itemListElement":[{"@type":"ListItem","position":1,"name":"Till naturvernforbundet.no","item":"https://naturvernforbundet.no/"},{"@type":"ListItem","position":2,"name":"Trøndelag","item":"https://naturvernforbundet.no/trondelag/"},{"@type":"ListItem","position":3,"name":"Event","item":"https://naturvernforbundet.no/trondelag/event/"},{"@type":"ListItem","position":4,"name":"Trøndelag","item":"https://naturvernforbundet.no/trondelag/lokallag/trondelag/"},{"@type":"ListItem","position":5,"name":"Re-wilding prosjekt på Fagerli naturgård &#8212; AVLYST!"}]},{"@type":"WebSite","@id":"https://naturvernforbundet.no/trondelag/#website","url":"https://naturvernforbundet.no/trondelag/","name":"Trøndelag","description":"Bare enda et Naturvernforbundet Sites-nettsted","potentialAction":[{"@type":"SearchAction","target":{"@type":"EntryPoint","urlTemplate":"https://naturvernforbundet.no/trondelag/?s={search_term_string}"},"query-input":{"@type":"PropertyValueSpecification","valueRequired":true,"valueName":"search_term_string"}}],"inLanguage":"nb-NO"}]}</script>
<!-- / Yoast SEO plugin. -->

Re-wilding prosjekt på Fagerli naturgård - AVLYST! - Trøndelag

Lørdag 25. mai, kl. 12.00

Trøndelag
