{"id":8922,"date":"2026-04-19T20:18:37","date_gmt":"2026-04-19T18:18:37","guid":{"rendered":"https:\/\/naturvernforbundet.no\/trondelag\/?post_type=event&#038;p=8922"},"modified":"2026-04-21T21:56:42","modified_gmt":"2026-04-21T19:56:42","slug":"bordkapping-til-fuglekasser","status":"publish","type":"event","link":"https:\/\/naturvernforbundet.no\/trondelag\/event\/bordkapping-til-fuglekasser\/","title":{"rendered":"Bordkapping til fuglekasser"},"content":{"rendered":"\t<div class=\"template-event alignnone wp-block-naturvern-hero\">\n\t\t<div class=\"hero__inner\">\n\t\t\t<div class=\"hero__inner_blocks\">\n\t\t\t\t\n\t\t<div class=\"naturvern-event-meta\">\n\t\t<div class=\"naturvern-event-meta-inner\">\n\t\t\t<div class=\"event-date\">\n\t\t\t\t<div>\n\t\t\t\t\t<span class=\"day\">14.mai<\/span>\n\t\t\t\t\t<span class=\"year\">2026<\/span>\n\t\t\t\t<\/div>\n\t\t\t<\/div>\n\t\t<\/div>\n\t\t<\/div>\t\t\t\t\n<h1 class=\"wp-block-post-title\">Bordkapping til fuglekasser<\/h1>\n\n\n\t\t\t<div class=\"naturvern-event-meta-full\">\n\t\t\t<div class=\"naturvern-event-meta-inner\">\n\t\t\t\t<div>\n\t\t\t\t\t<span>Hva:<\/span>\n\t\t\t\t\t<span><\/span>\n\t\t\t\t<\/div>\n\t\t\t\t<div>\n\t\t\t\t\t<span>N\u00e5r:<\/span>\n\t\t\t\t\t<span>14.mai, kl. 15:00 &#8211; 19:00<\/span>\n\t\t\t\t<\/div>\n\t\t\t\t<div>\n\t\t\t\t\t<span>Hvor:<\/span>\n\t\t\t\t\t<span>NTNU Dragvoll<\/span>\n\t\t\t\t<\/div>\n\t\t\t<\/div>\n\t\t\t<\/div>\n\n\n<p>Naturvernforbundet i Trondheim inviterer til snekkerdugnad p\u00e5 NTNU Dragvoll 14. mai 15:00-19:00.<\/p>\n\n\n\n\n\n<figure class=\"wp-block-image size-full\"><img loading=\"lazy\" decoding=\"async\" width=\"640\" height=\"458\" src=\"https:\/\/naturvernforbundet.no\/content\/uploads\/sites\/19\/2026\/04\/bilde.png\" alt=\"\" class=\"wp-image-8921\" srcset=\"https:\/\/naturvernforbundet.no\/content\/uploads\/sites\/19\/2026\/04\/bilde.png 640w, https:\/\/naturvernforbundet.no\/content\/uploads\/sites\/19\/2026\/04\/bilde-300x215.png 300w\" sizes=\"auto, (max-width: 640px) 100vw, 640px\" \/><figcaption class=\"wp-element-caption\">Bilde hentet fra: https:\/\/naturvernforbundet.no\/slik-lager-du-fuglekasse\/.<\/figcaption><\/figure>\n\n\t\t\t<\/div>\n\t\t\t\t\t<\/div>\n\t\t\t<\/div>\n\t\n\n\n<p>Naturvernforbundet i Trondheim inviterer til \u00e5 bli med p\u00e5 \u00e5 kappe opp trebord til fuglekasser p\u00e5 Kristi Himmelfartsdag. <\/p>\n\n\n\n<p>Trebordene skal skj\u00e6res til halvfabrikat som kan brukes p\u00e5 fremtidige naturvernforbundarrangement til \u00e5 hjelpe barn \u00e5 enkelt kunne sette sammen fuglekasser. Vi m\u00f8tes kl. 15:00 p\u00e5 ettermiddagen ved garasjene p\u00e5 NTNU Dragvoll (Edvard Bulls veg-siden) og holder p\u00e5 s\u00e5 lenge vi \u00f8nsker.<\/p>\n\n\n\n<p>Vi kommer til \u00e5 basere oss p\u00e5 oppskriften i <a href=\"https:\/\/naturvernforbundet.no\/naturvennlig-hage\/\">Den naturvennlige hagen<\/a>. Se ogs\u00e5 tips for hvordan <a href=\"https:\/\/naturvernforbundet.no\/slik-lager-du-fuglekasse\/\">du kan snekre din egen fuglekasse her<\/a>.<\/p>\n\n\n\n<p>Alle deltakere oppfordres til \u00e5 ta med eget verkt\u00f8y om man har, eksempelvis sag og drill.<\/p>\n\n\n\n<p>Hjertelig velkommen!<\/p>\n\n\n\n<figure class=\"wp-block-image size-large\"><img loading=\"lazy\" decoding=\"async\" width=\"1024\" height=\"973\" src=\"https:\/\/naturvernforbundet.no\/content\/uploads\/sites\/19\/2026\/04\/image-1024x973.png\" alt=\"\" class=\"wp-image-8923\" srcset=\"https:\/\/naturvernforbundet.no\/content\/uploads\/sites\/19\/2026\/04\/image-1024x973.png 1024w, https:\/\/naturvernforbundet.no\/content\/uploads\/sites\/19\/2026\/04\/image-300x285.png 300w, https:\/\/naturvernforbundet.no\/content\/uploads\/sites\/19\/2026\/04\/image-768x730.png 768w, https:\/\/naturvernforbundet.no\/content\/uploads\/sites\/19\/2026\/04\/image.png 1245w\" sizes=\"auto, (max-width: 1024px) 100vw, 1024px\" \/><figcaption class=\"wp-element-caption\">Hentet fra Naturvernforbundets hefte &laquo;Den naturvennlige hagen&raquo;, s. 7.<\/figcaption><\/figure>\n\n\n\n<p><\/p>\n","protected":false},"excerpt":{"rendered":"<p>14. mai kl. 15:00-19:00.<\/p>\n","protected":false},"featured_media":1685,"template":"","meta":{"_relevanssi_hide_post":"","_relevanssi_hide_content":"","_relevanssi_pin_for_all":"","_relevanssi_pin_keywords":"","_relevanssi_unpin_keywords":"","_relevanssi_related_keywords":"","_relevanssi_related_include_ids":"","_relevanssi_related_exclude_ids":"","_relevanssi_related_no_append":"","_relevanssi_related_not_related":"","_relevanssi_related_posts":"8645,8926,8662,8940,8289,8786","_relevanssi_noindex_reason":"","hide_logo":false,"_start_date":"2026-05-14T15:00:00","_end_date":"2026-05-14T19:00:00","_event_type":"","_event_location":"NTNU Dragvoll","footnotes":""},"local":[],"class_list":["post-8922","event","type-event","status-publish","has-post-thumbnail","hentry"],"acf":[],"yoast_head":"<!-- This site is optimized with the Yoast SEO plugin v24.9 - https:\/\/yoast.com\/wordpress\/plugins\/seo\/ -->\n<title>Bordkapping til fuglekasser - Tr\u00f8ndelag<\/title>\n<meta name=\"robots\" content=\"index, follow, max-snippet:-1, max-image-preview:large, max-video-preview:-1\" \/>\n<link rel=\"canonical\" href=\"https:\/\/naturvernforbundet.no\/trondelag\/event\/bordkapping-til-fuglekasser\/\" \/>\n<meta property=\"og:locale\" content=\"nb_NO\" \/>\n<meta property=\"og:type\" content=\"article\" \/>\n<meta property=\"og:title\" content=\"Bordkapping til fuglekasser - Tr\u00f8ndelag\" \/>\n<meta property=\"og:description\" content=\"14. mai kl. 15:00-19:00.\" \/>\n<meta property=\"og:url\" content=\"https:\/\/naturvernforbundet.no\/trondelag\/event\/bordkapping-til-fuglekasser\/\" \/>\n<meta property=\"og:site_name\" content=\"Tr\u00f8ndelag\" \/>\n<meta property=\"article:modified_time\" content=\"2026-04-21T19:56:42+00:00\" \/>\n<meta property=\"og:image\" content=\"https:\/\/naturvernforbundet.no\/content\/uploads\/sites\/19\/2021\/06\/Fuglekassesnekring.jpg2028mobile48029.jpg\" \/>\n\t<meta property=\"og:image:width\" content=\"480\" \/>\n\t<meta property=\"og:image:height\" content=\"270\" \/>\n\t<meta property=\"og:image:type\" content=\"image\/jpeg\" \/>\n<meta name=\"twitter:card\" content=\"summary_large_image\" \/>\n<meta name=\"twitter:label1\" content=\"Ansl. lesetid\" \/>\n\t<meta name=\"twitter:data1\" content=\"2 minutter\" \/>\n<script type=\"application\/ld+json\" class=\"yoast-schema-graph\">{\"@context\":\"https:\/\/schema.org\",\"@graph\":[{\"@type\":\"WebPage\",\"@id\":\"https:\/\/naturvernforbundet.no\/trondelag\/event\/bordkapping-til-fuglekasser\/\",\"url\":\"https:\/\/naturvernforbundet.no\/trondelag\/event\/bordkapping-til-fuglekasser\/\",\"name\":\"Bordkapping til fuglekasser - Tr\u00f8ndelag\",\"isPartOf\":{\"@id\":\"https:\/\/naturvernforbundet.no\/trondelag\/#website\"},\"primaryImageOfPage\":{\"@id\":\"https:\/\/naturvernforbundet.no\/trondelag\/event\/bordkapping-til-fuglekasser\/#primaryimage\"},\"image\":{\"@id\":\"https:\/\/naturvernforbundet.no\/trondelag\/event\/bordkapping-til-fuglekasser\/#primaryimage\"},\"thumbnailUrl\":\"https:\/\/naturvernforbundet.no\/content\/uploads\/sites\/19\/2021\/06\/Fuglekassesnekring.jpg2028mobile48029.jpg\",\"datePublished\":\"2026-04-19T18:18:37+00:00\",\"dateModified\":\"2026-04-21T19:56:42+00:00\",\"breadcrumb\":{\"@id\":\"https:\/\/naturvernforbundet.no\/trondelag\/event\/bordkapping-til-fuglekasser\/#breadcrumb\"},\"inLanguage\":\"nb-NO\",\"potentialAction\":[{\"@type\":\"ReadAction\",\"target\":[\"https:\/\/naturvernforbundet.no\/trondelag\/event\/bordkapping-til-fuglekasser\/\"]}]},{\"@type\":\"ImageObject\",\"inLanguage\":\"nb-NO\",\"@id\":\"https:\/\/naturvernforbundet.no\/trondelag\/event\/bordkapping-til-fuglekasser\/#primaryimage\",\"url\":\"https:\/\/naturvernforbundet.no\/content\/uploads\/sites\/19\/2021\/06\/Fuglekassesnekring.jpg2028mobile48029.jpg\",\"contentUrl\":\"https:\/\/naturvernforbundet.no\/content\/uploads\/sites\/19\/2021\/06\/Fuglekassesnekring.jpg2028mobile48029.jpg\",\"width\":480,\"height\":270},{\"@type\":\"BreadcrumbList\",\"@id\":\"https:\/\/naturvernforbundet.no\/trondelag\/event\/bordkapping-til-fuglekasser\/#breadcrumb\",\"itemListElement\":[{\"@type\":\"ListItem\",\"position\":1,\"name\":\"Till naturvernforbundet.no\",\"item\":\"https:\/\/naturvernforbundet.no\/\"},{\"@type\":\"ListItem\",\"position\":2,\"name\":\"Tr\u00f8ndelag\",\"item\":\"https:\/\/naturvernforbundet.no\/trondelag\/\"},{\"@type\":\"ListItem\",\"position\":3,\"name\":\"Event\",\"item\":\"https:\/\/naturvernforbundet.no\/trondelag\/event\/\"},{\"@type\":\"ListItem\",\"position\":4,\"name\":\"Bordkapping til fuglekasser\"}]},{\"@type\":\"WebSite\",\"@id\":\"https:\/\/naturvernforbundet.no\/trondelag\/#website\",\"url\":\"https:\/\/naturvernforbundet.no\/trondelag\/\",\"name\":\"Tr\u00f8ndelag\",\"description\":\"Bare enda et Naturvernforbundet Sites-nettsted\",\"potentialAction\":[{\"@type\":\"SearchAction\",\"target\":{\"@type\":\"EntryPoint\",\"urlTemplate\":\"https:\/\/naturvernforbundet.no\/trondelag\/?s={search_term_string}\"},\"query-input\":{\"@type\":\"PropertyValueSpecification\",\"valueRequired\":true,\"valueName\":\"search_term_string\"}}],\"inLanguage\":\"nb-NO\"}]}<\/script>\n<!-- \/ Yoast SEO plugin. -->","yoast_head_json":{"title":"Bordkapping til fuglekasser - Tr\u00f8ndelag","robots":{"index":"index","follow":"follow","max-snippet":"max-snippet:-1","max-image-preview":"max-image-preview:large","max-video-preview":"max-video-preview:-1"},"canonical":"https:\/\/naturvernforbundet.no\/trondelag\/event\/bordkapping-til-fuglekasser\/","og_locale":"nb_NO","og_type":"article","og_title":"Bordkapping til fuglekasser - Tr\u00f8ndelag","og_description":"14. mai kl. 15:00-19:00.","og_url":"https:\/\/naturvernforbundet.no\/trondelag\/event\/bordkapping-til-fuglekasser\/","og_site_name":"Tr\u00f8ndelag","article_modified_time":"2026-04-21T19:56:42+00:00","og_image":[{"width":480,"height":270,"url":"https:\/\/naturvernforbundet.no\/content\/uploads\/sites\/19\/2021\/06\/Fuglekassesnekring.jpg2028mobile48029.jpg","type":"image\/jpeg"}],"twitter_card":"summary_large_image","twitter_misc":{"Ansl. lesetid":"2 minutter"},"schema":{"@context":"https:\/\/schema.org","@graph":[{"@type":"WebPage","@id":"https:\/\/naturvernforbundet.no\/trondelag\/event\/bordkapping-til-fuglekasser\/","url":"https:\/\/naturvernforbundet.no\/trondelag\/event\/bordkapping-til-fuglekasser\/","name":"Bordkapping til fuglekasser - Tr\u00f8ndelag","isPartOf":{"@id":"https:\/\/naturvernforbundet.no\/trondelag\/#website"},"primaryImageOfPage":{"@id":"https:\/\/naturvernforbundet.no\/trondelag\/event\/bordkapping-til-fuglekasser\/#primaryimage"},"image":{"@id":"https:\/\/naturvernforbundet.no\/trondelag\/event\/bordkapping-til-fuglekasser\/#primaryimage"},"thumbnailUrl":"https:\/\/naturvernforbundet.no\/content\/uploads\/sites\/19\/2021\/06\/Fuglekassesnekring.jpg2028mobile48029.jpg","datePublished":"2026-04-19T18:18:37+00:00","dateModified":"2026-04-21T19:56:42+00:00","breadcrumb":{"@id":"https:\/\/naturvernforbundet.no\/trondelag\/event\/bordkapping-til-fuglekasser\/#breadcrumb"},"inLanguage":"nb-NO","potentialAction":[{"@type":"ReadAction","target":["https:\/\/naturvernforbundet.no\/trondelag\/event\/bordkapping-til-fuglekasser\/"]}]},{"@type":"ImageObject","inLanguage":"nb-NO","@id":"https:\/\/naturvernforbundet.no\/trondelag\/event\/bordkapping-til-fuglekasser\/#primaryimage","url":"https:\/\/naturvernforbundet.no\/content\/uploads\/sites\/19\/2021\/06\/Fuglekassesnekring.jpg2028mobile48029.jpg","contentUrl":"https:\/\/naturvernforbundet.no\/content\/uploads\/sites\/19\/2021\/06\/Fuglekassesnekring.jpg2028mobile48029.jpg","width":480,"height":270},{"@type":"BreadcrumbList","@id":"https:\/\/naturvernforbundet.no\/trondelag\/event\/bordkapping-til-fuglekasser\/#breadcrumb","itemListElement":[{"@type":"ListItem","position":1,"name":"Till naturvernforbundet.no","item":"https:\/\/naturvernforbundet.no\/"},{"@type":"ListItem","position":2,"name":"Tr\u00f8ndelag","item":"https:\/\/naturvernforbundet.no\/trondelag\/"},{"@type":"ListItem","position":3,"name":"Event","item":"https:\/\/naturvernforbundet.no\/trondelag\/event\/"},{"@type":"ListItem","position":4,"name":"Bordkapping til fuglekasser"}]},{"@type":"WebSite","@id":"https:\/\/naturvernforbundet.no\/trondelag\/#website","url":"https:\/\/naturvernforbundet.no\/trondelag\/","name":"Tr\u00f8ndelag","description":"Bare enda et Naturvernforbundet Sites-nettsted","potentialAction":[{"@type":"SearchAction","target":{"@type":"EntryPoint","urlTemplate":"https:\/\/naturvernforbundet.no\/trondelag\/?s={search_term_string}"},"query-input":{"@type":"PropertyValueSpecification","valueRequired":true,"valueName":"search_term_string"}}],"inLanguage":"nb-NO"}]}},"_links":{"self":[{"href":"https:\/\/naturvernforbundet.no\/trondelag\/wp-json\/wp\/v2\/event\/8922","targetHints":{"allow":["GET"]}}],"collection":[{"href":"https:\/\/naturvernforbundet.no\/trondelag\/wp-json\/wp\/v2\/event"}],"about":[{"href":"https:\/\/naturvernforbundet.no\/trondelag\/wp-json\/wp\/v2\/types\/event"}],"version-history":[{"count":4,"href":"https:\/\/naturvernforbundet.no\/trondelag\/wp-json\/wp\/v2\/event\/8922\/revisions"}],"predecessor-version":[{"id":8954,"href":"https:\/\/naturvernforbundet.no\/trondelag\/wp-json\/wp\/v2\/event\/8922\/revisions\/8954"}],"wp:featuredmedia":[{"embeddable":true,"href":"https:\/\/naturvernforbundet.no\/trondelag\/wp-json\/wp\/v2\/media\/1685"}],"wp:attachment":[{"href":"https:\/\/naturvernforbundet.no\/trondelag\/wp-json\/wp\/v2\/media?parent=8922"}],"wp:term":[{"taxonomy":"local","embeddable":true,"href":"https:\/\/naturvernforbundet.no\/trondelag\/wp-json\/wp\/v2\/local?post=8922"}],"curies":[{"name":"wp","href":"https:\/\/api.w.org\/{rel}","templated":true}]}}

<div class="template-event alignnone wp-block-naturvern-hero">
		<div class="hero__inner">
			<div class="hero__inner_blocks">
				
		<div class="naturvern-event-meta">
		<div class="naturvern-event-meta-inner">
			<div class="event-date">
				<div>
					<span class="day">14.mai</span>
					<span class="year">2026</span>
				</div>
			</div>
		</div>
		</div>				
<h1 class="wp-block-post-title">Bordkapping til fuglekasser</h1>


			<div class="naturvern-event-meta-full">
			<div class="naturvern-event-meta-inner">
				<div>
					<span>Hva:</span>
					<span></span>
				</div>
				<div>
					<span>Når:</span>
					<span>14.mai, kl. 15:00 &#8211; 19:00</span>
				</div>
				<div>
					<span>Hvor:</span>
					<span>NTNU Dragvoll</span>
				</div>
			</div>
			</div>


<p>Naturvernforbundet i Trondheim inviterer til snekkerdugnad på NTNU Dragvoll 14. mai 15:00-19:00.</p>





<figure class="wp-block-image size-full"><img loading="lazy" decoding="async" width="640" height="458" src="https://naturvernforbundet.no/content/uploads/sites/19/2026/04/bilde.png" alt="" class="wp-image-8921" srcset="https://naturvernforbundet.no/content/uploads/sites/19/2026/04/bilde.png 640w, https://naturvernforbundet.no/content/uploads/sites/19/2026/04/bilde-300x215.png 300w" sizes="auto, (max-width: 640px) 100vw, 640px" /><figcaption class="wp-element-caption">Bilde hentet fra: https://naturvernforbundet.no/slik-lager-du-fuglekasse/.</figcaption></figure>

			</div>
					</div>
			</div>
	


<p>Naturvernforbundet i Trondheim inviterer til å bli med på å kappe opp trebord til fuglekasser på Kristi Himmelfartsdag. </p>



<p>Trebordene skal skjæres til halvfabrikat som kan brukes på fremtidige naturvernforbundarrangement til å hjelpe barn å enkelt kunne sette sammen fuglekasser. Vi møtes kl. 15:00 på ettermiddagen ved garasjene på NTNU Dragvoll (Edvard Bulls veg-siden) og holder på så lenge vi ønsker.</p>



<p>Vi kommer til å basere oss på oppskriften i <a href="https://naturvernforbundet.no/naturvennlig-hage/">Den naturvennlige hagen</a>. Se også tips for hvordan <a href="https://naturvernforbundet.no/slik-lager-du-fuglekasse/">du kan snekre din egen fuglekasse her</a>.</p>



<p>Alle deltakere oppfordres til å ta med eget verktøy om man har, eksempelvis sag og drill.</p>



<p>Hjertelig velkommen!</p>



<figure class="wp-block-image size-large"><img loading="lazy" decoding="async" width="1024" height="973" src="https://naturvernforbundet.no/content/uploads/sites/19/2026/04/image-1024x973.png" alt="" class="wp-image-8923" srcset="https://naturvernforbundet.no/content/uploads/sites/19/2026/04/image-1024x973.png 1024w, https://naturvernforbundet.no/content/uploads/sites/19/2026/04/image-300x285.png 300w, https://naturvernforbundet.no/content/uploads/sites/19/2026/04/image-768x730.png 768w, https://naturvernforbundet.no/content/uploads/sites/19/2026/04/image.png 1245w" sizes="auto, (max-width: 1024px) 100vw, 1024px" /><figcaption class="wp-element-caption">Hentet fra Naturvernforbundets hefte &laquo;Den naturvennlige hagen&raquo;, s. 7.</figcaption></figure>



<p></p>

<!-- This site is optimized with the Yoast SEO plugin v24.9 - https://yoast.com/wordpress/plugins/seo/ -->
<title>Bordkapping til fuglekasser - Trøndelag</title>
<meta name="robots" content="index, follow, max-snippet:-1, max-image-preview:large, max-video-preview:-1" />
<link rel="canonical" href="https://naturvernforbundet.no/trondelag/event/bordkapping-til-fuglekasser/" />
<meta property="og:locale" content="nb_NO" />
<meta property="og:type" content="article" />
<meta property="og:title" content="Bordkapping til fuglekasser - Trøndelag" />
<meta property="og:description" content="14. mai kl. 15:00-19:00." />
<meta property="og:url" content="https://naturvernforbundet.no/trondelag/event/bordkapping-til-fuglekasser/" />
<meta property="og:site_name" content="Trøndelag" />
<meta property="article:modified_time" content="2026-04-21T19:56:42+00:00" />
<meta property="og:image" content="https://naturvernforbundet.no/content/uploads/sites/19/2021/06/Fuglekassesnekring.jpg2028mobile48029.jpg" />
	<meta property="og:image:width" content="480" />
	<meta property="og:image:height" content="270" />
	<meta property="og:image:type" content="image/jpeg" />
<meta name="twitter:card" content="summary_large_image" />
<meta name="twitter:label1" content="Ansl. lesetid" />
	<meta name="twitter:data1" content="2 minutter" />
<script type="application/ld+json" class="yoast-schema-graph">{"@context":"https://schema.org","@graph":[{"@type":"WebPage","@id":"https://naturvernforbundet.no/trondelag/event/bordkapping-til-fuglekasser/","url":"https://naturvernforbundet.no/trondelag/event/bordkapping-til-fuglekasser/","name":"Bordkapping til fuglekasser - Trøndelag","isPartOf":{"@id":"https://naturvernforbundet.no/trondelag/#website"},"primaryImageOfPage":{"@id":"https://naturvernforbundet.no/trondelag/event/bordkapping-til-fuglekasser/#primaryimage"},"image":{"@id":"https://naturvernforbundet.no/trondelag/event/bordkapping-til-fuglekasser/#primaryimage"},"thumbnailUrl":"https://naturvernforbundet.no/content/uploads/sites/19/2021/06/Fuglekassesnekring.jpg2028mobile48029.jpg","datePublished":"2026-04-19T18:18:37+00:00","dateModified":"2026-04-21T19:56:42+00:00","breadcrumb":{"@id":"https://naturvernforbundet.no/trondelag/event/bordkapping-til-fuglekasser/#breadcrumb"},"inLanguage":"nb-NO","potentialAction":[{"@type":"ReadAction","target":["https://naturvernforbundet.no/trondelag/event/bordkapping-til-fuglekasser/"]}]},{"@type":"ImageObject","inLanguage":"nb-NO","@id":"https://naturvernforbundet.no/trondelag/event/bordkapping-til-fuglekasser/#primaryimage","url":"https://naturvernforbundet.no/content/uploads/sites/19/2021/06/Fuglekassesnekring.jpg2028mobile48029.jpg","contentUrl":"https://naturvernforbundet.no/content/uploads/sites/19/2021/06/Fuglekassesnekring.jpg2028mobile48029.jpg","width":480,"height":270},{"@type":"BreadcrumbList","@id":"https://naturvernforbundet.no/trondelag/event/bordkapping-til-fuglekasser/#breadcrumb","itemListElement":[{"@type":"ListItem","position":1,"name":"Till naturvernforbundet.no","item":"https://naturvernforbundet.no/"},{"@type":"ListItem","position":2,"name":"Trøndelag","item":"https://naturvernforbundet.no/trondelag/"},{"@type":"ListItem","position":3,"name":"Event","item":"https://naturvernforbundet.no/trondelag/event/"},{"@type":"ListItem","position":4,"name":"Bordkapping til fuglekasser"}]},{"@type":"WebSite","@id":"https://naturvernforbundet.no/trondelag/#website","url":"https://naturvernforbundet.no/trondelag/","name":"Trøndelag","description":"Bare enda et Naturvernforbundet Sites-nettsted","potentialAction":[{"@type":"SearchAction","target":{"@type":"EntryPoint","urlTemplate":"https://naturvernforbundet.no/trondelag/?s={search_term_string}"},"query-input":{"@type":"PropertyValueSpecification","valueRequired":true,"valueName":"search_term_string"}}],"inLanguage":"nb-NO"}]}</script>
<!-- / Yoast SEO plugin. -->

Bordkapping til fuglekasser - Trøndelag

Trøndelag
