{"id":9606,"date":"2026-09-03T11:34:01","date_gmt":"2026-09-03T09:34:01","guid":{"rendered":"https:\/\/naturvernforbundet.no\/trondelag\/?post_type=event&#038;p=9606"},"modified":"2026-09-03T13:33:53","modified_gmt":"2026-09-03T11:33:53","slug":"den-store-artsjakten","status":"publish","type":"event","link":"https:\/\/naturvernforbundet.no\/trondelag\/event\/den-store-artsjakten\/","title":{"rendered":"Den store artsjakten"},"content":{"rendered":"\t<div class=\"template-event alignnone wp-block-naturvern-hero\">\n\t\t<div class=\"hero__inner\">\n\t\t\t<div class=\"hero__inner_blocks\">\n\t\t\t\t\n\t\t<div class=\"naturvern-event-meta\">\n\t\t<div class=\"naturvern-event-meta-inner\">\n\t\t\t<div class=\"event-date\">\n\t\t\t\t<div>\n\t\t\t\t\t<span class=\"day\">13.sep<\/span>\n\t\t\t\t\t<span class=\"year\">2026<\/span>\n\t\t\t\t<\/div>\n\t\t\t<\/div>\n\t\t<\/div>\n\t\t<\/div>\t\t\t\t\n<h1 class=\"wp-block-post-title\">Den store artsjakten<\/h1>\n\n\n\t\t\t<div class=\"naturvern-event-meta-full\">\n\t\t\t<div class=\"naturvern-event-meta-inner\">\n\t\t\t\t<div>\n\t\t\t\t\t<span>Hva:<\/span>\n\t\t\t\t\t<span>Naturgledetur<\/span>\n\t\t\t\t<\/div>\n\t\t\t\t<div>\n\t\t\t\t\t<span>N\u00e5r:<\/span>\n\t\t\t\t\t<span>13.sep, kl. 14:00<\/span>\n\t\t\t\t<\/div>\n\t\t\t\t<div>\n\t\t\t\t\t<span>Hvor:<\/span>\n\t\t\t\t\t<span>Lyngstua, B\u00f8rsa.<\/span>\n\t\t\t\t<\/div>\n\t\t\t<\/div>\n\t\t\t<\/div>\n\n\n<p><\/p>\n\n\n\n\n<figure class=\"wp-block-post-featured-image\"><img loading=\"lazy\" decoding=\"async\" width=\"2048\" height=\"1515\" src=\"https:\/\/naturvernforbundet.no\/content\/uploads\/sites\/19\/2026\/09\/778274183_122193675050774363_2603964810797488134_n.jpg\" class=\"attachment-post-thumbnail size-post-thumbnail wp-post-image\" alt=\"Artsjakt Skaun\" style=\"object-fit:cover;\" srcset=\"https:\/\/naturvernforbundet.no\/content\/uploads\/sites\/19\/2026\/09\/778274183_122193675050774363_2603964810797488134_n.jpg 2048w, https:\/\/naturvernforbundet.no\/content\/uploads\/sites\/19\/2026\/09\/778274183_122193675050774363_2603964810797488134_n-300x222.jpg 300w, https:\/\/naturvernforbundet.no\/content\/uploads\/sites\/19\/2026\/09\/778274183_122193675050774363_2603964810797488134_n-1024x758.jpg 1024w, https:\/\/naturvernforbundet.no\/content\/uploads\/sites\/19\/2026\/09\/778274183_122193675050774363_2603964810797488134_n-768x568.jpg 768w, https:\/\/naturvernforbundet.no\/content\/uploads\/sites\/19\/2026\/09\/778274183_122193675050774363_2603964810797488134_n-1536x1136.jpg 1536w, https:\/\/naturvernforbundet.no\/content\/uploads\/sites\/19\/2026\/09\/778274183_122193675050774363_2603964810797488134_n-1920x1420.jpg 1920w\" sizes=\"auto, (max-width: 2048px) 100vw, 2048px\" \/><\/figure>\n\t\t\t<\/div>\n\t\t\t\t\t<\/div>\n\t\t\t<\/div>\n\t\n\n\n<p>I forbindelse med Friluftslivets uke arrangerer Naturvernforbundet i Skaun, sammen med Gjermund Hols\u00e6ter, artsjakt.<br>Her vil det v\u00e6re mulig \u00e5 l\u00e6re \u00e5 registrere arter i Artsdatabanken, finne nye og gamle arter og ikke minst sosialt samv\u00e6r med andre naturvenner.<\/p>\n\n\n\n<p><br>Vi legger opp til en tur p\u00e5 3-4 km i lett terreng, med start fra Lyngstua i B\u00f8rsa.<br>Vi legger opp til en rastestopp p\u00e5 veien, s\u00e5 ta gjerne med noe godt \u00e5 bite i.<\/p>\n\n\n\n<p>Vi gleder oss til en moro dag sammen, med masse naturglede!<\/p>\n\n\n\n<p>Passer for alle aldre!<\/p>\n","protected":false},"excerpt":{"rendered":"<p>S\u00f8ndag, 13. september, kl. 14.00, B\u00f8rsa<\/p>\n","protected":false},"featured_media":9607,"template":"","meta":{"_relevanssi_hide_post":"","_relevanssi_hide_content":"","_relevanssi_pin_for_all":"","_relevanssi_pin_keywords":"","_relevanssi_unpin_keywords":"","_relevanssi_related_keywords":"","_relevanssi_related_include_ids":"","_relevanssi_related_exclude_ids":"","_relevanssi_related_no_append":"","_relevanssi_related_not_related":"","_relevanssi_related_posts":"9572,8999,9554,7252,9396,9506","_relevanssi_noindex_reason":"","hide_logo":false,"_start_date":"2026-09-13T14:00:00","_end_date":"","_event_type":"Naturgledetur","_event_location":"Lyngstua, B\u00f8rsa.","footnotes":"","_members_access_role":[],"_members_access_error":""},"local":[227],"class_list":["post-9606","event","type-event","status-publish","has-post-thumbnail","hentry","local-skaun"],"acf":[],"yoast_head":"<!-- This site is optimized with the Yoast SEO plugin v24.9 - https:\/\/yoast.com\/wordpress\/plugins\/seo\/ -->\n<title>Den store artsjakten - Tr\u00f8ndelag<\/title>\n<meta name=\"robots\" content=\"index, follow, max-snippet:-1, max-image-preview:large, max-video-preview:-1\" \/>\n<link rel=\"canonical\" href=\"https:\/\/naturvernforbundet.no\/trondelag\/event\/den-store-artsjakten\/\" \/>\n<meta property=\"og:locale\" content=\"nb_NO\" \/>\n<meta property=\"og:type\" content=\"article\" \/>\n<meta property=\"og:title\" content=\"Den store artsjakten - Tr\u00f8ndelag\" \/>\n<meta property=\"og:description\" content=\"S\u00f8ndag, 13. september, kl. 14.00, B\u00f8rsa\" \/>\n<meta property=\"og:url\" content=\"https:\/\/naturvernforbundet.no\/trondelag\/event\/den-store-artsjakten\/\" \/>\n<meta property=\"og:site_name\" content=\"Tr\u00f8ndelag\" \/>\n<meta property=\"article:modified_time\" content=\"2026-09-03T11:33:53+00:00\" \/>\n<meta property=\"og:image\" content=\"https:\/\/naturvernforbundet.no\/content\/uploads\/sites\/19\/2026\/09\/778274183_122193675050774363_2603964810797488134_n.jpg\" \/>\n\t<meta property=\"og:image:width\" content=\"2048\" \/>\n\t<meta property=\"og:image:height\" content=\"1515\" \/>\n\t<meta property=\"og:image:type\" content=\"image\/jpeg\" \/>\n<meta name=\"twitter:card\" content=\"summary_large_image\" \/>\n<meta name=\"twitter:label1\" content=\"Ansl. lesetid\" \/>\n\t<meta name=\"twitter:data1\" content=\"1 minutt\" \/>\n<script type=\"application\/ld+json\" class=\"yoast-schema-graph\">{\"@context\":\"https:\/\/schema.org\",\"@graph\":[{\"@type\":\"WebPage\",\"@id\":\"https:\/\/naturvernforbundet.no\/trondelag\/event\/den-store-artsjakten\/\",\"url\":\"https:\/\/naturvernforbundet.no\/trondelag\/event\/den-store-artsjakten\/\",\"name\":\"Den store artsjakten - Tr\u00f8ndelag\",\"isPartOf\":{\"@id\":\"https:\/\/naturvernforbundet.no\/trondelag\/#website\"},\"primaryImageOfPage\":{\"@id\":\"https:\/\/naturvernforbundet.no\/trondelag\/event\/den-store-artsjakten\/#primaryimage\"},\"image\":{\"@id\":\"https:\/\/naturvernforbundet.no\/trondelag\/event\/den-store-artsjakten\/#primaryimage\"},\"thumbnailUrl\":\"https:\/\/naturvernforbundet.no\/content\/uploads\/sites\/19\/2026\/09\/778274183_122193675050774363_2603964810797488134_n.jpg\",\"datePublished\":\"2026-09-03T09:34:01+00:00\",\"dateModified\":\"2026-09-03T11:33:53+00:00\",\"breadcrumb\":{\"@id\":\"https:\/\/naturvernforbundet.no\/trondelag\/event\/den-store-artsjakten\/#breadcrumb\"},\"inLanguage\":\"nb-NO\",\"potentialAction\":[{\"@type\":\"ReadAction\",\"target\":[\"https:\/\/naturvernforbundet.no\/trondelag\/event\/den-store-artsjakten\/\"]}]},{\"@type\":\"ImageObject\",\"inLanguage\":\"nb-NO\",\"@id\":\"https:\/\/naturvernforbundet.no\/trondelag\/event\/den-store-artsjakten\/#primaryimage\",\"url\":\"https:\/\/naturvernforbundet.no\/content\/uploads\/sites\/19\/2026\/09\/778274183_122193675050774363_2603964810797488134_n.jpg\",\"contentUrl\":\"https:\/\/naturvernforbundet.no\/content\/uploads\/sites\/19\/2026\/09\/778274183_122193675050774363_2603964810797488134_n.jpg\",\"width\":2048,\"height\":1515,\"caption\":\"Artsjakt Skaun\"},{\"@type\":\"BreadcrumbList\",\"@id\":\"https:\/\/naturvernforbundet.no\/trondelag\/event\/den-store-artsjakten\/#breadcrumb\",\"itemListElement\":[{\"@type\":\"ListItem\",\"position\":1,\"name\":\"Till naturvernforbundet.no\",\"item\":\"https:\/\/naturvernforbundet.no\/\"},{\"@type\":\"ListItem\",\"position\":2,\"name\":\"Tr\u00f8ndelag\",\"item\":\"https:\/\/naturvernforbundet.no\/trondelag\/\"},{\"@type\":\"ListItem\",\"position\":3,\"name\":\"Event\",\"item\":\"https:\/\/naturvernforbundet.no\/trondelag\/event\/\"},{\"@type\":\"ListItem\",\"position\":4,\"name\":\"Skaun\",\"item\":\"https:\/\/naturvernforbundet.no\/trondelag\/lokallag\/skaun\/\"},{\"@type\":\"ListItem\",\"position\":5,\"name\":\"Den store artsjakten\"}]},{\"@type\":\"WebSite\",\"@id\":\"https:\/\/naturvernforbundet.no\/trondelag\/#website\",\"url\":\"https:\/\/naturvernforbundet.no\/trondelag\/\",\"name\":\"Tr\u00f8ndelag\",\"description\":\"Bare enda et Naturvernforbundet Sites-nettsted\",\"potentialAction\":[{\"@type\":\"SearchAction\",\"target\":{\"@type\":\"EntryPoint\",\"urlTemplate\":\"https:\/\/naturvernforbundet.no\/trondelag\/?s={search_term_string}\"},\"query-input\":{\"@type\":\"PropertyValueSpecification\",\"valueRequired\":true,\"valueName\":\"search_term_string\"}}],\"inLanguage\":\"nb-NO\"}]}<\/script>\n<!-- \/ Yoast SEO plugin. -->","yoast_head_json":{"title":"Den store artsjakten - Tr\u00f8ndelag","robots":{"index":"index","follow":"follow","max-snippet":"max-snippet:-1","max-image-preview":"max-image-preview:large","max-video-preview":"max-video-preview:-1"},"canonical":"https:\/\/naturvernforbundet.no\/trondelag\/event\/den-store-artsjakten\/","og_locale":"nb_NO","og_type":"article","og_title":"Den store artsjakten - Tr\u00f8ndelag","og_description":"S\u00f8ndag, 13. september, kl. 14.00, B\u00f8rsa","og_url":"https:\/\/naturvernforbundet.no\/trondelag\/event\/den-store-artsjakten\/","og_site_name":"Tr\u00f8ndelag","article_modified_time":"2026-09-03T11:33:53+00:00","og_image":[{"width":2048,"height":1515,"url":"https:\/\/naturvernforbundet.no\/content\/uploads\/sites\/19\/2026\/09\/778274183_122193675050774363_2603964810797488134_n.jpg","type":"image\/jpeg"}],"twitter_card":"summary_large_image","twitter_misc":{"Ansl. lesetid":"1 minutt"},"schema":{"@context":"https:\/\/schema.org","@graph":[{"@type":"WebPage","@id":"https:\/\/naturvernforbundet.no\/trondelag\/event\/den-store-artsjakten\/","url":"https:\/\/naturvernforbundet.no\/trondelag\/event\/den-store-artsjakten\/","name":"Den store artsjakten - Tr\u00f8ndelag","isPartOf":{"@id":"https:\/\/naturvernforbundet.no\/trondelag\/#website"},"primaryImageOfPage":{"@id":"https:\/\/naturvernforbundet.no\/trondelag\/event\/den-store-artsjakten\/#primaryimage"},"image":{"@id":"https:\/\/naturvernforbundet.no\/trondelag\/event\/den-store-artsjakten\/#primaryimage"},"thumbnailUrl":"https:\/\/naturvernforbundet.no\/content\/uploads\/sites\/19\/2026\/09\/778274183_122193675050774363_2603964810797488134_n.jpg","datePublished":"2026-09-03T09:34:01+00:00","dateModified":"2026-09-03T11:33:53+00:00","breadcrumb":{"@id":"https:\/\/naturvernforbundet.no\/trondelag\/event\/den-store-artsjakten\/#breadcrumb"},"inLanguage":"nb-NO","potentialAction":[{"@type":"ReadAction","target":["https:\/\/naturvernforbundet.no\/trondelag\/event\/den-store-artsjakten\/"]}]},{"@type":"ImageObject","inLanguage":"nb-NO","@id":"https:\/\/naturvernforbundet.no\/trondelag\/event\/den-store-artsjakten\/#primaryimage","url":"https:\/\/naturvernforbundet.no\/content\/uploads\/sites\/19\/2026\/09\/778274183_122193675050774363_2603964810797488134_n.jpg","contentUrl":"https:\/\/naturvernforbundet.no\/content\/uploads\/sites\/19\/2026\/09\/778274183_122193675050774363_2603964810797488134_n.jpg","width":2048,"height":1515,"caption":"Artsjakt Skaun"},{"@type":"BreadcrumbList","@id":"https:\/\/naturvernforbundet.no\/trondelag\/event\/den-store-artsjakten\/#breadcrumb","itemListElement":[{"@type":"ListItem","position":1,"name":"Till naturvernforbundet.no","item":"https:\/\/naturvernforbundet.no\/"},{"@type":"ListItem","position":2,"name":"Tr\u00f8ndelag","item":"https:\/\/naturvernforbundet.no\/trondelag\/"},{"@type":"ListItem","position":3,"name":"Event","item":"https:\/\/naturvernforbundet.no\/trondelag\/event\/"},{"@type":"ListItem","position":4,"name":"Skaun","item":"https:\/\/naturvernforbundet.no\/trondelag\/lokallag\/skaun\/"},{"@type":"ListItem","position":5,"name":"Den store artsjakten"}]},{"@type":"WebSite","@id":"https:\/\/naturvernforbundet.no\/trondelag\/#website","url":"https:\/\/naturvernforbundet.no\/trondelag\/","name":"Tr\u00f8ndelag","description":"Bare enda et Naturvernforbundet Sites-nettsted","potentialAction":[{"@type":"SearchAction","target":{"@type":"EntryPoint","urlTemplate":"https:\/\/naturvernforbundet.no\/trondelag\/?s={search_term_string}"},"query-input":{"@type":"PropertyValueSpecification","valueRequired":true,"valueName":"search_term_string"}}],"inLanguage":"nb-NO"}]}},"_links":{"self":[{"href":"https:\/\/naturvernforbundet.no\/trondelag\/wp-json\/wp\/v2\/event\/9606","targetHints":{"allow":["GET"]}}],"collection":[{"href":"https:\/\/naturvernforbundet.no\/trondelag\/wp-json\/wp\/v2\/event"}],"about":[{"href":"https:\/\/naturvernforbundet.no\/trondelag\/wp-json\/wp\/v2\/types\/event"}],"version-history":[{"count":2,"href":"https:\/\/naturvernforbundet.no\/trondelag\/wp-json\/wp\/v2\/event\/9606\/revisions"}],"predecessor-version":[{"id":9609,"href":"https:\/\/naturvernforbundet.no\/trondelag\/wp-json\/wp\/v2\/event\/9606\/revisions\/9609"}],"wp:featuredmedia":[{"embeddable":true,"href":"https:\/\/naturvernforbundet.no\/trondelag\/wp-json\/wp\/v2\/media\/9607"}],"wp:attachment":[{"href":"https:\/\/naturvernforbundet.no\/trondelag\/wp-json\/wp\/v2\/media?parent=9606"}],"wp:term":[{"taxonomy":"local","embeddable":true,"href":"https:\/\/naturvernforbundet.no\/trondelag\/wp-json\/wp\/v2\/local?post=9606"}],"curies":[{"name":"wp","href":"https:\/\/api.w.org\/{rel}","templated":true}]}}

<div class="template-event alignnone wp-block-naturvern-hero">
		<div class="hero__inner">
			<div class="hero__inner_blocks">
				
		<div class="naturvern-event-meta">
		<div class="naturvern-event-meta-inner">
			<div class="event-date">
				<div>
					<span class="day">13.sep</span>
					<span class="year">2026</span>
				</div>
			</div>
		</div>
		</div>				
<h1 class="wp-block-post-title">Den store artsjakten</h1>


			<div class="naturvern-event-meta-full">
			<div class="naturvern-event-meta-inner">
				<div>
					<span>Hva:</span>
					<span>Naturgledetur</span>
				</div>
				<div>
					<span>Når:</span>
					<span>13.sep, kl. 14:00</span>
				</div>
				<div>
					<span>Hvor:</span>
					<span>Lyngstua, Børsa.</span>
				</div>
			</div>
			</div>


<p></p>




<figure class="wp-block-post-featured-image"><img loading="lazy" decoding="async" width="2048" height="1515" src="https://naturvernforbundet.no/content/uploads/sites/19/2026/09/778274183_122193675050774363_2603964810797488134_n.jpg" class="attachment-post-thumbnail size-post-thumbnail wp-post-image" alt="Artsjakt Skaun" style="object-fit:cover;" srcset="https://naturvernforbundet.no/content/uploads/sites/19/2026/09/778274183_122193675050774363_2603964810797488134_n.jpg 2048w, https://naturvernforbundet.no/content/uploads/sites/19/2026/09/778274183_122193675050774363_2603964810797488134_n-300x222.jpg 300w, https://naturvernforbundet.no/content/uploads/sites/19/2026/09/778274183_122193675050774363_2603964810797488134_n-1024x758.jpg 1024w, https://naturvernforbundet.no/content/uploads/sites/19/2026/09/778274183_122193675050774363_2603964810797488134_n-768x568.jpg 768w, https://naturvernforbundet.no/content/uploads/sites/19/2026/09/778274183_122193675050774363_2603964810797488134_n-1536x1136.jpg 1536w, https://naturvernforbundet.no/content/uploads/sites/19/2026/09/778274183_122193675050774363_2603964810797488134_n-1920x1420.jpg 1920w" sizes="auto, (max-width: 2048px) 100vw, 2048px" /></figure>
			</div>
					</div>
			</div>
	


<p>I forbindelse med Friluftslivets uke arrangerer Naturvernforbundet i Skaun, sammen med Gjermund Holsæter, artsjakt.<br>Her vil det være mulig å lære å registrere arter i Artsdatabanken, finne nye og gamle arter og ikke minst sosialt samvær med andre naturvenner.</p>



<p><br>Vi legger opp til en tur på 3-4 km i lett terreng, med start fra Lyngstua i Børsa.<br>Vi legger opp til en rastestopp på veien, så ta gjerne med noe godt å bite i.</p>



<p>Vi gleder oss til en moro dag sammen, med masse naturglede!</p>



<p>Passer for alle aldre!</p>

<p>Søndag, 13. september, kl. 14.00, Børsa</p>

Lyngstua, Børsa.

<!-- This site is optimized with the Yoast SEO plugin v24.9 - https://yoast.com/wordpress/plugins/seo/ -->
<title>Den store artsjakten - Trøndelag</title>
<meta name="robots" content="index, follow, max-snippet:-1, max-image-preview:large, max-video-preview:-1" />
<link rel="canonical" href="https://naturvernforbundet.no/trondelag/event/den-store-artsjakten/" />
<meta property="og:locale" content="nb_NO" />
<meta property="og:type" content="article" />
<meta property="og:title" content="Den store artsjakten - Trøndelag" />
<meta property="og:description" content="Søndag, 13. september, kl. 14.00, Børsa" />
<meta property="og:url" content="https://naturvernforbundet.no/trondelag/event/den-store-artsjakten/" />
<meta property="og:site_name" content="Trøndelag" />
<meta property="article:modified_time" content="2026-09-03T11:33:53+00:00" />
<meta property="og:image" content="https://naturvernforbundet.no/content/uploads/sites/19/2026/09/778274183_122193675050774363_2603964810797488134_n.jpg" />
	<meta property="og:image:width" content="2048" />
	<meta property="og:image:height" content="1515" />
	<meta property="og:image:type" content="image/jpeg" />
<meta name="twitter:card" content="summary_large_image" />
<meta name="twitter:label1" content="Ansl. lesetid" />
	<meta name="twitter:data1" content="1 minutt" />
<script type="application/ld+json" class="yoast-schema-graph">{"@context":"https://schema.org","@graph":[{"@type":"WebPage","@id":"https://naturvernforbundet.no/trondelag/event/den-store-artsjakten/","url":"https://naturvernforbundet.no/trondelag/event/den-store-artsjakten/","name":"Den store artsjakten - Trøndelag","isPartOf":{"@id":"https://naturvernforbundet.no/trondelag/#website"},"primaryImageOfPage":{"@id":"https://naturvernforbundet.no/trondelag/event/den-store-artsjakten/#primaryimage"},"image":{"@id":"https://naturvernforbundet.no/trondelag/event/den-store-artsjakten/#primaryimage"},"thumbnailUrl":"https://naturvernforbundet.no/content/uploads/sites/19/2026/09/778274183_122193675050774363_2603964810797488134_n.jpg","datePublished":"2026-09-03T09:34:01+00:00","dateModified":"2026-09-03T11:33:53+00:00","breadcrumb":{"@id":"https://naturvernforbundet.no/trondelag/event/den-store-artsjakten/#breadcrumb"},"inLanguage":"nb-NO","potentialAction":[{"@type":"ReadAction","target":["https://naturvernforbundet.no/trondelag/event/den-store-artsjakten/"]}]},{"@type":"ImageObject","inLanguage":"nb-NO","@id":"https://naturvernforbundet.no/trondelag/event/den-store-artsjakten/#primaryimage","url":"https://naturvernforbundet.no/content/uploads/sites/19/2026/09/778274183_122193675050774363_2603964810797488134_n.jpg","contentUrl":"https://naturvernforbundet.no/content/uploads/sites/19/2026/09/778274183_122193675050774363_2603964810797488134_n.jpg","width":2048,"height":1515,"caption":"Artsjakt Skaun"},{"@type":"BreadcrumbList","@id":"https://naturvernforbundet.no/trondelag/event/den-store-artsjakten/#breadcrumb","itemListElement":[{"@type":"ListItem","position":1,"name":"Till naturvernforbundet.no","item":"https://naturvernforbundet.no/"},{"@type":"ListItem","position":2,"name":"Trøndelag","item":"https://naturvernforbundet.no/trondelag/"},{"@type":"ListItem","position":3,"name":"Event","item":"https://naturvernforbundet.no/trondelag/event/"},{"@type":"ListItem","position":4,"name":"Skaun","item":"https://naturvernforbundet.no/trondelag/lokallag/skaun/"},{"@type":"ListItem","position":5,"name":"Den store artsjakten"}]},{"@type":"WebSite","@id":"https://naturvernforbundet.no/trondelag/#website","url":"https://naturvernforbundet.no/trondelag/","name":"Trøndelag","description":"Bare enda et Naturvernforbundet Sites-nettsted","potentialAction":[{"@type":"SearchAction","target":{"@type":"EntryPoint","urlTemplate":"https://naturvernforbundet.no/trondelag/?s={search_term_string}"},"query-input":{"@type":"PropertyValueSpecification","valueRequired":true,"valueName":"search_term_string"}}],"inLanguage":"nb-NO"}]}</script>
<!-- / Yoast SEO plugin. -->

Den store artsjakten - Trøndelag

Søndag, 13. september, kl. 14.00, Børsa

Trøndelag
