{"version":"1.0","provider_name":"Vestfold","provider_url":"https:\/\/naturvernforbundet.no\/vestfold","author_name":"Hans Ivar Nesse","author_url":"https:\/\/naturvernforbundet.no\/vestfold\/author\/hansivarnesse\/","title":"Rask og milj\u00f8vennlig transport i T\u00f8nsbergdistriktet! - Vestfold","type":"rich","width":600,"height":338,"html":"<blockquote class=\"wp-embedded-content\" data-secret=\"ZSxwz70QkX\"><a href=\"https:\/\/naturvernforbundet.no\/vestfold\/rask-og-miljovennlig-transport-i-tonsbergdistriktet-2\/\">Rask og milj\u00f8vennlig transport i T\u00f8nsbergdistriktet!<\/a><\/blockquote><iframe sandbox=\"allow-scripts\" security=\"restricted\" src=\"https:\/\/naturvernforbundet.no\/vestfold\/rask-og-miljovennlig-transport-i-tonsbergdistriktet-2\/embed\/#?secret=ZSxwz70QkX\" width=\"600\" height=\"338\" title=\"&laquo;Rask og milj\u00f8vennlig transport i T\u00f8nsbergdistriktet!&raquo; &#8212; Vestfold\" data-secret=\"ZSxwz70QkX\" frameborder=\"0\" marginwidth=\"0\" marginheight=\"0\" scrolling=\"no\" class=\"wp-embedded-content\"><\/iframe><script>\n\/*! This file is auto-generated *\/\n!function(d,l){\"use strict\";l.querySelector&&d.addEventListener&&\"undefined\"!=typeof URL&&(d.wp=d.wp||{},d.wp.receiveEmbedMessage||(d.wp.receiveEmbedMessage=function(e){var t=e.data;if((t||t.secret||t.message||t.value)&&!\/[^a-zA-Z0-9]\/.test(t.secret)){for(var s,r,n,a=l.querySelectorAll('iframe[data-secret=\"'+t.secret+'\"]'),o=l.querySelectorAll('blockquote[data-secret=\"'+t.secret+'\"]'),c=new RegExp(\"^https?:$\",\"i\"),i=0;i<o.length;i++)o[i].style.display=\"none\";for(i=0;i<a.length;i++)s=a[i],e.source===s.contentWindow&&(s.removeAttribute(\"style\"),\"height\"===t.message?(1e3<(r=parseInt(t.value,10))?r=1e3:~~r<200&&(r=200),s.height=r):\"link\"===t.message&&(r=new URL(s.getAttribute(\"src\")),n=new URL(t.value),c.test(n.protocol))&&n.host===r.host&&l.activeElement===s&&(d.top.location.href=t.value))}},d.addEventListener(\"message\",d.wp.receiveEmbedMessage,!1),l.addEventListener(\"DOMContentLoaded\",function(){for(var e,t,s=l.querySelectorAll(\"iframe.wp-embedded-content\"),r=0;r<s.length;r++)(t=(e=s[r]).getAttribute(\"data-secret\"))||(t=Math.random().toString(36).substring(2,12),e.src+=\"#?secret=\"+t,e.setAttribute(\"data-secret\",t)),e.contentWindow.postMessage({message:\"ready\",secret:t},\"*\")},!1)))}(window,document);\n<\/script>\n","description":"Satsing p\u00e5 milj\u00f8vennlig transport kan l\u00f8se trafikkproblemene i T\u00f8nsbergdistriktet til en mye lavere pris enn bygging av nye store veier. Kollektiv, sykkel og gange kan styrke sentrumshandelen mer enn biltrafikk er i stand til. Naturvernforbundet i Vestfold og Jordvern Vestfold lanserer her sin alternative plan til Bypakke T\u00f8nsberg.","thumbnail_url":"https:\/\/naturvernforbundet.no\/getfile.php\/13118121\/Fylkeslag%20-%20Vestfold\/Schaffhausen%201%2C%20besk%C3%A5ret.JPG%20%28mobile480%29.jpg"}

Rask og miljøvennlig transport i Tønsbergdistriktet! - Vestfold

<blockquote class="wp-embedded-content" data-secret="ZSxwz70QkX"><a href="https://naturvernforbundet.no/vestfold/rask-og-miljovennlig-transport-i-tonsbergdistriktet-2/">Rask og miljøvennlig transport i Tønsbergdistriktet!</a></blockquote><iframe sandbox="allow-scripts" security="restricted" src="https://naturvernforbundet.no/vestfold/rask-og-miljovennlig-transport-i-tonsbergdistriktet-2/embed/#?secret=ZSxwz70QkX" width="600" height="338" title="&laquo;Rask og miljøvennlig transport i Tønsbergdistriktet!&raquo; &#8212; Vestfold" data-secret="ZSxwz70QkX" frameborder="0" marginwidth="0" marginheight="0" scrolling="no" class="wp-embedded-content"></iframe><script>
/*! This file is auto-generated */
!function(d,l){"use strict";l.querySelector&&d.addEventListener&&"undefined"!=typeof URL&&(d.wp=d.wp||{},d.wp.receiveEmbedMessage||(d.wp.receiveEmbedMessage=function(e){var t=e.data;if((t||t.secret||t.message||t.value)&&!/[^a-zA-Z0-9]/.test(t.secret)){for(var s,r,n,a=l.querySelectorAll('iframe[data-secret="'+t.secret+'"]'),o=l.querySelectorAll('blockquote[data-secret="'+t.secret+'"]'),c=new RegExp("^https?:$","i"),i=0;i<o.length;i++)o[i].style.display="none";for(i=0;i<a.length;i++)s=a[i],e.source===s.contentWindow&&(s.removeAttribute("style"),"height"===t.message?(1e3<(r=parseInt(t.value,10))?r=1e3:~~r<200&&(r=200),s.height=r):"link"===t.message&&(r=new URL(s.getAttribute("src")),n=new URL(t.value),c.test(n.protocol))&&n.host===r.host&&l.activeElement===s&&(d.top.location.href=t.value))}},d.addEventListener("message",d.wp.receiveEmbedMessage,!1),l.addEventListener("DOMContentLoaded",function(){for(var e,t,s=l.querySelectorAll("iframe.wp-embedded-content"),r=0;r<s.length;r++)(t=(e=s[r]).getAttribute("data-secret"))||(t=Math.random().toString(36).substring(2,12),e.src+="#?secret="+t,e.setAttribute("data-secret",t)),e.contentWindow.postMessage({message:"ready",secret:t},"*")},!1)))}(window,document);
</script>

Satsing på miljøvennlig transport kan løse trafikkproblemene i Tønsbergdistriktet til en mye lavere pris enn bygging av nye store veier. Kollektiv, sykkel og gange kan styrke sentrumshandelen mer enn biltrafikk er i stand til. Naturvernforbundet i Vestfold og Jordvern Vestfold lanserer her sin alternative plan til Bypakke Tønsberg.
