{"version":"1.0","provider_name":"Vestfold","provider_url":"https:\/\/naturvernforbundet.no\/vestfold","author_name":"Unni Eriksen","author_url":"https:\/\/naturvernforbundet.no\/vestfold\/author\/unnieriksen\/","title":"Stillehavs\u00f8stersen skal vekk fra v\u00e5re strender - Vestfold","type":"rich","width":600,"height":338,"html":"<blockquote class=\"wp-embedded-content\" data-secret=\"4OGhdoJCe8\"><a href=\"https:\/\/naturvernforbundet.no\/vestfold\/stillehavsostersen-skal-vekk-fra-vare-strender\/\">Stillehavs\u00f8stersen skal vekk fra v\u00e5re strender<\/a><\/blockquote><iframe sandbox=\"allow-scripts\" security=\"restricted\" src=\"https:\/\/naturvernforbundet.no\/vestfold\/stillehavsostersen-skal-vekk-fra-vare-strender\/embed\/#?secret=4OGhdoJCe8\" width=\"600\" height=\"338\" title=\"&laquo;Stillehavs\u00f8stersen skal vekk fra v\u00e5re strender&raquo; &#8212; Vestfold\" data-secret=\"4OGhdoJCe8\" frameborder=\"0\" marginwidth=\"0\" marginheight=\"0\" scrolling=\"no\" class=\"wp-embedded-content\"><\/iframe><script>\n\/*! This file is auto-generated *\/\n!function(d,l){\"use strict\";l.querySelector&&d.addEventListener&&\"undefined\"!=typeof URL&&(d.wp=d.wp||{},d.wp.receiveEmbedMessage||(d.wp.receiveEmbedMessage=function(e){var t=e.data;if((t||t.secret||t.message||t.value)&&!\/[^a-zA-Z0-9]\/.test(t.secret)){for(var s,r,n,a=l.querySelectorAll('iframe[data-secret=\"'+t.secret+'\"]'),o=l.querySelectorAll('blockquote[data-secret=\"'+t.secret+'\"]'),c=new RegExp(\"^https?:$\",\"i\"),i=0;i<o.length;i++)o[i].style.display=\"none\";for(i=0;i<a.length;i++)s=a[i],e.source===s.contentWindow&&(s.removeAttribute(\"style\"),\"height\"===t.message?(1e3<(r=parseInt(t.value,10))?r=1e3:~~r<200&&(r=200),s.height=r):\"link\"===t.message&&(r=new URL(s.getAttribute(\"src\")),n=new URL(t.value),c.test(n.protocol))&&n.host===r.host&&l.activeElement===s&&(d.top.location.href=t.value))}},d.addEventListener(\"message\",d.wp.receiveEmbedMessage,!1),l.addEventListener(\"DOMContentLoaded\",function(){for(var e,t,s=l.querySelectorAll(\"iframe.wp-embedded-content\"),r=0;r<s.length;r++)(t=(e=s[r]).getAttribute(\"data-secret\"))||(t=Math.random().toString(36).substring(2,12),e.src+=\"#?secret=\"+t,e.setAttribute(\"data-secret\",t)),e.contentWindow.postMessage({message:\"ready\",secret:t},\"*\")},!1)))}(window,document);\n<\/script>\n","thumbnail_url":"https:\/\/naturvernforbundet.no\/content\/uploads\/sites\/21\/2020\/05\/StillehavsC3B8sters20Eikestrand.jpg2028mobile48029.jpg","thumbnail_width":480,"thumbnail_height":314,"description":"Stranda mellom \u00a0R\u00f8restrand og Langgrunn blir som f\u00f8rste innsatsomr\u00e5de for \u00d8stersdugnaden 2020 i Horten. Vi vil f\u00e5 med hele befolkningen til dugnadsinnsats. oppstart f\u00f8rstkommende onsdag i strandbeltet mellom R\u00f8restrand og Langgrunn."}

Stillehavsøstersen skal vekk fra våre strender - Vestfold

<blockquote class="wp-embedded-content" data-secret="4OGhdoJCe8"><a href="https://naturvernforbundet.no/vestfold/stillehavsostersen-skal-vekk-fra-vare-strender/">Stillehavsøstersen skal vekk fra våre strender</a></blockquote><iframe sandbox="allow-scripts" security="restricted" src="https://naturvernforbundet.no/vestfold/stillehavsostersen-skal-vekk-fra-vare-strender/embed/#?secret=4OGhdoJCe8" width="600" height="338" title="&laquo;Stillehavsøstersen skal vekk fra våre strender&raquo; &#8212; Vestfold" data-secret="4OGhdoJCe8" frameborder="0" marginwidth="0" marginheight="0" scrolling="no" class="wp-embedded-content"></iframe><script>
/*! This file is auto-generated */
!function(d,l){"use strict";l.querySelector&&d.addEventListener&&"undefined"!=typeof URL&&(d.wp=d.wp||{},d.wp.receiveEmbedMessage||(d.wp.receiveEmbedMessage=function(e){var t=e.data;if((t||t.secret||t.message||t.value)&&!/[^a-zA-Z0-9]/.test(t.secret)){for(var s,r,n,a=l.querySelectorAll('iframe[data-secret="'+t.secret+'"]'),o=l.querySelectorAll('blockquote[data-secret="'+t.secret+'"]'),c=new RegExp("^https?:$","i"),i=0;i<o.length;i++)o[i].style.display="none";for(i=0;i<a.length;i++)s=a[i],e.source===s.contentWindow&&(s.removeAttribute("style"),"height"===t.message?(1e3<(r=parseInt(t.value,10))?r=1e3:~~r<200&&(r=200),s.height=r):"link"===t.message&&(r=new URL(s.getAttribute("src")),n=new URL(t.value),c.test(n.protocol))&&n.host===r.host&&l.activeElement===s&&(d.top.location.href=t.value))}},d.addEventListener("message",d.wp.receiveEmbedMessage,!1),l.addEventListener("DOMContentLoaded",function(){for(var e,t,s=l.querySelectorAll("iframe.wp-embedded-content"),r=0;r<s.length;r++)(t=(e=s[r]).getAttribute("data-secret"))||(t=Math.random().toString(36).substring(2,12),e.src+="#?secret="+t,e.setAttribute("data-secret",t)),e.contentWindow.postMessage({message:"ready",secret:t},"*")},!1)))}(window,document);
</script>

Stranda mellom  Rørestrand og Langgrunn blir som første innsatsområde for Østersdugnaden 2020 i Horten. Vi vil få med hele befolkningen til dugnadsinnsats. oppstart førstkommende onsdag i strandbeltet mellom Rørestrand og Langgrunn.
